From mboxrd@z Thu Jan 1 00:00:00 1970 From: osstest service owner Subject: [linux-3.4 test] 102041: regressions - FAIL Date: Wed, 09 Nov 2016 12:31:51 +0000 Message-ID: Mime-Version: 1.0 Content-Type: multipart/mixed; boundary="===============6455851886381630310==" Return-path: List-Unsubscribe: , List-Post: List-Help: List-Subscribe: , Errors-To: xen-devel-bounces@lists.xen.org Sender: "Xen-devel" To: xen-devel@lists.xensource.com, osstest-admin@xenproject.org List-Id: xen-devel@lists.xenproject.org --===============6455851886381630310== Content-Type: text/plain flight 102041 linux-3.4 real [real] http://logs.test-lab.xenproject.org/osstest/logs/102041/ Regressions :-( Tests which did not succeed and are blocking, including tests which could not be run: test-amd64-amd64-xl 6 xen-boot fail REGR. vs. 92983 test-amd64-amd64-libvirt-vhd 6 xen-boot fail REGR. vs. 92983 test-amd64-i386-qemut-rhel6hvm-intel 6 xen-boot fail REGR. vs. 92983 test-amd64-i386-xl-qemuu-debianhvm-amd64 6 xen-boot fail REGR. vs. 92983 test-amd64-amd64-xl-qemuu-winxpsp3 6 xen-boot fail REGR. vs. 92983 test-amd64-amd64-xl-qcow2 6 xen-boot fail REGR. vs. 92983 test-amd64-i386-xl-qemuu-debianhvm-amd64-xsm 6 xen-boot fail REGR. vs. 92983 test-amd64-i386-xl-qemuu-winxpsp3 6 xen-boot fail REGR. vs. 92983 test-amd64-amd64-qemuu-nested-intel 6 xen-boot fail REGR. vs. 92983 test-amd64-amd64-libvirt-qemuu-debianhvm-amd64-xsm 6 xen-boot fail REGR. vs. 92983 test-amd64-i386-xl 6 xen-boot fail REGR. vs. 92983 test-amd64-amd64-xl-xsm 6 xen-boot fail REGR. vs. 92983 test-amd64-i386-xl-qemut-debianhvm-amd64-xsm 6 xen-boot fail REGR. vs. 92983 Tests which are failing intermittently (not blocking): test-amd64-amd64-xl-qemuu-ovmf-amd64 9 debian-hvm-install fail in 101695 pass in 102041 test-amd64-amd64-i386-pvgrub 6 xen-boot fail pass in 101695 test-amd64-amd64-xl-rtds 6 xen-boot fail pass in 101695 test-amd64-i386-freebsd10-amd64 6 xen-boot fail pass in 101695 test-amd64-i386-pair 9 xen-boot/src_host fail pass in 101720 test-amd64-i386-pair 10 xen-boot/dst_host fail pass in 101720 test-amd64-i386-qemuu-rhel6hvm-intel 6 xen-boot fail pass in 101822 test-amd64-i386-xl-qemut-winxpsp3 6 xen-boot fail pass in 101840 test-amd64-i386-xl-qemut-debianhvm-amd64 6 xen-boot fail pass in 101840 test-amd64-amd64-amd64-pvgrub 6 xen-boot fail pass in 101867 test-amd64-i386-libvirt-pair 9 xen-boot/src_host fail pass in 101867 test-amd64-i386-libvirt-pair 10 xen-boot/dst_host fail pass in 101867 test-amd64-amd64-libvirt-pair 9 xen-boot/src_host fail pass in 101951 test-amd64-amd64-libvirt-pair 10 xen-boot/dst_host fail pass in 101951 test-amd64-amd64-pair 9 xen-boot/src_host fail pass in 101951 test-amd64-amd64-pair 10 xen-boot/dst_host fail pass in 101951 Regressions which are regarded as allowable (not blocking): test-amd64-amd64-xl-qemuu-win7-amd64 16 guest-stop fail like 92983 test-amd64-i386-xl-qemut-win7-amd64 16 guest-stop fail like 92983 test-amd64-amd64-xl-qemut-win7-amd64 16 guest-stop fail like 92983 Tests which did not succeed, but are not blocking: test-amd64-amd64-rumprun-amd64 1 build-check(1) blocked n/a test-amd64-i386-rumprun-i386 1 build-check(1) blocked n/a build-amd64-rumprun 7 xen-build fail never pass test-amd64-amd64-xl-pvh-amd 11 guest-start fail never pass test-amd64-amd64-libvirt 12 migrate-support-check fail never pass test-amd64-amd64-libvirt-xsm 12 migrate-support-check fail never pass test-amd64-amd64-xl-pvh-intel 11 guest-start fail never pass test-amd64-i386-libvirt-qemuu-debianhvm-amd64-xsm 10 migrate-support-check fail never pass test-amd64-i386-libvirt-xsm 12 migrate-support-check fail never pass test-amd64-i386-libvirt 12 migrate-support-check fail never pass test-amd64-amd64-qemuu-nested-amd 16 debian-hvm-install/l1/l2 fail never pass build-i386-rumprun 7 xen-build fail never pass test-amd64-i386-xl-qemuu-win7-amd64 16 guest-stop fail never pass version targeted for testing: linux 8d1988f838a95e836342b505398d38b223181f17 baseline version: linux 343a5fbeef08baf2097b8cf4e26137cebe3cfef4 Last test of basis 92983 2016-04-27 16:21:44 Z 195 days Testing same since 101695 2016-10-26 18:26:23 Z 13 days 20 attempts ------------------------------------------------------------ People who touched revisions under test: "Suzuki K. Poulose" Aaro Koskinen Al Viro Alan Stern Aleksander Morgado Alex Thorlton Alexandru Cornea Alexey Khoroshilov Amitkumar Karwar Andrew Banman Andrew Morton Andrey Ryabinin Anson Huang Arnaldo Carvalho de Melo Arnaldo Carvalho de Melo Arnd Bergmann Ben Hutchings Bjørn Mork Boris Brezillon Borislav Petkov Brian Norris Charles Keepax Chen Yu Christoph Hellwig Chunfeng Yun Clemens Ladisch Colin Ian King Cong Wang Daeho Jeong Dan Carpenter Darren Hart Dave Airlie David Howells David Rientjes David S. Miller David Turner David Vrabel David Woodhouse Dmitry Tunin Dmitry V. Levin Dmitry Vyukov Eric Dumazet Eric Dumazet Felipe Balbi Filipe Manana Francesco Ruggeri Francesco Ruggeri Greg Kroah-Hartman Helge Deller Herbert Xu Hillf Danton Hobin Woo Hu Ingo Molnar James Bottomley James Bottomley James Morris Jan Beulich Jan Kara Jason A. Donenfeld Jeff Layton Jeff Layton Jens Axboe Jiri Kosina Jiri Slaby Joe Thornber Johan Hovold Johannes Berg Johannes Thumshirn John Stultz Jonathan Cameron Joseph Qi Kalle Valo Karl Heiss Kashyap Desai Kees Cook Kinglong Mee Kirill A. Shutemov Konrad Rzeszutek Wilk Konstantin Khlebnikov Konstantin Shkolnyy Larry Finger Li Bin libin Linus Torvalds lucien Lv Zheng Maciej W. Rozycki Marc Kleine-Budde Marcel Holtmann Marcelo Ricardo Leitner Mark Brown Martin K. Petersen Mathias Nyman Mauricio Faria de Oliveira Michal Hocko Michal Kubecek Michal Kubeček Mike Snitzer Miklos Szeredi Mikulas Patocka Mirza Krak Naoya Horiguchi Neal Cardwell Neil Horman Nicolas Dichtel Nikolay Aleksandrov Paul Bolle Pavel Tikhomirov Pete Zaitcev Peter Hurley Peter Oberparleiter Peter Zijlstra (Intel) Peter Zijlstra Rafael J. Wysocki Ralf Baechle Richard Purdie Robert Jarzmik Roger Pau Monné Roman Gushchin Russell King Sabrina Dubroca Sachin Pandhare Sebastian Reichel Sergei Shtylyov Stefan Richter Stephan Mueller Steven Rostedt (Red Hat) Steven Rostedt Sumit Saxena sumit.saxena@avagotech.com Takashi Iwai Tejun Heo Tetsuo Handa Theodore Ts'o Thomas Gleixner Tilman Schmidt Trond Myklebust Uwe Kleine-König Valentin Rothberg Vlad Yasevich Vladimir Zapolskiy WANG Cong Xiangliang Yu Xin Long Xunlei Pang YOSHIFUJI Hideaki Yuchung Cheng Zefan Li jobs: build-amd64-xsm pass build-i386-xsm pass build-amd64 pass build-i386 pass build-amd64-libvirt pass build-i386-libvirt pass build-amd64-pvops pass build-i386-pvops pass build-amd64-rumprun fail build-i386-rumprun fail test-amd64-amd64-xl fail test-amd64-i386-xl fail test-amd64-amd64-xl-qemut-debianhvm-amd64-xsm pass test-amd64-i386-xl-qemut-debianhvm-amd64-xsm fail test-amd64-amd64-libvirt-qemuu-debianhvm-amd64-xsm fail test-amd64-i386-libvirt-qemuu-debianhvm-amd64-xsm pass test-amd64-amd64-xl-qemuu-debianhvm-amd64-xsm pass test-amd64-i386-xl-qemuu-debianhvm-amd64-xsm fail test-amd64-amd64-xl-qemut-stubdom-debianhvm-amd64-xsm pass test-amd64-i386-xl-qemut-stubdom-debianhvm-amd64-xsm pass test-amd64-amd64-libvirt-xsm pass test-amd64-i386-libvirt-xsm pass test-amd64-amd64-xl-xsm fail test-amd64-i386-xl-xsm pass test-amd64-amd64-qemuu-nested-amd fail test-amd64-amd64-xl-pvh-amd fail test-amd64-i386-qemut-rhel6hvm-amd pass test-amd64-i386-qemuu-rhel6hvm-amd pass test-amd64-amd64-xl-qemut-debianhvm-amd64 pass test-amd64-i386-xl-qemut-debianhvm-amd64 fail test-amd64-amd64-xl-qemuu-debianhvm-amd64 pass test-amd64-i386-xl-qemuu-debianhvm-amd64 fail test-amd64-i386-freebsd10-amd64 fail test-amd64-amd64-xl-qemuu-ovmf-amd64 pass test-amd64-i386-xl-qemuu-ovmf-amd64 pass test-amd64-amd64-rumprun-amd64 blocked test-amd64-amd64-xl-qemut-win7-amd64 fail test-amd64-i386-xl-qemut-win7-amd64 fail test-amd64-amd64-xl-qemuu-win7-amd64 fail test-amd64-i386-xl-qemuu-win7-amd64 fail test-amd64-amd64-xl-credit2 pass test-amd64-i386-freebsd10-i386 pass test-amd64-i386-rumprun-i386 blocked test-amd64-amd64-qemuu-nested-intel fail test-amd64-amd64-xl-pvh-intel fail test-amd64-i386-qemut-rhel6hvm-intel fail test-amd64-i386-qemuu-rhel6hvm-intel fail test-amd64-amd64-libvirt pass test-amd64-i386-libvirt pass test-amd64-amd64-xl-multivcpu pass test-amd64-amd64-pair fail test-amd64-i386-pair fail test-amd64-amd64-libvirt-pair fail test-amd64-i386-libvirt-pair fail test-amd64-amd64-amd64-pvgrub fail test-amd64-amd64-i386-pvgrub fail test-amd64-amd64-pygrub pass test-amd64-amd64-xl-qcow2 fail test-amd64-i386-xl-raw pass test-amd64-amd64-xl-rtds fail test-amd64-i386-xl-qemut-winxpsp3-vcpus1 pass test-amd64-i386-xl-qemuu-winxpsp3-vcpus1 pass test-amd64-amd64-libvirt-vhd fail test-amd64-amd64-xl-qemut-winxpsp3 pass test-amd64-i386-xl-qemut-winxpsp3 fail test-amd64-amd64-xl-qemuu-winxpsp3 fail test-amd64-i386-xl-qemuu-winxpsp3 fail ------------------------------------------------------------ sg-report-flight on osstest.test-lab.xenproject.org logs: /home/logs/logs images: /home/logs/images Logs, config files, etc. are available at http://logs.test-lab.xenproject.org/osstest/logs Explanation of these reports, and of osstest in general, is at http://xenbits.xen.org/gitweb/?p=osstest.git;a=blob;f=README.email;hb=master http://xenbits.xen.org/gitweb/?p=osstest.git;a=blob;f=README;hb=master Test harness code can be found at http://xenbits.xen.org/gitweb?p=osstest.git;a=summary Not pushing. (No revision log; it would be 3972 lines long.) --===============6455851886381630310== Content-Type: text/plain; charset="utf-8" MIME-Version: 1.0 Content-Transfer-Encoding: base64 Content-Disposition: inline X19fX19fX19fX19fX19fX19fX19fX19fX19fX19fX19fX19fX19fX19fX19fX18KWGVuLWRldmVs IG1haWxpbmcgbGlzdApYZW4tZGV2ZWxAbGlzdHMueGVuLm9yZwpodHRwczovL2xpc3RzLnhlbi5v cmcveGVuLWRldmVsCg== --===============6455851886381630310==--