xen-devel.lists.xenproject.org archive mirror
 help / color / mirror / Atom feed
From: osstest service owner <osstest-admin@xenproject.org>
To: xen-devel@lists.xensource.com, osstest-admin@xenproject.org
Subject: [linux-3.4 test] 102067: tolerable FAIL - PUSHED
Date: Thu, 10 Nov 2016 04:01:47 +0000	[thread overview]
Message-ID: <osstest-102067-mainreport@xen.org> (raw)

[-- Attachment #1: Type: text/plain, Size: 19919 bytes --]

flight 102067 linux-3.4 real [real]
http://logs.test-lab.xenproject.org/osstest/logs/102067/

Failures :-/ but no regressions.

Tests which are failing intermittently (not blocking):
 test-amd64-amd64-xl           6 xen-boot         fail in 101695 pass in 102067
 test-amd64-amd64-libvirt-vhd  6 xen-boot         fail in 101695 pass in 102067
 test-amd64-i386-qemut-rhel6hvm-intel  6 xen-boot fail in 101695 pass in 102067
 test-amd64-i386-xl-qemuu-debianhvm-amd64 6 xen-boot fail in 101695 pass in 102067
 test-amd64-amd64-xl-qemuu-winxpsp3  6 xen-boot   fail in 101695 pass in 102067
 test-amd64-amd64-xl-qcow2     6 xen-boot         fail in 101695 pass in 102067
 test-amd64-i386-xl-qemuu-debianhvm-amd64-xsm 6 xen-boot fail in 101695 pass in 102067
 test-amd64-i386-xl-qemuu-winxpsp3  6 xen-boot    fail in 101695 pass in 102067
 test-amd64-amd64-qemuu-nested-intel  6 xen-boot  fail in 101695 pass in 102067
 test-amd64-amd64-libvirt-qemuu-debianhvm-amd64-xsm 6 xen-boot fail in 101695 pass in 102067
 test-amd64-amd64-xl-qemuu-ovmf-amd64 9 debian-hvm-install fail in 101695 pass in 102067
 test-amd64-i386-xl            6 xen-boot         fail in 101695 pass in 102067
 test-amd64-amd64-xl-xsm       6 xen-boot         fail in 101695 pass in 102067
 test-amd64-i386-xl-qemut-debianhvm-amd64-xsm 6 xen-boot fail in 101695 pass in 102067
 test-amd64-amd64-xl-rtds      6 xen-boot                   fail pass in 101695

Regressions which are regarded as allowable (not blocking):
 test-amd64-amd64-xl-qemuu-win7-amd64 16 guest-stop             fail like 92983
 test-amd64-i386-xl-qemut-win7-amd64 16 guest-stop              fail like 92983
 test-amd64-amd64-xl-qemut-win7-amd64 16 guest-stop             fail like 92983

Tests which did not succeed, but are not blocking:
 test-amd64-amd64-rumprun-amd64  1 build-check(1)               blocked  n/a
 test-amd64-i386-rumprun-i386  1 build-check(1)               blocked  n/a
 build-amd64-rumprun           7 xen-build                    fail   never pass
 test-amd64-amd64-libvirt-qemuu-debianhvm-amd64-xsm 10 migrate-support-check fail never pass
 test-amd64-amd64-xl-pvh-amd  11 guest-start                  fail   never pass
 test-amd64-amd64-libvirt-xsm 12 migrate-support-check        fail   never pass
 test-amd64-amd64-xl-pvh-intel 11 guest-start                  fail  never pass
 test-amd64-amd64-libvirt     12 migrate-support-check        fail   never pass
 test-amd64-i386-libvirt-qemuu-debianhvm-amd64-xsm 10 migrate-support-check fail never pass
 test-amd64-amd64-libvirt-vhd 11 migrate-support-check        fail   never pass
 test-amd64-i386-libvirt-xsm  12 migrate-support-check        fail   never pass
 test-amd64-i386-libvirt      12 migrate-support-check        fail   never pass
 test-amd64-amd64-qemuu-nested-amd 16 debian-hvm-install/l1/l2  fail never pass
 build-i386-rumprun            7 xen-build                    fail   never pass
 test-amd64-i386-xl-qemuu-win7-amd64 16 guest-stop              fail never pass

version targeted for testing:
 linux                8d1988f838a95e836342b505398d38b223181f17
baseline version:
 linux                343a5fbeef08baf2097b8cf4e26137cebe3cfef4

Last test of basis    92983  2016-04-27 16:21:44 Z  196 days
Testing same since   101695  2016-10-26 18:26:23 Z   14 days   21 attempts

------------------------------------------------------------
People who touched revisions under test:
  "Suzuki K. Poulose" <Suzuki.Poulose@arm.com>
  Aaro Koskinen <aaro.koskinen@iki.fi>
  Al Viro <viro@zeniv.linux.org.uk>
  Alan Stern <stern@rowland.harvard.edu>
  Aleksander Morgado <aleksander@aleksander.es>
  Alex Thorlton <athorlton@sgi.com>
  Alexandru Cornea <alexandru.cornea@intel.com>
  Alexey Khoroshilov <khoroshilov@ispras.ru>
  Amitkumar Karwar <akarwar@marvell.com>
  Andrew Banman <abanman@sgi.com>
  Andrew Morton <akpm@linux-foundation.org>
  Andrey Ryabinin <aryabinin@virtuozzo.com>
  Anson Huang <Anson.Huang@freescale.com>
  Arnaldo Carvalho de Melo <acme@kernel.org>
  Arnaldo Carvalho de Melo <acme@redhat.com>
  Arnd Bergmann <arnd@arndb.de>
  Ben Hutchings <ben@decadent.org.uk>
  Bjørn Mork <bjorn@mork.no>
  Boris Brezillon <boris.brezillon@free-electrons.com>
  Borislav Petkov <bp@suse.de>
  Brian Norris <computersforpeace@gmail.com>
  Charles Keepax <ckeepax@opensource.wolfsonmicro.com>
  Chen Yu <yu.c.chen@intel.com>
  Christoph Hellwig <hch@lst.de>
  Chunfeng Yun <chunfeng.yun@mediatek.com>
  Clemens Ladisch <clemens@ladisch.de>
  Colin Ian King <colin.king@canonical.com>
  Cong Wang <xiyou.wangcong@gmail.com>
  Daeho Jeong <daeho.jeong@samsung.com>
  Dan Carpenter <dan.carpenter@oracle.com>
  Darren Hart <dvhart@linux.intel.com>
  Dave Airlie <airlied@redhat.com>
  David Howells <dhowells@redhat.com>
  David Rientjes <rientjes@google.com>
  David S. Miller <davem@davemloft.net>
  David Turner <novalis@novalis.org>
  David Vrabel <david.vrabel@citrix.com>
  David Woodhouse <David.Woodhouse@intel.com>
  Dmitry Tunin <hanipouspilot@gmail.com>
  Dmitry V. Levin <ldv@altlinux.org>
  Dmitry Vyukov <dvyukov@google.com>
  Eric Dumazet <edumazet@google.com>
  Eric Dumazet <eric.dumazet@gmail.com>
  Felipe Balbi <balbi@ti.com>
  Filipe Manana <fdmanana@suse.com>
  Francesco Ruggeri <fruggeri@arista.com>
  Francesco Ruggeri <fruggeri@aristanetworks.com>
  Greg Kroah-Hartman <gregkh@linuxfoundation.org>
  Helge Deller <deller@gmx.de>
  Herbert Xu <herbert@gondor.apana.org.au>
  Hillf Danton <hillf.zj@alibaba-inc.com>
  Hobin Woo <hobin.woo@samsung.com>
  Hu <yadi.hu@windriver.com>
  Ingo Molnar <mingo@kernel.org>
  James Bottomley <James.Bottomley@HansenPartnership.com>
  James Bottomley <JBottomley@Odin.com>
  James Morris <james.l.morris@oracle.com>
  Jan Beulich <JBeulich@suse.com>
  Jan Kara <jack@suse.cz>
  Jason A. Donenfeld <Jason@zx2c4.com>
  Jeff Layton <jeff.layton@primarydata.com>
  Jeff Layton <jlayton@poochiereds.net>
  Jens Axboe <axboe@fb.com>
  Jiri Kosina <jkosina@suse.cz>
  Jiri Slaby <jslaby@suse.cz>
  Joe Thornber <ejt@redhat.com>
  Johan Hovold <johan@kernel.org>
  Johannes Berg <johannes.berg@intel.com>
  Johannes Thumshirn <jthumshirn@suse.de>
  John Stultz <john.stultz@linaro.org>
  Jonathan Cameron <jic23@kernel.org>
  Joseph Qi <joseph.qi@huawei.com>
  Kalle Valo <kvalo@codeaurora.org>
  Karl Heiss <kheiss@gmail.com>
  Kashyap Desai <kashyap.desai@avagotech.com>
  Kees Cook <keescook@chromium.org>
  Kinglong Mee <kinglongmee@gmail.com>
  Kirill A. Shutemov <kirill@shutemov.name>
  Konrad Rzeszutek Wilk <konrad.wilk@oracle.com>
  Konstantin Khlebnikov <koct9i@gmail.com>
  Konstantin Shkolnyy <konstantin.shkolnyy@gmail.com>
  Larry Finger <Larry.Finger@lwfinger.net>
  Li Bin <huawei.libin@huawei.com>
  libin <huawei.libin@huawei.com>
  Linus Torvalds <torvalds@linux-foundation.org>
  lucien <lucien.xin@gmail.com>
  Lv Zheng <lv.zheng@intel.com>
  Maciej W. Rozycki <macro@imgtec.com>
  Marc Kleine-Budde <mkl@pengutronix.de>
  Marcel Holtmann <marcel@holtmann.org>
  Marcelo Ricardo Leitner <marcelo.leitner@gmail.com>
  Mark Brown <broonie@kernel.org>
  Martin K. Petersen <martin.petersen@oracle.com>
  Mathias Nyman <mathias.nyman@linux.intel.com>
  Mauricio Faria de Oliveira <mauricfo@linux.vnet.ibm.com>
  Michal Hocko <mhocko@suse.com>
  Michal Kubecek <mkubecek@suse.cz>
  Michal Kubeček <mkubecek@suse.cz>
  Mike Snitzer <snitzer@redhat.com>
  Miklos Szeredi <miklos@szeredi.hu>
  Mikulas Patocka <mpatocka@redhat.com>
  Mirza Krak <mirza.krak@hostmobility.com>
  Naoya Horiguchi <n-horiguchi@ah.jp.nec.com>
  Neal Cardwell <ncardwell@google.com>
  Neil Horman <nhorman@tuxdriver.com>
  Nicolas Dichtel <nicolas.dichtel@6wind.com>
  Nikolay Aleksandrov <nikolay@cumulusnetworks.com>
  Paul Bolle <pebolle@tiscali.nl>
  Pavel Tikhomirov <ptikhomirov@virtuozzo.com>
  Pete Zaitcev <zaitcev@yahoo.com>
  Peter Hurley <peter@hurleysoftware.com>
  Peter Oberparleiter <oberpar@linux.vnet.ibm.com>
  Peter Zijlstra (Intel) <peterz@infradead.org>
  Peter Zijlstra <peterz@infradead.org>
  Rafael J. Wysocki <rafael.j.wysocki@intel.com>
  Ralf Baechle <ralf@linux-mips.org>
  Richard Purdie <richard.purdie@linuxfoundation.org>
  Robert Jarzmik <robert.jarzmik@free.fr>
  Roger Pau Monné <roger.pau@citrix.com>
  Roman Gushchin <klamm@yandex-team.ru>
  Russell King <rmk+kernel@arm.linux.org.uk>
  Sabrina Dubroca <sd@queasysnail.net>
  Sachin Pandhare <sachinpandhare@gmail.com>
  Sebastian Reichel <sre@kernel.org>
  Sergei Shtylyov <sergei.shtylyov@cogentembedded.com>
  Stefan Richter <stefanr@s5r6.in-berlin.de>
  Stephan Mueller <smueller@chronox.de>
  Steven Rostedt (Red Hat) <rostedt@goodmis.org>
  Steven Rostedt <rostedt@goodmis.org>
  Sumit Saxena <sumit.saxena@avagotech.com>
  sumit.saxena@avagotech.com <sumit.saxena@avagotech.com>
  Takashi Iwai <tiwai@suse.de>
  Tejun Heo <tj@kernel.org>
  Tetsuo Handa <penguin-kernel@I-love.SAKURA.ne.jp>
  Theodore Ts'o <tytso@mit.edu>
  Thomas Gleixner <tglx@linutronix.de>
  Tilman Schmidt <tilman@imap.cc>
  Trond Myklebust <trond.myklebust@primarydata.com>
  Uwe Kleine-König <u.kleine-koenig@pengutronix.de>
  Valentin Rothberg <valentinrothberg@gmail.com>
  Vlad Yasevich <vyasevich@gmail.com>
  Vladimir Zapolskiy <vz@mleia.com>
  WANG Cong <xiyou.wangcong@gmail.com>
  Xiangliang Yu <Xiangliang.Yu@amd.com>
  Xin Long <lucien.xin@gmail.com>
  Xunlei Pang <xlpang@redhat.com>
  YOSHIFUJI Hideaki <yoshfuji@linux-ipv6.org>
  Yuchung Cheng <ycheng@google.com>
  Zefan Li <lizefan@huawei.com>

jobs:
 build-amd64-xsm                                              pass    
 build-i386-xsm                                               pass    
 build-amd64                                                  pass    
 build-i386                                                   pass    
 build-amd64-libvirt                                          pass    
 build-i386-libvirt                                           pass    
 build-amd64-pvops                                            pass    
 build-i386-pvops                                             pass    
 build-amd64-rumprun                                          fail    
 build-i386-rumprun                                           fail    
 test-amd64-amd64-xl                                          pass    
 test-amd64-i386-xl                                           pass    
 test-amd64-amd64-xl-qemut-debianhvm-amd64-xsm                pass    
 test-amd64-i386-xl-qemut-debianhvm-amd64-xsm                 pass    
 test-amd64-amd64-libvirt-qemuu-debianhvm-amd64-xsm           pass    
 test-amd64-i386-libvirt-qemuu-debianhvm-amd64-xsm            pass    
 test-amd64-amd64-xl-qemuu-debianhvm-amd64-xsm                pass    
 test-amd64-i386-xl-qemuu-debianhvm-amd64-xsm                 pass    
 test-amd64-amd64-xl-qemut-stubdom-debianhvm-amd64-xsm        pass    
 test-amd64-i386-xl-qemut-stubdom-debianhvm-amd64-xsm         pass    
 test-amd64-amd64-libvirt-xsm                                 pass    
 test-amd64-i386-libvirt-xsm                                  pass    
 test-amd64-amd64-xl-xsm                                      pass    
 test-amd64-i386-xl-xsm                                       pass    
 test-amd64-amd64-qemuu-nested-amd                            fail    
 test-amd64-amd64-xl-pvh-amd                                  fail    
 test-amd64-i386-qemut-rhel6hvm-amd                           pass    
 test-amd64-i386-qemuu-rhel6hvm-amd                           pass    
 test-amd64-amd64-xl-qemut-debianhvm-amd64                    pass    
 test-amd64-i386-xl-qemut-debianhvm-amd64                     pass    
 test-amd64-amd64-xl-qemuu-debianhvm-amd64                    pass    
 test-amd64-i386-xl-qemuu-debianhvm-amd64                     pass    
 test-amd64-i386-freebsd10-amd64                              pass    
 test-amd64-amd64-xl-qemuu-ovmf-amd64                         pass    
 test-amd64-i386-xl-qemuu-ovmf-amd64                          pass    
 test-amd64-amd64-rumprun-amd64                               blocked 
 test-amd64-amd64-xl-qemut-win7-amd64                         fail    
 test-amd64-i386-xl-qemut-win7-amd64                          fail    
 test-amd64-amd64-xl-qemuu-win7-amd64                         fail    
 test-amd64-i386-xl-qemuu-win7-amd64                          fail    
 test-amd64-amd64-xl-credit2                                  pass    
 test-amd64-i386-freebsd10-i386                               pass    
 test-amd64-i386-rumprun-i386                                 blocked 
 test-amd64-amd64-qemuu-nested-intel                          pass    
 test-amd64-amd64-xl-pvh-intel                                fail    
 test-amd64-i386-qemut-rhel6hvm-intel                         pass    
 test-amd64-i386-qemuu-rhel6hvm-intel                         pass    
 test-amd64-amd64-libvirt                                     pass    
 test-amd64-i386-libvirt                                      pass    
 test-amd64-amd64-xl-multivcpu                                pass    
 test-amd64-amd64-pair                                        pass    
 test-amd64-i386-pair                                         pass    
 test-amd64-amd64-libvirt-pair                                pass    
 test-amd64-i386-libvirt-pair                                 pass    
 test-amd64-amd64-amd64-pvgrub                                pass    
 test-amd64-amd64-i386-pvgrub                                 pass    
 test-amd64-amd64-pygrub                                      pass    
 test-amd64-amd64-xl-qcow2                                    pass    
 test-amd64-i386-xl-raw                                       pass    
 test-amd64-amd64-xl-rtds                                     fail    
 test-amd64-i386-xl-qemut-winxpsp3-vcpus1                     pass    
 test-amd64-i386-xl-qemuu-winxpsp3-vcpus1                     pass    
 test-amd64-amd64-libvirt-vhd                                 pass    
 test-amd64-amd64-xl-qemut-winxpsp3                           pass    
 test-amd64-i386-xl-qemut-winxpsp3                            pass    
 test-amd64-amd64-xl-qemuu-winxpsp3                           pass    
 test-amd64-i386-xl-qemuu-winxpsp3                            pass    


------------------------------------------------------------
sg-report-flight on osstest.test-lab.xenproject.org
logs: /home/logs/logs
images: /home/logs/images

Logs, config files, etc. are available at
    http://logs.test-lab.xenproject.org/osstest/logs

Explanation of these reports, and of osstest in general, is at
    http://xenbits.xen.org/gitweb/?p=osstest.git;a=blob;f=README.email;hb=master
    http://xenbits.xen.org/gitweb/?p=osstest.git;a=blob;f=README;hb=master

Test harness code can be found at
    http://xenbits.xen.org/gitweb?p=osstest.git;a=summary


Pushing revision :

+ branch=linux-3.4
+ revision=8d1988f838a95e836342b505398d38b223181f17
+ . ./cri-lock-repos
++ . ./cri-common
+++ . ./cri-getconfig
+++ umask 002
+++ getrepos
++++ getconfig Repos
++++ perl -e '
                use Osstest;
                readglobalconfig();
                print $c{"Repos"} or die $!;
        '
+++ local repos=/home/osstest/repos
+++ '[' -z /home/osstest/repos ']'
+++ '[' '!' -d /home/osstest/repos ']'
+++ echo /home/osstest/repos
++ repos=/home/osstest/repos
++ repos_lock=/home/osstest/repos/lock
++ '[' x '!=' x/home/osstest/repos/lock ']'
++ OSSTEST_REPOS_LOCK_LOCKED=/home/osstest/repos/lock
++ exec with-lock-ex -w /home/osstest/repos/lock ./ap-push linux-3.4 8d1988f838a95e836342b505398d38b223181f17
+ branch=linux-3.4
+ revision=8d1988f838a95e836342b505398d38b223181f17
+ . ./cri-lock-repos
++ . ./cri-common
+++ . ./cri-getconfig
+++ umask 002
+++ getrepos
++++ getconfig Repos
++++ perl -e '
                use Osstest;
                readglobalconfig();
                print $c{"Repos"} or die $!;
        '
+++ local repos=/home/osstest/repos
+++ '[' -z /home/osstest/repos ']'
+++ '[' '!' -d /home/osstest/repos ']'
+++ echo /home/osstest/repos
++ repos=/home/osstest/repos
++ repos_lock=/home/osstest/repos/lock
++ '[' x/home/osstest/repos/lock '!=' x/home/osstest/repos/lock ']'
+ . ./cri-common
++ . ./cri-getconfig
++ umask 002
+ select_xenbranch
+ case "$branch" in
+ tree=linux
+ xenbranch=xen-unstable
+ '[' xlinux = xlinux ']'
+ linuxbranch=linux-3.4
+ '[' x = x ']'
+ qemuubranch=qemu-upstream-unstable
+ select_prevxenbranch
++ ./cri-getprevxenbranch xen-unstable
+ prevxenbranch=xen-4.7-testing
+ '[' x8d1988f838a95e836342b505398d38b223181f17 = x ']'
+ : tested/2.6.39.x
+ . ./ap-common
++ : osstest@xenbits.xen.org
+++ getconfig OsstestUpstream
+++ perl -e '
                use Osstest;
                readglobalconfig();
                print $c{"OsstestUpstream"} or die $!;
        '
++ :
++ : git://xenbits.xen.org/xen.git
++ : osstest@xenbits.xen.org:/home/xen/git/xen.git
++ : git://xenbits.xen.org/qemu-xen-traditional.git
++ : git://git.kernel.org
++ : git://git.kernel.org/pub/scm/linux/kernel/git
++ : git
++ : git://xenbits.xen.org/xtf.git
++ : osstest@xenbits.xen.org:/home/xen/git/xtf.git
++ : git://xenbits.xen.org/xtf.git
++ : git://xenbits.xen.org/libvirt.git
++ : osstest@xenbits.xen.org:/home/xen/git/libvirt.git
++ : git://xenbits.xen.org/libvirt.git
++ : git://xenbits.xen.org/osstest/rumprun.git
++ : git
++ : git://xenbits.xen.org/osstest/rumprun.git
++ : osstest@xenbits.xen.org:/home/xen/git/osstest/rumprun.git
++ : git://git.seabios.org/seabios.git
++ : osstest@xenbits.xen.org:/home/xen/git/osstest/seabios.git
++ : git://xenbits.xen.org/osstest/seabios.git
++ : https://github.com/tianocore/edk2.git
++ : osstest@xenbits.xen.org:/home/xen/git/osstest/ovmf.git
++ : git://xenbits.xen.org/osstest/ovmf.git
++ : git://xenbits.xen.org/osstest/linux-firmware.git
++ : osstest@xenbits.xen.org:/home/osstest/ext/linux-firmware.git
++ : git://git.kernel.org/pub/scm/linux/kernel/git/firmware/linux-firmware.git
++ : osstest@xenbits.xen.org:/home/xen/git/linux-pvops.git
++ : git://xenbits.xen.org/linux-pvops.git
++ : tested/linux-3.14
++ : tested/linux-arm-xen
++ '[' xgit://git.kernel.org/pub/scm/linux/kernel/git/stable/linux-stable.git = x ']'
++ '[' xgit://git.kernel.org/pub/scm/linux/kernel/git/stable/linux-stable.git = x ']'
++ : git://git.kernel.org/pub/scm/linux/kernel/git/konrad/xen.git
++ : tested/2.6.39.x
++ : daily-cron.linux-3.4
++ : daily-cron.linux-3.4
++ : daily-cron.linux-3.4
++ : daily-cron.linux-3.4
++ : daily-cron.linux-3.4
++ : daily-cron.linux-3.4
++ : daily-cron.linux-3.4
++ : http://hg.uk.xensource.com/carbon/trunk/linux-2.6.27
++ : git://xenbits.xen.org/qemu-xen.git
++ : osstest@xenbits.xen.org:/home/xen/git/qemu-xen.git
++ : daily-cron.linux-3.4
++ : git://xenbits.xen.org/qemu-xen.git
++ : git://git.qemu.org/qemu.git
+ TREE_LINUX=osstest@xenbits.xen.org:/home/xen/git/linux-pvops.git
+ TREE_QEMU_UPSTREAM=osstest@xenbits.xen.org:/home/xen/git/qemu-xen.git
+ TREE_XEN=osstest@xenbits.xen.org:/home/xen/git/xen.git
+ TREE_LIBVIRT=osstest@xenbits.xen.org:/home/xen/git/libvirt.git
+ TREE_RUMPRUN=osstest@xenbits.xen.org:/home/xen/git/osstest/rumprun.git
+ TREE_SEABIOS=osstest@xenbits.xen.org:/home/xen/git/osstest/seabios.git
+ TREE_OVMF=osstest@xenbits.xen.org:/home/xen/git/osstest/ovmf.git
+ TREE_XTF=osstest@xenbits.xen.org:/home/xen/git/xtf.git
+ info_linux_tree linux-3.4
+ case $1 in
+ : git://git.kernel.org/pub/scm/linux/kernel/git/stable/linux-stable.git
+ : linux-3.4.y
+ : linux-3.4.y
+ : git
+ : git
+ : git://xenbits.xen.org/linux-pvops.git
+ : osstest@xenbits.xen.org:/home/xen/git/linux-pvops.git
+ : tested/linux-3.4
+ : refs/heads/tested/linux-3.4
+ return 0
+ cd /home/osstest/repos/linux
+ git push osstest@xenbits.xen.org:/home/xen/git/linux-pvops.git 8d1988f838a95e836342b505398d38b223181f17:refs/heads/tested/linux-3.4
To osstest@xenbits.xen.org:/home/xen/git/linux-pvops.git
   343a5fb..8d1988f  8d1988f838a95e836342b505398d38b223181f17 -> tested/linux-3.4
+ exit 0


[-- Attachment #2: Type: text/plain, Size: 127 bytes --]

_______________________________________________
Xen-devel mailing list
Xen-devel@lists.xen.org
https://lists.xen.org/xen-devel

                 reply	other threads:[~2016-11-10  4:01 UTC|newest]

Thread overview: [no followups] expand[flat|nested]  mbox.gz  Atom feed

Reply instructions:

You may reply publicly to this message via plain-text email
using any one of the following methods:

* Save the following mbox file, import it into your mail client,
  and reply-to-all from there: mbox

  Avoid top-posting and favor interleaved quoting:
  https://en.wikipedia.org/wiki/Posting_style#Interleaved_style

* Reply using the --to, --cc, and --in-reply-to
  switches of git-send-email(1):

  git send-email \
    --in-reply-to=osstest-102067-mainreport@xen.org \
    --to=osstest-admin@xenproject.org \
    --cc=xen-devel@lists.xensource.com \
    /path/to/YOUR_REPLY

  https://kernel.org/pub/software/scm/git/docs/git-send-email.html

* If your mail client supports setting the In-Reply-To header
  via mailto: links, try the mailto: link
Be sure your reply has a Subject: header at the top and a blank line before the message body.
This is a public inbox, see mirroring instructions
for how to clone and mirror all data and code used for this inbox;
as well as URLs for NNTP newsgroup(s).