From mboxrd@z Thu Jan 1 00:00:00 1970 From: osstest service owner Subject: [linux-3.4 test] 102067: tolerable FAIL - PUSHED Date: Thu, 10 Nov 2016 04:01:47 +0000 Message-ID: Mime-Version: 1.0 Content-Type: multipart/mixed; boundary="===============2555841914889129052==" Return-path: List-Unsubscribe: , List-Post: List-Help: List-Subscribe: , Errors-To: xen-devel-bounces@lists.xen.org Sender: "Xen-devel" To: xen-devel@lists.xensource.com, osstest-admin@xenproject.org List-Id: xen-devel@lists.xenproject.org --===============2555841914889129052== Content-Type: text/plain flight 102067 linux-3.4 real [real] http://logs.test-lab.xenproject.org/osstest/logs/102067/ Failures :-/ but no regressions. Tests which are failing intermittently (not blocking): test-amd64-amd64-xl 6 xen-boot fail in 101695 pass in 102067 test-amd64-amd64-libvirt-vhd 6 xen-boot fail in 101695 pass in 102067 test-amd64-i386-qemut-rhel6hvm-intel 6 xen-boot fail in 101695 pass in 102067 test-amd64-i386-xl-qemuu-debianhvm-amd64 6 xen-boot fail in 101695 pass in 102067 test-amd64-amd64-xl-qemuu-winxpsp3 6 xen-boot fail in 101695 pass in 102067 test-amd64-amd64-xl-qcow2 6 xen-boot fail in 101695 pass in 102067 test-amd64-i386-xl-qemuu-debianhvm-amd64-xsm 6 xen-boot fail in 101695 pass in 102067 test-amd64-i386-xl-qemuu-winxpsp3 6 xen-boot fail in 101695 pass in 102067 test-amd64-amd64-qemuu-nested-intel 6 xen-boot fail in 101695 pass in 102067 test-amd64-amd64-libvirt-qemuu-debianhvm-amd64-xsm 6 xen-boot fail in 101695 pass in 102067 test-amd64-amd64-xl-qemuu-ovmf-amd64 9 debian-hvm-install fail in 101695 pass in 102067 test-amd64-i386-xl 6 xen-boot fail in 101695 pass in 102067 test-amd64-amd64-xl-xsm 6 xen-boot fail in 101695 pass in 102067 test-amd64-i386-xl-qemut-debianhvm-amd64-xsm 6 xen-boot fail in 101695 pass in 102067 test-amd64-amd64-xl-rtds 6 xen-boot fail pass in 101695 Regressions which are regarded as allowable (not blocking): test-amd64-amd64-xl-qemuu-win7-amd64 16 guest-stop fail like 92983 test-amd64-i386-xl-qemut-win7-amd64 16 guest-stop fail like 92983 test-amd64-amd64-xl-qemut-win7-amd64 16 guest-stop fail like 92983 Tests which did not succeed, but are not blocking: test-amd64-amd64-rumprun-amd64 1 build-check(1) blocked n/a test-amd64-i386-rumprun-i386 1 build-check(1) blocked n/a build-amd64-rumprun 7 xen-build fail never pass test-amd64-amd64-libvirt-qemuu-debianhvm-amd64-xsm 10 migrate-support-check fail never pass test-amd64-amd64-xl-pvh-amd 11 guest-start fail never pass test-amd64-amd64-libvirt-xsm 12 migrate-support-check fail never pass test-amd64-amd64-xl-pvh-intel 11 guest-start fail never pass test-amd64-amd64-libvirt 12 migrate-support-check fail never pass test-amd64-i386-libvirt-qemuu-debianhvm-amd64-xsm 10 migrate-support-check fail never pass test-amd64-amd64-libvirt-vhd 11 migrate-support-check fail never pass test-amd64-i386-libvirt-xsm 12 migrate-support-check fail never pass test-amd64-i386-libvirt 12 migrate-support-check fail never pass test-amd64-amd64-qemuu-nested-amd 16 debian-hvm-install/l1/l2 fail never pass build-i386-rumprun 7 xen-build fail never pass test-amd64-i386-xl-qemuu-win7-amd64 16 guest-stop fail never pass version targeted for testing: linux 8d1988f838a95e836342b505398d38b223181f17 baseline version: linux 343a5fbeef08baf2097b8cf4e26137cebe3cfef4 Last test of basis 92983 2016-04-27 16:21:44 Z 196 days Testing same since 101695 2016-10-26 18:26:23 Z 14 days 21 attempts ------------------------------------------------------------ People who touched revisions under test: "Suzuki K. Poulose" Aaro Koskinen Al Viro Alan Stern Aleksander Morgado Alex Thorlton Alexandru Cornea Alexey Khoroshilov Amitkumar Karwar Andrew Banman Andrew Morton Andrey Ryabinin Anson Huang Arnaldo Carvalho de Melo Arnaldo Carvalho de Melo Arnd Bergmann Ben Hutchings Bjørn Mork Boris Brezillon Borislav Petkov Brian Norris Charles Keepax Chen Yu Christoph Hellwig Chunfeng Yun Clemens Ladisch Colin Ian King Cong Wang Daeho Jeong Dan Carpenter Darren Hart Dave Airlie David Howells David Rientjes David S. Miller David Turner David Vrabel David Woodhouse Dmitry Tunin Dmitry V. Levin Dmitry Vyukov Eric Dumazet Eric Dumazet Felipe Balbi Filipe Manana Francesco Ruggeri Francesco Ruggeri Greg Kroah-Hartman Helge Deller Herbert Xu Hillf Danton Hobin Woo Hu Ingo Molnar James Bottomley James Bottomley James Morris Jan Beulich Jan Kara Jason A. Donenfeld Jeff Layton Jeff Layton Jens Axboe Jiri Kosina Jiri Slaby Joe Thornber Johan Hovold Johannes Berg Johannes Thumshirn John Stultz Jonathan Cameron Joseph Qi Kalle Valo Karl Heiss Kashyap Desai Kees Cook Kinglong Mee Kirill A. Shutemov Konrad Rzeszutek Wilk Konstantin Khlebnikov Konstantin Shkolnyy Larry Finger Li Bin libin Linus Torvalds lucien Lv Zheng Maciej W. Rozycki Marc Kleine-Budde Marcel Holtmann Marcelo Ricardo Leitner Mark Brown Martin K. Petersen Mathias Nyman Mauricio Faria de Oliveira Michal Hocko Michal Kubecek Michal Kubeček Mike Snitzer Miklos Szeredi Mikulas Patocka Mirza Krak Naoya Horiguchi Neal Cardwell Neil Horman Nicolas Dichtel Nikolay Aleksandrov Paul Bolle Pavel Tikhomirov Pete Zaitcev Peter Hurley Peter Oberparleiter Peter Zijlstra (Intel) Peter Zijlstra Rafael J. Wysocki Ralf Baechle Richard Purdie Robert Jarzmik Roger Pau Monné Roman Gushchin Russell King Sabrina Dubroca Sachin Pandhare Sebastian Reichel Sergei Shtylyov Stefan Richter Stephan Mueller Steven Rostedt (Red Hat) Steven Rostedt Sumit Saxena sumit.saxena@avagotech.com Takashi Iwai Tejun Heo Tetsuo Handa Theodore Ts'o Thomas Gleixner Tilman Schmidt Trond Myklebust Uwe Kleine-König Valentin Rothberg Vlad Yasevich Vladimir Zapolskiy WANG Cong Xiangliang Yu Xin Long Xunlei Pang YOSHIFUJI Hideaki Yuchung Cheng Zefan Li jobs: build-amd64-xsm pass build-i386-xsm pass build-amd64 pass build-i386 pass build-amd64-libvirt pass build-i386-libvirt pass build-amd64-pvops pass build-i386-pvops pass build-amd64-rumprun fail build-i386-rumprun fail test-amd64-amd64-xl pass test-amd64-i386-xl pass test-amd64-amd64-xl-qemut-debianhvm-amd64-xsm pass test-amd64-i386-xl-qemut-debianhvm-amd64-xsm pass test-amd64-amd64-libvirt-qemuu-debianhvm-amd64-xsm pass test-amd64-i386-libvirt-qemuu-debianhvm-amd64-xsm pass test-amd64-amd64-xl-qemuu-debianhvm-amd64-xsm pass test-amd64-i386-xl-qemuu-debianhvm-amd64-xsm pass test-amd64-amd64-xl-qemut-stubdom-debianhvm-amd64-xsm pass test-amd64-i386-xl-qemut-stubdom-debianhvm-amd64-xsm pass test-amd64-amd64-libvirt-xsm pass test-amd64-i386-libvirt-xsm pass test-amd64-amd64-xl-xsm pass test-amd64-i386-xl-xsm pass test-amd64-amd64-qemuu-nested-amd fail test-amd64-amd64-xl-pvh-amd fail test-amd64-i386-qemut-rhel6hvm-amd pass test-amd64-i386-qemuu-rhel6hvm-amd pass test-amd64-amd64-xl-qemut-debianhvm-amd64 pass test-amd64-i386-xl-qemut-debianhvm-amd64 pass test-amd64-amd64-xl-qemuu-debianhvm-amd64 pass test-amd64-i386-xl-qemuu-debianhvm-amd64 pass test-amd64-i386-freebsd10-amd64 pass test-amd64-amd64-xl-qemuu-ovmf-amd64 pass test-amd64-i386-xl-qemuu-ovmf-amd64 pass test-amd64-amd64-rumprun-amd64 blocked test-amd64-amd64-xl-qemut-win7-amd64 fail test-amd64-i386-xl-qemut-win7-amd64 fail test-amd64-amd64-xl-qemuu-win7-amd64 fail test-amd64-i386-xl-qemuu-win7-amd64 fail test-amd64-amd64-xl-credit2 pass test-amd64-i386-freebsd10-i386 pass test-amd64-i386-rumprun-i386 blocked test-amd64-amd64-qemuu-nested-intel pass test-amd64-amd64-xl-pvh-intel fail test-amd64-i386-qemut-rhel6hvm-intel pass test-amd64-i386-qemuu-rhel6hvm-intel pass test-amd64-amd64-libvirt pass test-amd64-i386-libvirt pass test-amd64-amd64-xl-multivcpu pass test-amd64-amd64-pair pass test-amd64-i386-pair pass test-amd64-amd64-libvirt-pair pass test-amd64-i386-libvirt-pair pass test-amd64-amd64-amd64-pvgrub pass test-amd64-amd64-i386-pvgrub pass test-amd64-amd64-pygrub pass test-amd64-amd64-xl-qcow2 pass test-amd64-i386-xl-raw pass test-amd64-amd64-xl-rtds fail test-amd64-i386-xl-qemut-winxpsp3-vcpus1 pass test-amd64-i386-xl-qemuu-winxpsp3-vcpus1 pass test-amd64-amd64-libvirt-vhd pass test-amd64-amd64-xl-qemut-winxpsp3 pass test-amd64-i386-xl-qemut-winxpsp3 pass test-amd64-amd64-xl-qemuu-winxpsp3 pass test-amd64-i386-xl-qemuu-winxpsp3 pass ------------------------------------------------------------ sg-report-flight on osstest.test-lab.xenproject.org logs: /home/logs/logs images: /home/logs/images Logs, config files, etc. are available at http://logs.test-lab.xenproject.org/osstest/logs Explanation of these reports, and of osstest in general, is at http://xenbits.xen.org/gitweb/?p=osstest.git;a=blob;f=README.email;hb=master http://xenbits.xen.org/gitweb/?p=osstest.git;a=blob;f=README;hb=master Test harness code can be found at http://xenbits.xen.org/gitweb?p=osstest.git;a=summary Pushing revision : + branch=linux-3.4 + revision=8d1988f838a95e836342b505398d38b223181f17 + . ./cri-lock-repos ++ . ./cri-common +++ . ./cri-getconfig +++ umask 002 +++ getrepos ++++ getconfig Repos ++++ perl -e ' use Osstest; readglobalconfig(); print $c{"Repos"} or die $!; ' +++ local repos=/home/osstest/repos +++ '[' -z /home/osstest/repos ']' +++ '[' '!' -d /home/osstest/repos ']' +++ echo /home/osstest/repos ++ repos=/home/osstest/repos ++ repos_lock=/home/osstest/repos/lock ++ '[' x '!=' x/home/osstest/repos/lock ']' ++ OSSTEST_REPOS_LOCK_LOCKED=/home/osstest/repos/lock ++ exec with-lock-ex -w /home/osstest/repos/lock ./ap-push linux-3.4 8d1988f838a95e836342b505398d38b223181f17 + branch=linux-3.4 + revision=8d1988f838a95e836342b505398d38b223181f17 + . ./cri-lock-repos ++ . ./cri-common +++ . ./cri-getconfig +++ umask 002 +++ getrepos ++++ getconfig Repos ++++ perl -e ' use Osstest; readglobalconfig(); print $c{"Repos"} or die $!; ' +++ local repos=/home/osstest/repos +++ '[' -z /home/osstest/repos ']' +++ '[' '!' -d /home/osstest/repos ']' +++ echo /home/osstest/repos ++ repos=/home/osstest/repos ++ repos_lock=/home/osstest/repos/lock ++ '[' x/home/osstest/repos/lock '!=' x/home/osstest/repos/lock ']' + . ./cri-common ++ . ./cri-getconfig ++ umask 002 + select_xenbranch + case "$branch" in + tree=linux + xenbranch=xen-unstable + '[' xlinux = xlinux ']' + linuxbranch=linux-3.4 + '[' x = x ']' + qemuubranch=qemu-upstream-unstable + select_prevxenbranch ++ ./cri-getprevxenbranch xen-unstable + prevxenbranch=xen-4.7-testing + '[' x8d1988f838a95e836342b505398d38b223181f17 = x ']' + : tested/2.6.39.x + . ./ap-common ++ : osstest@xenbits.xen.org +++ getconfig OsstestUpstream +++ perl -e ' use Osstest; readglobalconfig(); print $c{"OsstestUpstream"} or die $!; ' ++ : ++ : git://xenbits.xen.org/xen.git ++ : osstest@xenbits.xen.org:/home/xen/git/xen.git ++ : git://xenbits.xen.org/qemu-xen-traditional.git ++ : git://git.kernel.org ++ : git://git.kernel.org/pub/scm/linux/kernel/git ++ : git ++ : git://xenbits.xen.org/xtf.git ++ : osstest@xenbits.xen.org:/home/xen/git/xtf.git ++ : git://xenbits.xen.org/xtf.git ++ : git://xenbits.xen.org/libvirt.git ++ : osstest@xenbits.xen.org:/home/xen/git/libvirt.git ++ : git://xenbits.xen.org/libvirt.git ++ : git://xenbits.xen.org/osstest/rumprun.git ++ : git ++ : git://xenbits.xen.org/osstest/rumprun.git ++ : osstest@xenbits.xen.org:/home/xen/git/osstest/rumprun.git ++ : git://git.seabios.org/seabios.git ++ : osstest@xenbits.xen.org:/home/xen/git/osstest/seabios.git ++ : git://xenbits.xen.org/osstest/seabios.git ++ : https://github.com/tianocore/edk2.git ++ : osstest@xenbits.xen.org:/home/xen/git/osstest/ovmf.git ++ : git://xenbits.xen.org/osstest/ovmf.git ++ : git://xenbits.xen.org/osstest/linux-firmware.git ++ : osstest@xenbits.xen.org:/home/osstest/ext/linux-firmware.git ++ : git://git.kernel.org/pub/scm/linux/kernel/git/firmware/linux-firmware.git ++ : osstest@xenbits.xen.org:/home/xen/git/linux-pvops.git ++ : git://xenbits.xen.org/linux-pvops.git ++ : tested/linux-3.14 ++ : tested/linux-arm-xen ++ '[' xgit://git.kernel.org/pub/scm/linux/kernel/git/stable/linux-stable.git = x ']' ++ '[' xgit://git.kernel.org/pub/scm/linux/kernel/git/stable/linux-stable.git = x ']' ++ : git://git.kernel.org/pub/scm/linux/kernel/git/konrad/xen.git ++ : tested/2.6.39.x ++ : daily-cron.linux-3.4 ++ : daily-cron.linux-3.4 ++ : daily-cron.linux-3.4 ++ : daily-cron.linux-3.4 ++ : daily-cron.linux-3.4 ++ : daily-cron.linux-3.4 ++ : daily-cron.linux-3.4 ++ : http://hg.uk.xensource.com/carbon/trunk/linux-2.6.27 ++ : git://xenbits.xen.org/qemu-xen.git ++ : osstest@xenbits.xen.org:/home/xen/git/qemu-xen.git ++ : daily-cron.linux-3.4 ++ : git://xenbits.xen.org/qemu-xen.git ++ : git://git.qemu.org/qemu.git + TREE_LINUX=osstest@xenbits.xen.org:/home/xen/git/linux-pvops.git + TREE_QEMU_UPSTREAM=osstest@xenbits.xen.org:/home/xen/git/qemu-xen.git + TREE_XEN=osstest@xenbits.xen.org:/home/xen/git/xen.git + TREE_LIBVIRT=osstest@xenbits.xen.org:/home/xen/git/libvirt.git + TREE_RUMPRUN=osstest@xenbits.xen.org:/home/xen/git/osstest/rumprun.git + TREE_SEABIOS=osstest@xenbits.xen.org:/home/xen/git/osstest/seabios.git + TREE_OVMF=osstest@xenbits.xen.org:/home/xen/git/osstest/ovmf.git + TREE_XTF=osstest@xenbits.xen.org:/home/xen/git/xtf.git + info_linux_tree linux-3.4 + case $1 in + : git://git.kernel.org/pub/scm/linux/kernel/git/stable/linux-stable.git + : linux-3.4.y + : linux-3.4.y + : git + : git + : git://xenbits.xen.org/linux-pvops.git + : osstest@xenbits.xen.org:/home/xen/git/linux-pvops.git + : tested/linux-3.4 + : refs/heads/tested/linux-3.4 + return 0 + cd /home/osstest/repos/linux + git push osstest@xenbits.xen.org:/home/xen/git/linux-pvops.git 8d1988f838a95e836342b505398d38b223181f17:refs/heads/tested/linux-3.4 To osstest@xenbits.xen.org:/home/xen/git/linux-pvops.git 343a5fb..8d1988f 8d1988f838a95e836342b505398d38b223181f17 -> tested/linux-3.4 + exit 0 --===============2555841914889129052== Content-Type: text/plain; charset="utf-8" MIME-Version: 1.0 Content-Transfer-Encoding: base64 Content-Disposition: inline X19fX19fX19fX19fX19fX19fX19fX19fX19fX19fX19fX19fX19fX19fX19fX18KWGVuLWRldmVs IG1haWxpbmcgbGlzdApYZW4tZGV2ZWxAbGlzdHMueGVuLm9yZwpodHRwczovL2xpc3RzLnhlbi5v cmcveGVuLWRldmVsCg== --===============2555841914889129052==--