* [linux-3.10 test] 102077: tolerable FAIL - PUSHED
@ 2016-11-10 14:55 osstest service owner
0 siblings, 0 replies; only message in thread
From: osstest service owner @ 2016-11-10 14:55 UTC (permalink / raw)
To: xen-devel, osstest-admin
flight 102077 linux-3.10 real [real]
http://logs.test-lab.xenproject.org/osstest/logs/102077/
Failures :-/ but no regressions.
Tests which are failing intermittently (not blocking):
test-amd64-amd64-xl 6 xen-boot fail in 101958 pass in 102077
test-amd64-amd64-amd64-pvgrub 6 xen-boot fail in 101958 pass in 102077
test-amd64-amd64-xl-qemuu-debianhvm-amd64 6 xen-boot fail in 101958 pass in 102077
test-amd64-i386-xl-qemuu-ovmf-amd64 6 xen-boot fail in 101958 pass in 102077
test-amd64-i386-qemut-rhel6hvm-intel 6 xen-boot fail in 101958 pass in 102077
test-amd64-i386-libvirt 6 xen-boot fail in 101958 pass in 102077
test-amd64-i386-xl-qemut-stubdom-debianhvm-amd64-xsm 6 xen-boot fail in 101958 pass in 102077
test-amd64-amd64-libvirt-qemuu-debianhvm-amd64-xsm 6 xen-boot fail in 101958 pass in 102077
test-amd64-i386-libvirt-qemuu-debianhvm-amd64-xsm 6 xen-boot fail in 101958 pass in 102077
test-amd64-amd64-xl-xsm 6 xen-boot fail in 101958 pass in 102077
test-amd64-i386-freebsd10-amd64 6 xen-boot fail in 101958 pass in 102077
test-amd64-amd64-xl-multivcpu 6 xen-boot fail in 101958 pass in 102077
test-amd64-amd64-xl-qemut-winxpsp3 6 xen-boot fail in 101958 pass in 102077
test-amd64-amd64-qemuu-nested-intel 6 xen-boot fail in 101958 pass in 102077
test-amd64-i386-freebsd10-i386 6 xen-boot fail in 101958 pass in 102077
test-amd64-i386-pair 9 xen-boot/src_host fail in 101958 pass in 102077
test-amd64-i386-xl-qemuu-debianhvm-amd64 6 xen-boot fail in 101958 pass in 102077
test-amd64-i386-qemuu-rhel6hvm-intel 6 xen-boot fail in 101958 pass in 102077
test-amd64-amd64-xl-credit2 6 xen-boot fail in 101958 pass in 102077
test-amd64-i386-pair 10 xen-boot/dst_host fail in 101958 pass in 102077
test-amd64-amd64-xl-qemut-debianhvm-amd64-xsm 6 xen-boot fail in 101958 pass in 102077
test-amd64-i386-libvirt-pair 9 xen-boot/src_host fail in 101958 pass in 102077
test-amd64-i386-libvirt-pair 10 xen-boot/dst_host fail in 101958 pass in 102077
test-amd64-i386-xl-xsm 6 xen-boot fail in 101958 pass in 102077
test-amd64-i386-xl-qemuu-winxpsp3 6 xen-boot fail in 101958 pass in 102077
test-amd64-i386-xl-qemut-debianhvm-amd64 6 xen-boot fail in 101958 pass in 102077
test-amd64-amd64-xl-qemuu-ovmf-amd64 6 xen-boot fail in 101958 pass in 102077
test-amd64-amd64-libvirt-pair 9 xen-boot/src_host fail in 101958 pass in 102077
test-amd64-amd64-libvirt-pair 10 xen-boot/dst_host fail in 101958 pass in 102077
test-amd64-i386-xl 6 xen-boot fail in 101958 pass in 102077
test-amd64-amd64-pair 9 xen-boot/src_host fail in 101958 pass in 102077
test-amd64-amd64-pair 10 xen-boot/dst_host fail in 101958 pass in 102077
test-amd64-amd64-xl-qemuu-debianhvm-amd64-xsm 6 xen-boot fail in 101975 pass in 102077
test-amd64-amd64-xl-qemut-win7-amd64 16 guest-stop fail pass in 101594
test-amd64-amd64-xl-rtds 6 xen-boot fail pass in 101958
test-amd64-i386-xl-qemuu-win7-amd64 16 guest-stop fail pass in 101975
Regressions which are regarded as allowable (not blocking):
build-amd64-rumprun 5 rumprun-build fail in 101594 baseline untested
build-i386-rumprun 5 rumprun-build fail in 101594 baseline untested
test-amd64-amd64-xl-qemut-stubdom-debianhvm-amd64-xsm 15 guest-localmigrate/x10 fail in 101594 like 100646
test-amd64-amd64-xl-qemuu-win7-amd64 16 guest-stop fail like 100648
test-amd64-i386-xl-qemut-win7-amd64 16 guest-stop fail like 100648
Tests which did not succeed, but are not blocking:
test-amd64-amd64-rumprun-amd64 1 build-check(1) blocked n/a
test-amd64-i386-rumprun-i386 1 build-check(1) blocked n/a
build-amd64-rumprun 7 xen-build fail never pass
test-amd64-amd64-xl-pvh-intel 11 guest-start fail never pass
test-amd64-i386-libvirt 12 migrate-support-check fail never pass
test-amd64-i386-libvirt-xsm 12 migrate-support-check fail never pass
test-amd64-amd64-libvirt 12 migrate-support-check fail never pass
build-i386-rumprun 7 xen-build fail never pass
test-amd64-i386-libvirt-qemuu-debianhvm-amd64-xsm 10 migrate-support-check fail never pass
test-amd64-amd64-xl-pvh-amd 11 guest-start fail never pass
test-amd64-amd64-libvirt-qemuu-debianhvm-amd64-xsm 10 migrate-support-check fail never pass
test-amd64-amd64-libvirt-xsm 12 migrate-support-check fail never pass
test-amd64-amd64-libvirt-vhd 11 migrate-support-check fail never pass
test-amd64-amd64-qemuu-nested-amd 16 debian-hvm-install/l1/l2 fail never pass
version targeted for testing:
linux 7828a9658951301a3fd83daa4ed0a607d370399e
baseline version:
linux 2ecaf1d025af0f481d00b3701ffbcc600dcab076
Last test of basis 100648 2016-08-28 23:14:14 Z 73 days
Testing same since 101576 2016-10-21 10:51:14 Z 20 days 30 attempts
------------------------------------------------------------
People who touched revisions under test:
Andrea Arcangeli <aarcange@redhat.com>
Andrew Morton <akpm@linux-foundation.org>
Bjorn Helgaas <bhelgaas@google.com>
Casey Schaufler <casey@schaufler-ca.com>
Dan Carpenter <dan.carpenter@oracle.com>
Dave Carroll <david.carroll@microsemi.com>
Greg Kroah-Hartman <gregkh@linuxfoundation.org>
Herbert Xu <herbert@gondor.apana.org.au>
Hugh Dickins <hughd@google.com>
Ian Abbott <abbotti@mev.co.uk>
James Hogan <james.hogan@imgtec.com>
Jann Horn <jann@thejh.net>
Jason S. McMullan <jason.mcmullan@netronome.com>
Jiri Slaby <jslaby@suse.cz>
Kashyap Desai <kashyap.desai@broadcom.com>
Kees Cook <keescook@chromium.org>
Linus Torvalds <torvalds@linux-foundation.org>
Martin K. Petersen <martin.petersen@oracle.com>
Paolo Bonzini <pbonzini@redhat.com>
Philipp Hahn <hahn@univention.de>
Rafael J. Wysocki <rafael.j.wysocki@intel.com>
Simon Horman <simon.horman@netronome.com>
Wei Liu <wei.liu2@citrix.com>
Willy Tarreau <w@1wt.eu>
Yinghai Lu <yinghai@kernel.org>
jobs:
build-amd64-xsm pass
build-i386-xsm pass
build-amd64 pass
build-i386 pass
build-amd64-libvirt pass
build-i386-libvirt pass
build-amd64-pvops pass
build-i386-pvops pass
build-amd64-rumprun fail
build-i386-rumprun fail
test-amd64-amd64-xl pass
test-amd64-i386-xl pass
test-amd64-amd64-xl-qemut-debianhvm-amd64-xsm pass
test-amd64-i386-xl-qemut-debianhvm-amd64-xsm pass
test-amd64-amd64-libvirt-qemuu-debianhvm-amd64-xsm pass
test-amd64-i386-libvirt-qemuu-debianhvm-amd64-xsm pass
test-amd64-amd64-xl-qemuu-debianhvm-amd64-xsm pass
test-amd64-i386-xl-qemuu-debianhvm-amd64-xsm pass
test-amd64-amd64-xl-qemut-stubdom-debianhvm-amd64-xsm pass
test-amd64-i386-xl-qemut-stubdom-debianhvm-amd64-xsm pass
test-amd64-amd64-libvirt-xsm pass
test-amd64-i386-libvirt-xsm pass
test-amd64-amd64-xl-xsm pass
test-amd64-i386-xl-xsm pass
test-amd64-amd64-qemuu-nested-amd fail
test-amd64-amd64-xl-pvh-amd fail
test-amd64-i386-qemut-rhel6hvm-amd pass
test-amd64-i386-qemuu-rhel6hvm-amd pass
test-amd64-amd64-xl-qemut-debianhvm-amd64 pass
test-amd64-i386-xl-qemut-debianhvm-amd64 pass
test-amd64-amd64-xl-qemuu-debianhvm-amd64 pass
test-amd64-i386-xl-qemuu-debianhvm-amd64 pass
test-amd64-i386-freebsd10-amd64 pass
test-amd64-amd64-xl-qemuu-ovmf-amd64 pass
test-amd64-i386-xl-qemuu-ovmf-amd64 pass
test-amd64-amd64-rumprun-amd64 blocked
test-amd64-amd64-xl-qemut-win7-amd64 fail
test-amd64-i386-xl-qemut-win7-amd64 fail
test-amd64-amd64-xl-qemuu-win7-amd64 fail
test-amd64-i386-xl-qemuu-win7-amd64 fail
test-amd64-amd64-xl-credit2 pass
test-amd64-i386-freebsd10-i386 pass
test-amd64-i386-rumprun-i386 blocked
test-amd64-amd64-qemuu-nested-intel pass
test-amd64-amd64-xl-pvh-intel fail
test-amd64-i386-qemut-rhel6hvm-intel pass
test-amd64-i386-qemuu-rhel6hvm-intel pass
test-amd64-amd64-libvirt pass
test-amd64-i386-libvirt pass
test-amd64-amd64-xl-multivcpu pass
test-amd64-amd64-pair pass
test-amd64-i386-pair pass
test-amd64-amd64-libvirt-pair pass
test-amd64-i386-libvirt-pair pass
test-amd64-amd64-amd64-pvgrub pass
test-amd64-amd64-i386-pvgrub pass
test-amd64-amd64-pygrub pass
test-amd64-amd64-xl-qcow2 pass
test-amd64-i386-xl-raw pass
test-amd64-amd64-xl-rtds fail
test-amd64-i386-xl-qemut-winxpsp3-vcpus1 pass
test-amd64-i386-xl-qemuu-winxpsp3-vcpus1 pass
test-amd64-amd64-libvirt-vhd pass
test-amd64-amd64-xl-qemut-winxpsp3 pass
test-amd64-i386-xl-qemut-winxpsp3 pass
test-amd64-amd64-xl-qemuu-winxpsp3 pass
test-amd64-i386-xl-qemuu-winxpsp3 pass
------------------------------------------------------------
sg-report-flight on osstest.test-lab.xenproject.org
logs: /home/logs/logs
images: /home/logs/images
Logs, config files, etc. are available at
http://logs.test-lab.xenproject.org/osstest/logs
Explanation of these reports, and of osstest in general, is at
http://xenbits.xen.org/gitweb/?p=osstest.git;a=blob;f=README.email;hb=master
http://xenbits.xen.org/gitweb/?p=osstest.git;a=blob;f=README;hb=master
Test harness code can be found at
http://xenbits.xen.org/gitweb?p=osstest.git;a=summary
Pushing revision :
+ branch=linux-3.10
+ revision=7828a9658951301a3fd83daa4ed0a607d370399e
+ . ./cri-lock-repos
++ . ./cri-common
+++ . ./cri-getconfig
+++ umask 002
+++ getrepos
++++ getconfig Repos
++++ perl -e '
use Osstest;
readglobalconfig();
print $c{"Repos"} or die $!;
'
+++ local repos=/home/osstest/repos
+++ '[' -z /home/osstest/repos ']'
+++ '[' '!' -d /home/osstest/repos ']'
+++ echo /home/osstest/repos
++ repos=/home/osstest/repos
++ repos_lock=/home/osstest/repos/lock
++ '[' x '!=' x/home/osstest/repos/lock ']'
++ OSSTEST_REPOS_LOCK_LOCKED=/home/osstest/repos/lock
++ exec with-lock-ex -w /home/osstest/repos/lock ./ap-push linux-3.10 7828a9658951301a3fd83daa4ed0a607d370399e
+ branch=linux-3.10
+ revision=7828a9658951301a3fd83daa4ed0a607d370399e
+ . ./cri-lock-repos
++ . ./cri-common
+++ . ./cri-getconfig
+++ umask 002
+++ getrepos
++++ getconfig Repos
++++ perl -e '
use Osstest;
readglobalconfig();
print $c{"Repos"} or die $!;
'
+++ local repos=/home/osstest/repos
+++ '[' -z /home/osstest/repos ']'
+++ '[' '!' -d /home/osstest/repos ']'
+++ echo /home/osstest/repos
++ repos=/home/osstest/repos
++ repos_lock=/home/osstest/repos/lock
++ '[' x/home/osstest/repos/lock '!=' x/home/osstest/repos/lock ']'
+ . ./cri-common
++ . ./cri-getconfig
++ umask 002
+ select_xenbranch
+ case "$branch" in
+ tree=linux
+ xenbranch=xen-unstable
+ '[' xlinux = xlinux ']'
+ linuxbranch=linux-3.10
+ '[' x = x ']'
+ qemuubranch=qemu-upstream-unstable
+ select_prevxenbranch
++ ./cri-getprevxenbranch xen-unstable
+ prevxenbranch=xen-4.7-testing
+ '[' x7828a9658951301a3fd83daa4ed0a607d370399e = x ']'
+ : tested/2.6.39.x
+ . ./ap-common
++ : osstest@xenbits.xen.org
+++ getconfig OsstestUpstream
+++ perl -e '
use Osstest;
readglobalconfig();
print $c{"OsstestUpstream"} or die $!;
'
++ :
++ : git://xenbits.xen.org/xen.git
++ : osstest@xenbits.xen.org:/home/xen/git/xen.git
++ : git://xenbits.xen.org/qemu-xen-traditional.git
++ : git://git.kernel.org
++ : git://git.kernel.org/pub/scm/linux/kernel/git
++ : git
++ : git://xenbits.xen.org/xtf.git
++ : osstest@xenbits.xen.org:/home/xen/git/xtf.git
++ : git://xenbits.xen.org/xtf.git
++ : git://xenbits.xen.org/libvirt.git
++ : osstest@xenbits.xen.org:/home/xen/git/libvirt.git
++ : git://xenbits.xen.org/libvirt.git
++ : git://xenbits.xen.org/osstest/rumprun.git
++ : git
++ : git://xenbits.xen.org/osstest/rumprun.git
++ : osstest@xenbits.xen.org:/home/xen/git/osstest/rumprun.git
++ : git://git.seabios.org/seabios.git
++ : osstest@xenbits.xen.org:/home/xen/git/osstest/seabios.git
++ : git://xenbits.xen.org/osstest/seabios.git
++ : https://github.com/tianocore/edk2.git
++ : osstest@xenbits.xen.org:/home/xen/git/osstest/ovmf.git
++ : git://xenbits.xen.org/osstest/ovmf.git
++ : git://xenbits.xen.org/osstest/linux-firmware.git
++ : osstest@xenbits.xen.org:/home/osstest/ext/linux-firmware.git
++ : git://git.kernel.org/pub/scm/linux/kernel/git/firmware/linux-firmware.git
++ : osstest@xenbits.xen.org:/home/xen/git/linux-pvops.git
++ : git://xenbits.xen.org/linux-pvops.git
++ : tested/linux-3.14
++ : tested/linux-arm-xen
++ '[' xgit://git.kernel.org/pub/scm/linux/kernel/git/stable/linux-stable.git = x ']'
++ '[' xgit://git.kernel.org/pub/scm/linux/kernel/git/stable/linux-stable.git = x ']'
++ : git://git.kernel.org/pub/scm/linux/kernel/git/konrad/xen.git
++ : tested/2.6.39.x
++ : daily-cron.linux-3.10
++ : daily-cron.linux-3.10
++ : daily-cron.linux-3.10
++ : daily-cron.linux-3.10
++ : daily-cron.linux-3.10
++ : daily-cron.linux-3.10
++ : daily-cron.linux-3.10
++ : http://hg.uk.xensource.com/carbon/trunk/linux-2.6.27
++ : git://xenbits.xen.org/qemu-xen.git
++ : osstest@xenbits.xen.org:/home/xen/git/qemu-xen.git
++ : daily-cron.linux-3.10
++ : git://xenbits.xen.org/qemu-xen.git
++ : git://git.qemu.org/qemu.git
+ TREE_LINUX=osstest@xenbits.xen.org:/home/xen/git/linux-pvops.git
+ TREE_QEMU_UPSTREAM=osstest@xenbits.xen.org:/home/xen/git/qemu-xen.git
+ TREE_XEN=osstest@xenbits.xen.org:/home/xen/git/xen.git
+ TREE_LIBVIRT=osstest@xenbits.xen.org:/home/xen/git/libvirt.git
+ TREE_RUMPRUN=osstest@xenbits.xen.org:/home/xen/git/osstest/rumprun.git
+ TREE_SEABIOS=osstest@xenbits.xen.org:/home/xen/git/osstest/seabios.git
+ TREE_OVMF=osstest@xenbits.xen.org:/home/xen/git/osstest/ovmf.git
+ TREE_XTF=osstest@xenbits.xen.org:/home/xen/git/xtf.git
+ info_linux_tree linux-3.10
+ case $1 in
+ : git://git.kernel.org/pub/scm/linux/kernel/git/stable/linux-stable.git
+ : linux-3.10.y
+ : linux-3.10.y
+ : git
+ : git
+ : git://xenbits.xen.org/linux-pvops.git
+ : osstest@xenbits.xen.org:/home/xen/git/linux-pvops.git
+ : tested/linux-3.10
+ : refs/heads/tested/linux-3.10
+ return 0
+ cd /home/osstest/repos/linux
+ git push osstest@xenbits.xen.org:/home/xen/git/linux-pvops.git 7828a9658951301a3fd83daa4ed0a607d370399e:refs/heads/tested/linux-3.10
To osstest@xenbits.xen.org:/home/xen/git/linux-pvops.git
2ecaf1d..7828a96 7828a9658951301a3fd83daa4ed0a607d370399e -> tested/linux-3.10
+ exit 0
_______________________________________________
Xen-devel mailing list
Xen-devel@lists.xen.org
https://lists.xen.org/xen-devel
^ permalink raw reply [flat|nested] only message in thread
only message in thread, other threads:[~2016-11-10 14:55 UTC | newest]
Thread overview: (only message) (download: mbox.gz follow: Atom feed
-- links below jump to the message on this page --
2016-11-10 14:55 [linux-3.10 test] 102077: tolerable FAIL - PUSHED osstest service owner
This is a public inbox, see mirroring instructions
for how to clone and mirror all data and code used for this inbox;
as well as URLs for NNTP newsgroup(s).