* [libvirt test] 102178: regressions - FAIL
@ 2016-11-13 10:06 osstest service owner
0 siblings, 0 replies; only message in thread
From: osstest service owner @ 2016-11-13 10:06 UTC (permalink / raw)
To: xen-devel, osstest-admin
flight 102178 libvirt real [real]
http://logs.test-lab.xenproject.org/osstest/logs/102178/
Regressions :-(
Tests which did not succeed and are blocking,
including tests which could not be run:
test-armhf-armhf-libvirt 6 xen-boot fail REGR. vs. 102144
Regressions which are regarded as allowable (not blocking):
test-armhf-armhf-libvirt-qcow2 12 saverestore-support-check fail like 102144
test-armhf-armhf-libvirt-xsm 13 saverestore-support-check fail like 102144
test-armhf-armhf-libvirt-raw 12 saverestore-support-check fail like 102144
Tests which did not succeed, but are not blocking:
test-amd64-amd64-libvirt-xsm 12 migrate-support-check fail never pass
test-amd64-i386-libvirt 12 migrate-support-check fail never pass
test-amd64-i386-libvirt-xsm 12 migrate-support-check fail never pass
test-amd64-amd64-libvirt 12 migrate-support-check fail never pass
test-amd64-amd64-libvirt-qemuu-debianhvm-amd64-xsm 10 migrate-support-check fail never pass
test-amd64-i386-libvirt-qemuu-debianhvm-amd64-xsm 10 migrate-support-check fail never pass
test-amd64-amd64-libvirt-vhd 11 migrate-support-check fail never pass
test-armhf-armhf-libvirt-qcow2 11 migrate-support-check fail never pass
test-armhf-armhf-libvirt-xsm 12 migrate-support-check fail never pass
test-armhf-armhf-libvirt-raw 11 migrate-support-check fail never pass
version targeted for testing:
libvirt ba22ac05daa9a03d368f236d7d663a00d838c2df
baseline version:
libvirt 85b0721095d4149285d7f1ab248c168aeb7239a9
Last test of basis 102144 2016-11-12 04:20:09 Z 1 days
Testing same since 102178 2016-11-13 04:32:43 Z 0 days 1 attempts
------------------------------------------------------------
People who touched revisions under test:
Eric Blake <eblake@redhat.com>
jobs:
build-amd64-xsm pass
build-armhf-xsm pass
build-i386-xsm pass
build-amd64 pass
build-armhf pass
build-i386 pass
build-amd64-libvirt pass
build-armhf-libvirt pass
build-i386-libvirt pass
build-amd64-pvops pass
build-armhf-pvops pass
build-i386-pvops pass
test-amd64-amd64-libvirt-qemuu-debianhvm-amd64-xsm pass
test-amd64-i386-libvirt-qemuu-debianhvm-amd64-xsm pass
test-amd64-amd64-libvirt-xsm pass
test-armhf-armhf-libvirt-xsm pass
test-amd64-i386-libvirt-xsm pass
test-amd64-amd64-libvirt pass
test-armhf-armhf-libvirt fail
test-amd64-i386-libvirt pass
test-amd64-amd64-libvirt-pair pass
test-amd64-i386-libvirt-pair pass
test-armhf-armhf-libvirt-qcow2 pass
test-armhf-armhf-libvirt-raw pass
test-amd64-amd64-libvirt-vhd pass
------------------------------------------------------------
sg-report-flight on osstest.test-lab.xenproject.org
logs: /home/logs/logs
images: /home/logs/images
Logs, config files, etc. are available at
http://logs.test-lab.xenproject.org/osstest/logs
Explanation of these reports, and of osstest in general, is at
http://xenbits.xen.org/gitweb/?p=osstest.git;a=blob;f=README.email;hb=master
http://xenbits.xen.org/gitweb/?p=osstest.git;a=blob;f=README;hb=master
Test harness code can be found at
http://xenbits.xen.org/gitweb?p=osstest.git;a=summary
Not pushing.
------------------------------------------------------------
commit ba22ac05daa9a03d368f236d7d663a00d838c2df
Author: Eric Blake <eblake@redhat.com>
Date: Thu Sep 15 15:12:52 2016 -0500
build: update to latest gnulib
In particular, pull in gnulib's fix for the broken SIZE_MAX on s390.
* .gnulib: Update to latest.
* bootstrap: Resync to upstream.
Signed-off-by: Eric Blake <eblake@redhat.com>
_______________________________________________
Xen-devel mailing list
Xen-devel@lists.xen.org
https://lists.xen.org/xen-devel
^ permalink raw reply [flat|nested] only message in thread
only message in thread, other threads:[~2016-11-13 10:06 UTC | newest]
Thread overview: (only message) (download: mbox.gz follow: Atom feed
-- links below jump to the message on this page --
2016-11-13 10:06 [libvirt test] 102178: regressions - FAIL osstest service owner
This is a public inbox, see mirroring instructions
for how to clone and mirror all data and code used for this inbox;
as well as URLs for NNTP newsgroup(s).