From: osstest service owner <osstest-admin@xenproject.org>
To: xen-devel@lists.xensource.com, osstest-admin@xenproject.org
Subject: [xen-unstable test] 102318: regressions - FAIL
Date: Thu, 17 Nov 2016 06:34:16 +0000 [thread overview]
Message-ID: <osstest-102318-mainreport@xen.org> (raw)
flight 102318 xen-unstable real [real]
http://logs.test-lab.xenproject.org/osstest/logs/102318/
Regressions :-(
Tests which did not succeed and are blocking,
including tests which could not be run:
test-armhf-armhf-libvirt-xsm 6 xen-boot fail REGR. vs. 102286
test-armhf-armhf-xl-cubietruck 15 guest-start/debian.repeat fail REGR. vs. 102286
Regressions which are regarded as allowable (not blocking):
test-amd64-i386-xl-qemuu-win7-amd64 16 guest-stop fail like 102286
test-armhf-armhf-libvirt-qcow2 12 saverestore-support-check fail like 102286
test-armhf-armhf-libvirt-raw 12 saverestore-support-check fail like 102286
test-amd64-amd64-xl-qemuu-win7-amd64 16 guest-stop fail like 102286
test-amd64-i386-xl-qemut-win7-amd64 16 guest-stop fail like 102286
test-amd64-amd64-xl-qemut-win7-amd64 16 guest-stop fail like 102286
test-armhf-armhf-libvirt 13 saverestore-support-check fail like 102286
test-amd64-amd64-xl-rtds 9 debian-install fail like 102286
Tests which did not succeed, but are not blocking:
test-amd64-amd64-xl-pvh-intel 11 guest-start fail never pass
test-amd64-amd64-libvirt 12 migrate-support-check fail never pass
test-amd64-i386-libvirt 12 migrate-support-check fail never pass
test-amd64-i386-libvirt-qemuu-debianhvm-amd64-xsm 10 migrate-support-check fail never pass
test-amd64-amd64-libvirt-xsm 12 migrate-support-check fail never pass
test-amd64-amd64-xl-pvh-amd 11 guest-start fail never pass
test-amd64-amd64-libvirt-vhd 11 migrate-support-check fail never pass
test-armhf-armhf-xl-arndale 12 migrate-support-check fail never pass
test-armhf-armhf-xl-arndale 13 saverestore-support-check fail never pass
test-amd64-amd64-libvirt-qemuu-debianhvm-amd64-xsm 10 migrate-support-check fail never pass
test-amd64-amd64-qemuu-nested-amd 16 debian-hvm-install/l1/l2 fail never pass
test-amd64-i386-libvirt-xsm 12 migrate-support-check fail never pass
test-armhf-armhf-xl-credit2 12 migrate-support-check fail never pass
test-armhf-armhf-xl-credit2 13 saverestore-support-check fail never pass
test-armhf-armhf-xl 12 migrate-support-check fail never pass
test-armhf-armhf-xl 13 saverestore-support-check fail never pass
test-armhf-armhf-xl-cubietruck 12 migrate-support-check fail never pass
test-armhf-armhf-xl-cubietruck 13 saverestore-support-check fail never pass
test-armhf-armhf-xl-multivcpu 12 migrate-support-check fail never pass
test-armhf-armhf-xl-multivcpu 13 saverestore-support-check fail never pass
test-armhf-armhf-libvirt-qcow2 11 migrate-support-check fail never pass
test-armhf-armhf-xl-xsm 12 migrate-support-check fail never pass
test-armhf-armhf-xl-xsm 13 saverestore-support-check fail never pass
test-armhf-armhf-libvirt-raw 11 migrate-support-check fail never pass
test-armhf-armhf-xl-rtds 12 migrate-support-check fail never pass
test-armhf-armhf-libvirt 12 migrate-support-check fail never pass
test-armhf-armhf-xl-rtds 13 saverestore-support-check fail never pass
test-armhf-armhf-xl-vhd 11 migrate-support-check fail never pass
test-armhf-armhf-xl-vhd 12 saverestore-support-check fail never pass
version targeted for testing:
xen 160e12899212f6f666fe38781fc5911fe9f8ad35
baseline version:
xen 632ff7847a398a9d0de988633cfe180e5116ec32
Last test of basis 102286 2016-11-16 05:08:18 Z 1 days
Failing since 102302 2016-11-16 13:42:55 Z 0 days 2 attempts
Testing same since 102318 2016-11-16 21:49:51 Z 0 days 1 attempts
------------------------------------------------------------
People who touched revisions under test:
Andrew Cooper <andrew.cooper3@citrix.com>
Boris Ostrovsky <boris.ostrovsky@oracle.com>
Jan Beulich <jbeulich@suse.com>
Kevin Tian <kevin.tian@intel.com>
jobs:
build-amd64-xsm pass
build-armhf-xsm pass
build-i386-xsm pass
build-amd64-xtf pass
build-amd64 pass
build-armhf pass
build-i386 pass
build-amd64-libvirt pass
build-armhf-libvirt pass
build-i386-libvirt pass
build-amd64-oldkern pass
build-i386-oldkern pass
build-amd64-prev pass
build-i386-prev pass
build-amd64-pvops pass
build-armhf-pvops pass
build-i386-pvops pass
build-amd64-rumprun pass
build-i386-rumprun pass
test-xtf-amd64-amd64-1 pass
test-xtf-amd64-amd64-2 pass
test-xtf-amd64-amd64-3 pass
test-xtf-amd64-amd64-4 pass
test-xtf-amd64-amd64-5 pass
test-amd64-amd64-xl pass
test-armhf-armhf-xl pass
test-amd64-i386-xl pass
test-amd64-amd64-xl-qemut-debianhvm-amd64-xsm pass
test-amd64-i386-xl-qemut-debianhvm-amd64-xsm pass
test-amd64-amd64-libvirt-qemuu-debianhvm-amd64-xsm pass
test-amd64-i386-libvirt-qemuu-debianhvm-amd64-xsm pass
test-amd64-amd64-xl-qemuu-debianhvm-amd64-xsm pass
test-amd64-i386-xl-qemuu-debianhvm-amd64-xsm pass
test-amd64-amd64-xl-qemut-stubdom-debianhvm-amd64-xsm pass
test-amd64-i386-xl-qemut-stubdom-debianhvm-amd64-xsm pass
test-amd64-amd64-libvirt-xsm pass
test-armhf-armhf-libvirt-xsm fail
test-amd64-i386-libvirt-xsm pass
test-amd64-amd64-xl-xsm pass
test-armhf-armhf-xl-xsm pass
test-amd64-i386-xl-xsm pass
test-amd64-amd64-qemuu-nested-amd fail
test-amd64-amd64-xl-pvh-amd fail
test-amd64-i386-qemut-rhel6hvm-amd pass
test-amd64-i386-qemuu-rhel6hvm-amd pass
test-amd64-amd64-xl-qemut-debianhvm-amd64 pass
test-amd64-i386-xl-qemut-debianhvm-amd64 pass
test-amd64-amd64-xl-qemuu-debianhvm-amd64 pass
test-amd64-i386-xl-qemuu-debianhvm-amd64 pass
test-amd64-i386-freebsd10-amd64 pass
test-amd64-amd64-xl-qemuu-ovmf-amd64 pass
test-amd64-i386-xl-qemuu-ovmf-amd64 pass
test-amd64-amd64-rumprun-amd64 pass
test-amd64-amd64-xl-qemut-win7-amd64 fail
test-amd64-i386-xl-qemut-win7-amd64 fail
test-amd64-amd64-xl-qemuu-win7-amd64 fail
test-amd64-i386-xl-qemuu-win7-amd64 fail
test-armhf-armhf-xl-arndale pass
test-amd64-amd64-xl-credit2 pass
test-armhf-armhf-xl-credit2 pass
test-armhf-armhf-xl-cubietruck fail
test-amd64-i386-freebsd10-i386 pass
test-amd64-i386-rumprun-i386 pass
test-amd64-amd64-qemuu-nested-intel pass
test-amd64-amd64-xl-pvh-intel fail
test-amd64-i386-qemut-rhel6hvm-intel pass
test-amd64-i386-qemuu-rhel6hvm-intel pass
test-amd64-amd64-libvirt pass
test-armhf-armhf-libvirt pass
test-amd64-i386-libvirt pass
test-amd64-amd64-migrupgrade pass
test-amd64-i386-migrupgrade pass
test-amd64-amd64-xl-multivcpu pass
test-armhf-armhf-xl-multivcpu pass
test-amd64-amd64-pair pass
test-amd64-i386-pair pass
test-amd64-amd64-libvirt-pair pass
test-amd64-i386-libvirt-pair pass
test-amd64-amd64-amd64-pvgrub pass
test-amd64-amd64-i386-pvgrub pass
test-amd64-amd64-pygrub pass
test-armhf-armhf-libvirt-qcow2 pass
test-amd64-amd64-xl-qcow2 pass
test-armhf-armhf-libvirt-raw pass
test-amd64-i386-xl-raw pass
test-amd64-amd64-xl-rtds fail
test-armhf-armhf-xl-rtds pass
test-amd64-i386-xl-qemut-winxpsp3-vcpus1 pass
test-amd64-i386-xl-qemuu-winxpsp3-vcpus1 pass
test-amd64-amd64-libvirt-vhd pass
test-armhf-armhf-xl-vhd pass
test-amd64-amd64-xl-qemut-winxpsp3 pass
test-amd64-i386-xl-qemut-winxpsp3 pass
test-amd64-amd64-xl-qemuu-winxpsp3 pass
test-amd64-i386-xl-qemuu-winxpsp3 pass
------------------------------------------------------------
sg-report-flight on osstest.test-lab.xenproject.org
logs: /home/logs/logs
images: /home/logs/images
Logs, config files, etc. are available at
http://logs.test-lab.xenproject.org/osstest/logs
Explanation of these reports, and of osstest in general, is at
http://xenbits.xen.org/gitweb/?p=osstest.git;a=blob;f=README.email;hb=master
http://xenbits.xen.org/gitweb/?p=osstest.git;a=blob;f=README;hb=master
Test harness code can be found at
http://xenbits.xen.org/gitweb?p=osstest.git;a=summary
Not pushing.
------------------------------------------------------------
commit 160e12899212f6f666fe38781fc5911fe9f8ad35
Author: Boris Ostrovsky <boris.ostrovsky@oracle.com>
Date: Tue Nov 15 11:04:15 2016 -0500
tools/libacpi: Be specific about which DSDT files to build
There is no reason to build, for example, dsdt_pvh.asl for hvmloader. We
pass which DSDTs to build via DSDT_FILES parameter.
If DSDT_FILES is empty all DSDTs for a particular architecture will be built.
Signed-off-by: Boris Ostrovsky <boris.ostrovsky@oracle.com>
Acked-by: Jan Beulich <jbeulich@suse.com>
Release-acked-by: Wei Liu <wei.liu2@citrix.com>
commit 0f43883193da76fc928e836e319c3172f394e0f3
Author: Andrew Cooper <andrew.cooper3@citrix.com>
Date: Mon Nov 14 10:18:00 2016 +0000
x86/traps: Don't call hvm_hypervisor_cpuid_leaf() for PV guests
Luckily, hvm_hypervisor_cpuid_leaf() and vmx_hypervisor_cpuid_leaf() are safe
to execute in the context of a PV guest, but HVM-specific feature flags
shouldn't be visible to PV guests.
Signed-off-by: Andrew Cooper <andrew.cooper3@citrix.com>
Reviewed-by: Jan Beulich <jbeulich@suse.com>
Release-acked-by: Wei Liu <wei.liu2@citrix.com>
commit fcb618c025f9251d7e22138f6528595037252c21
Author: Andrew Cooper <andrew.cooper3@citrix.com>
Date: Mon Nov 14 10:15:00 2016 +0000
x86/vmx: Correct the long mode check in vmx_cpuid_intercept()
%cs.L may be set in a legacy mode segment, or clear in a compatibility mode
segment; it is not the correct way to check for long mode being active.
Both of these situations result in incorrect visibility of the SYSCALL feature
in CPUID, and by extension, incorrect behaviour in hvm_efer_valid().
Signed-off-by: Andrew Cooper <andrew.cooper3@citrix.com>
Reviewed-by: Jan Beulich <JBeulich@suse.com>
Acked-by: Kevin Tian <kevin.tian@intel.com>
Release-acked-by: Wei Liu <wei.liu2@citrix.com>
(qemu changes not included)
_______________________________________________
Xen-devel mailing list
Xen-devel@lists.xen.org
https://lists.xen.org/xen-devel
reply other threads:[~2016-11-17 6:34 UTC|newest]
Thread overview: [no followups] expand[flat|nested] mbox.gz Atom feed
Reply instructions:
You may reply publicly to this message via plain-text email
using any one of the following methods:
* Save the following mbox file, import it into your mail client,
and reply-to-all from there: mbox
Avoid top-posting and favor interleaved quoting:
https://en.wikipedia.org/wiki/Posting_style#Interleaved_style
* Reply using the --to, --cc, and --in-reply-to
switches of git-send-email(1):
git send-email \
--in-reply-to=osstest-102318-mainreport@xen.org \
--to=osstest-admin@xenproject.org \
--cc=xen-devel@lists.xensource.com \
/path/to/YOUR_REPLY
https://kernel.org/pub/software/scm/git/docs/git-send-email.html
* If your mail client supports setting the In-Reply-To header
via mailto: links, try the mailto: link
Be sure your reply has a Subject: header at the top and a blank line
before the message body.
This is a public inbox, see mirroring instructions
for how to clone and mirror all data and code used for this inbox;
as well as URLs for NNTP newsgroup(s).