xen-devel.lists.xenproject.org archive mirror
 help / color / mirror / Atom feed
* [ovmf test] 102343: regressions - FAIL
@ 2016-11-17 14:45 osstest service owner
  0 siblings, 0 replies; only message in thread
From: osstest service owner @ 2016-11-17 14:45 UTC (permalink / raw)
  To: xen-devel, osstest-admin

flight 102343 ovmf real [real]
http://logs.test-lab.xenproject.org/osstest/logs/102343/

Regressions :-(

Tests which did not succeed and are blocking,
including tests which could not be run:
 test-amd64-amd64-xl-qemuu-ovmf-amd64 9 debian-hvm-install fail REGR. vs. 102292
 test-amd64-i386-xl-qemuu-ovmf-amd64 9 debian-hvm-install fail REGR. vs. 102292

version targeted for testing:
 ovmf                 17abe97671eee6fa51cea729fc31c2ddad12628f
baseline version:
 ovmf                 e242cdfb307a6dfe2c0f75c4719f5c1f6b418625

Last test of basis   102292  2016-11-16 08:17:51 Z    1 days
Failing since        102298  2016-11-16 11:44:14 Z    1 days    7 attempts
Testing same since   102343  2016-11-17 09:23:50 Z    0 days    1 attempts

------------------------------------------------------------
People who touched revisions under test:
  Jeff Fan <jeff.fan@intel.com>
  Jiaxin Wu <jiaxin.wu@intel.com>
  Jiewen Yao <jiewen.yao@intel.com>
  Laszlo Ersek <lersek@redhat.com>
  Liming Gao <liming.gao@intel.com>
  Qin Long <qin.long@intel.com>
  Star Zeng <star.zeng@intel.com>

jobs:
 build-amd64-xsm                                              pass    
 build-i386-xsm                                               pass    
 build-amd64                                                  pass    
 build-i386                                                   pass    
 build-amd64-libvirt                                          pass    
 build-i386-libvirt                                           pass    
 build-amd64-pvops                                            pass    
 build-i386-pvops                                             pass    
 test-amd64-amd64-xl-qemuu-ovmf-amd64                         fail    
 test-amd64-i386-xl-qemuu-ovmf-amd64                          fail    


------------------------------------------------------------
sg-report-flight on osstest.test-lab.xenproject.org
logs: /home/logs/logs
images: /home/logs/images

Logs, config files, etc. are available at
    http://logs.test-lab.xenproject.org/osstest/logs

Explanation of these reports, and of osstest in general, is at
    http://xenbits.xen.org/gitweb/?p=osstest.git;a=blob;f=README.email;hb=master
    http://xenbits.xen.org/gitweb/?p=osstest.git;a=blob;f=README;hb=master

Test harness code can be found at
    http://xenbits.xen.org/gitweb?p=osstest.git;a=summary


Not pushing.

(No revision log; it would be 400 lines long.)

_______________________________________________
Xen-devel mailing list
Xen-devel@lists.xen.org
https://lists.xen.org/xen-devel

^ permalink raw reply	[flat|nested] only message in thread

only message in thread, other threads:[~2016-11-17 14:45 UTC | newest]

Thread overview: (only message) (download: mbox.gz follow: Atom feed
-- links below jump to the message on this page --
2016-11-17 14:45 [ovmf test] 102343: regressions - FAIL osstest service owner

This is a public inbox, see mirroring instructions
for how to clone and mirror all data and code used for this inbox;
as well as URLs for NNTP newsgroup(s).