* [libvirt test] 102404: regressions - trouble: broken/fail/pass
@ 2016-11-19 8:17 osstest service owner
0 siblings, 0 replies; only message in thread
From: osstest service owner @ 2016-11-19 8:17 UTC (permalink / raw)
To: xen-devel, osstest-admin
flight 102404 libvirt real [real]
http://logs.test-lab.xenproject.org/osstest/logs/102404/
Regressions :-(
Tests which did not succeed and are blocking,
including tests which could not be run:
test-armhf-armhf-libvirt-qcow2 3 host-install(3) broken REGR. vs. 102375
test-armhf-armhf-libvirt-xsm 15 guest-start/debian.repeat fail REGR. vs. 102375
Regressions which are regarded as allowable (not blocking):
test-armhf-armhf-libvirt 13 saverestore-support-check fail like 102375
test-armhf-armhf-libvirt-xsm 13 saverestore-support-check fail like 102375
test-armhf-armhf-libvirt-raw 12 saverestore-support-check fail like 102375
Tests which did not succeed, but are not blocking:
test-amd64-amd64-libvirt-xsm 12 migrate-support-check fail never pass
test-amd64-i386-libvirt-xsm 12 migrate-support-check fail never pass
test-amd64-amd64-libvirt 12 migrate-support-check fail never pass
test-amd64-amd64-libvirt-qemuu-debianhvm-amd64-xsm 10 migrate-support-check fail never pass
test-amd64-i386-libvirt-qemuu-debianhvm-amd64-xsm 10 migrate-support-check fail never pass
test-amd64-amd64-libvirt-vhd 11 migrate-support-check fail never pass
test-amd64-i386-libvirt 12 migrate-support-check fail never pass
test-armhf-armhf-libvirt 12 migrate-support-check fail never pass
test-armhf-armhf-libvirt-xsm 12 migrate-support-check fail never pass
test-armhf-armhf-libvirt-raw 11 migrate-support-check fail never pass
version targeted for testing:
libvirt f2bf5fbb04494a0635cbc690c083b844876aa4a6
baseline version:
libvirt 135e77d32fe9e7299f5c82757563e5a6d28e2f3c
Last test of basis 102375 2016-11-18 04:25:18 Z 1 days
Testing same since 102404 2016-11-19 04:23:07 Z 0 days 1 attempts
------------------------------------------------------------
People who touched revisions under test:
Martin Kletzander <mkletzan@redhat.com>
jobs:
build-amd64-xsm pass
build-armhf-xsm pass
build-i386-xsm pass
build-amd64 pass
build-armhf pass
build-i386 pass
build-amd64-libvirt pass
build-armhf-libvirt pass
build-i386-libvirt pass
build-amd64-pvops pass
build-armhf-pvops pass
build-i386-pvops pass
test-amd64-amd64-libvirt-qemuu-debianhvm-amd64-xsm pass
test-amd64-i386-libvirt-qemuu-debianhvm-amd64-xsm pass
test-amd64-amd64-libvirt-xsm pass
test-armhf-armhf-libvirt-xsm fail
test-amd64-i386-libvirt-xsm pass
test-amd64-amd64-libvirt pass
test-armhf-armhf-libvirt pass
test-amd64-i386-libvirt pass
test-amd64-amd64-libvirt-pair pass
test-amd64-i386-libvirt-pair pass
test-armhf-armhf-libvirt-qcow2 broken
test-armhf-armhf-libvirt-raw pass
test-amd64-amd64-libvirt-vhd pass
------------------------------------------------------------
sg-report-flight on osstest.test-lab.xenproject.org
logs: /home/logs/logs
images: /home/logs/images
Logs, config files, etc. are available at
http://logs.test-lab.xenproject.org/osstest/logs
Explanation of these reports, and of osstest in general, is at
http://xenbits.xen.org/gitweb/?p=osstest.git;a=blob;f=README.email;hb=master
http://xenbits.xen.org/gitweb/?p=osstest.git;a=blob;f=README;hb=master
Test harness code can be found at
http://xenbits.xen.org/gitweb?p=osstest.git;a=summary
broken-step test-armhf-armhf-libvirt-qcow2 host-install(3)
Not pushing.
------------------------------------------------------------
commit f2bf5fbb04494a0635cbc690c083b844876aa4a6
Author: Martin Kletzander <mkletzan@redhat.com>
Date: Fri Nov 18 08:12:12 2016 +0100
Fix scheduler support check
Commit 94cc577807ba tried fixing build on systems that did not have
SCHED_BATCH or SCHED_IDLE defined. But instead of changing it to
conditional support, it rather completely disabled the support for
setting any scheduler. Since then, such old systems are not
supported, but rather than reverting that commit, let's change that to
the conditional support. That way any addition to the list of
schedulers can follow the same style so that we're consistent in the
future.
Signed-off-by: Martin Kletzander <mkletzan@redhat.com>
_______________________________________________
Xen-devel mailing list
Xen-devel@lists.xen.org
https://lists.xen.org/xen-devel
^ permalink raw reply [flat|nested] only message in thread
only message in thread, other threads:[~2016-11-19 8:17 UTC | newest]
Thread overview: (only message) (download: mbox.gz follow: Atom feed
-- links below jump to the message on this page --
2016-11-19 8:17 [libvirt test] 102404: regressions - trouble: broken/fail/pass osstest service owner
This is a public inbox, see mirroring instructions
for how to clone and mirror all data and code used for this inbox;
as well as URLs for NNTP newsgroup(s).