From: osstest service owner <osstest-admin@xenproject.org>
To: xen-devel@lists.xensource.com, osstest-admin@xenproject.org
Subject: [qemu-mainline test] 102468: regressions - FAIL
Date: Mon, 21 Nov 2016 13:14:01 +0000 [thread overview]
Message-ID: <osstest-102468-mainreport@xen.org> (raw)
[-- Attachment #1: Type: text/plain, Size: 11453 bytes --]
flight 102468 qemu-mainline real [real]
http://logs.test-lab.xenproject.org/osstest/logs/102468/
Regressions :-(
Tests which did not succeed and are blocking,
including tests which could not be run:
test-amd64-amd64-xl-qcow2 9 debian-di-install fail REGR. vs. 101909
test-amd64-amd64-libvirt-vhd 9 debian-di-install fail REGR. vs. 101909
test-amd64-amd64-libvirt 11 guest-start fail REGR. vs. 101909
test-amd64-amd64-libvirt-xsm 11 guest-start fail REGR. vs. 101909
test-amd64-amd64-libvirt-pair 20 guest-start/debian fail REGR. vs. 101909
test-armhf-armhf-xl-vhd 9 debian-di-install fail REGR. vs. 101909
test-amd64-i386-libvirt-pair 20 guest-start/debian fail REGR. vs. 101909
test-armhf-armhf-libvirt-xsm 11 guest-start fail REGR. vs. 101909
test-amd64-i386-libvirt 11 guest-start fail REGR. vs. 101909
test-amd64-i386-libvirt-xsm 11 guest-start fail REGR. vs. 101909
test-armhf-armhf-libvirt-qcow2 9 debian-di-install fail REGR. vs. 101909
test-armhf-armhf-libvirt-raw 9 debian-di-install fail REGR. vs. 101909
test-armhf-armhf-libvirt 11 guest-start fail REGR. vs. 101909
Regressions which are regarded as allowable (not blocking):
test-amd64-i386-xl-qemuu-win7-amd64 16 guest-stop fail like 101909
test-amd64-amd64-xl-qemuu-win7-amd64 16 guest-stop fail like 101909
test-amd64-amd64-xl-rtds 9 debian-install fail like 101909
Tests which did not succeed, but are not blocking:
test-amd64-amd64-xl-pvh-intel 11 guest-start fail never pass
test-amd64-amd64-xl-pvh-amd 11 guest-start fail never pass
test-amd64-i386-libvirt-qemuu-debianhvm-amd64-xsm 10 migrate-support-check fail never pass
test-amd64-amd64-libvirt-qemuu-debianhvm-amd64-xsm 10 migrate-support-check fail never pass
test-armhf-armhf-xl 12 migrate-support-check fail never pass
test-armhf-armhf-xl 13 saverestore-support-check fail never pass
test-armhf-armhf-xl-cubietruck 12 migrate-support-check fail never pass
test-armhf-armhf-xl-cubietruck 13 saverestore-support-check fail never pass
test-amd64-amd64-qemuu-nested-amd 16 debian-hvm-install/l1/l2 fail never pass
test-armhf-armhf-xl-credit2 12 migrate-support-check fail never pass
test-armhf-armhf-xl-credit2 13 saverestore-support-check fail never pass
test-armhf-armhf-xl-arndale 12 migrate-support-check fail never pass
test-armhf-armhf-xl-arndale 13 saverestore-support-check fail never pass
test-armhf-armhf-xl-xsm 12 migrate-support-check fail never pass
test-armhf-armhf-xl-xsm 13 saverestore-support-check fail never pass
test-armhf-armhf-xl-multivcpu 12 migrate-support-check fail never pass
test-armhf-armhf-xl-multivcpu 13 saverestore-support-check fail never pass
test-armhf-armhf-xl-rtds 12 migrate-support-check fail never pass
test-armhf-armhf-xl-rtds 13 saverestore-support-check fail never pass
version targeted for testing:
qemuu d93b1fb009b64333d324a2fe76fe805f2ac2cda4
baseline version:
qemuu 199a5bde46b0eab898ab1ec591f423000302569f
Last test of basis 101909 2016-11-03 23:21:40 Z 17 days
Failing since 101943 2016-11-04 22:40:48 Z 16 days 37 attempts
Testing same since 102436 2016-11-19 22:13:58 Z 1 days 5 attempts
------------------------------------------------------------
People who touched revisions under test:
Alberto Garcia <berto@igalia.com>
Ankit Kumar <ankit@linux.vnet.ibm.com>
ann.zhuangyanying@huawei.com
Ashijeet Acharya <ashijeetacharya@gmail.com>
Balbir singh <bsingharora@gmail.com>
Bharata B Rao <bharata@linux.vnet.ibm.com>
Brian Candler <b.candler@pobox.com>
Christian Borntraeger <borntraeger@de.ibm.com>
Cornelia Huck <cornelia.huck@de.ibm.com>
Cédric Le Goater <clg@kaod.org>
Daniel Oram <daniel.oram@gmail.com>
Daniel P. Berrange <berrange@redhat.com>
David Gibson <david@gibson.dropbear.id.au>
Doug Evans <dje@google.com>
Eduardo Habkost <ehabkost@redhat.com>
Eric Blake <eblake@redhat.com>
Fam Zheng <famz@redhat.com>
Gautham R. Shenoy <ego@linux.vnet.ibm.com>
Gerd Hoffmann <kraxel@redhat.com>
Gonglei <arei.gonglei@huawei.com>
Greg Kurz <groug@kaod.org>
Halil Pasic <pasic@linux.vnet.ibm.com>
Igor Mammedov <imammedo@redhat.com>
Jason Wang <jasowang@redhat.com>
Jeff Cody <jcody@redhat.com>
John Snow <jsnow@redhat.com>
Jose Ricardo Ziviani <joserz@linux.vnet.ibm.com>
Juan Quintela <quintela@redhat.com>
Julian Brown <julian@codesourcery.com>
Kevin Wolf <kwolf@redhat.com>
Ladi Prosek <lprosek@redhat.com>
Laurent Vivier <laurent@vivier.eu>
Li Qiang <liqiang6-s@360.cn>
Marc-André Lureau <marcandre.lureau@redhat.com>
Marcel Apfelbaum <marcel@redhat.com>
Marcin Krzeminski <marcin.krzeminski@nokia.com>
Max Reitz <mreitz@redhat.com>
Michael S. Tsirkin <mst@redhat.com>
Michael Tokarev <mjt@tls.msk.ru>
Nikunj A Dadhania <nikunj@linux.vnet.ibm.com>
Olaf Hering <olaf@aepfle.de>
Paolo Bonzini <pbonzini@redhat.com>
Peter Korsgaard <peter@korsgaard.com>
Peter Maydell <peter.maydell@linaro.org>
Peter Xu <peterx@redhat.com>
Prasad J Pandit <pjp@fedoraproject.org>
Rafael David Tinoco <rafael.tinoco@canonical.com>
Richard Henderson <rth@twiddle.net>
Samuel Thibault <samuel.thibault@ens-lyon.org>
Sander Eikelenboom <linux@eikelenboom.it>
Stefan Hajnoczi <stefanha@redhat.com>
Stefano Stabellini <sstabellini@kernel.org>
Thomas Huth <thuth@redhat.com>
Tomáš Golembiovský <tgolembi@redhat.com>
Vladimir Sementsov-Ogievskiy <vsementsov@virtuozzo.com>
Wei Liu <wei.liu2@citrix.com>
Xiao Guangrong <guangrong.xiao@linux.intel.com>
Yuri Benditovich <yuri.benditovich@daynix.com>
Zhang Chen <zhangchen.fnst@cn.fujitsu.com>
zhanghailiang <zhang.zhanghailiang@huawei.com>
Zhuang Yanying <ann.zhuangyanying@huawei.com>
ZhuangYanying <ann.zhuangyanying@huawei.com>
jobs:
build-amd64-xsm pass
build-armhf-xsm pass
build-i386-xsm pass
build-amd64 pass
build-armhf pass
build-i386 pass
build-amd64-libvirt pass
build-armhf-libvirt pass
build-i386-libvirt pass
build-amd64-pvops pass
build-armhf-pvops pass
build-i386-pvops pass
test-amd64-amd64-xl pass
test-armhf-armhf-xl pass
test-amd64-i386-xl pass
test-amd64-amd64-libvirt-qemuu-debianhvm-amd64-xsm pass
test-amd64-i386-libvirt-qemuu-debianhvm-amd64-xsm pass
test-amd64-amd64-xl-qemuu-debianhvm-amd64-xsm pass
test-amd64-i386-xl-qemuu-debianhvm-amd64-xsm pass
test-amd64-amd64-libvirt-xsm fail
test-armhf-armhf-libvirt-xsm fail
test-amd64-i386-libvirt-xsm fail
test-amd64-amd64-xl-xsm pass
test-armhf-armhf-xl-xsm pass
test-amd64-i386-xl-xsm pass
test-amd64-amd64-qemuu-nested-amd fail
test-amd64-amd64-xl-pvh-amd fail
test-amd64-i386-qemuu-rhel6hvm-amd pass
test-amd64-amd64-xl-qemuu-debianhvm-amd64 pass
test-amd64-i386-xl-qemuu-debianhvm-amd64 pass
test-amd64-i386-freebsd10-amd64 pass
test-amd64-amd64-xl-qemuu-ovmf-amd64 pass
test-amd64-i386-xl-qemuu-ovmf-amd64 pass
test-amd64-amd64-xl-qemuu-win7-amd64 fail
test-amd64-i386-xl-qemuu-win7-amd64 fail
test-armhf-armhf-xl-arndale pass
test-amd64-amd64-xl-credit2 pass
test-armhf-armhf-xl-credit2 pass
test-armhf-armhf-xl-cubietruck pass
test-amd64-i386-freebsd10-i386 pass
test-amd64-amd64-qemuu-nested-intel pass
test-amd64-amd64-xl-pvh-intel fail
test-amd64-i386-qemuu-rhel6hvm-intel pass
test-amd64-amd64-libvirt fail
test-armhf-armhf-libvirt fail
test-amd64-i386-libvirt fail
test-amd64-amd64-xl-multivcpu pass
test-armhf-armhf-xl-multivcpu pass
test-amd64-amd64-pair pass
test-amd64-i386-pair pass
test-amd64-amd64-libvirt-pair fail
test-amd64-i386-libvirt-pair fail
test-amd64-amd64-amd64-pvgrub pass
test-amd64-amd64-i386-pvgrub pass
test-amd64-amd64-pygrub pass
test-armhf-armhf-libvirt-qcow2 fail
test-amd64-amd64-xl-qcow2 fail
test-armhf-armhf-libvirt-raw fail
test-amd64-i386-xl-raw pass
test-amd64-amd64-xl-rtds fail
test-armhf-armhf-xl-rtds pass
test-amd64-i386-xl-qemuu-winxpsp3-vcpus1 pass
test-amd64-amd64-libvirt-vhd fail
test-armhf-armhf-xl-vhd fail
test-amd64-amd64-xl-qemuu-winxpsp3 pass
test-amd64-i386-xl-qemuu-winxpsp3 pass
------------------------------------------------------------
sg-report-flight on osstest.test-lab.xenproject.org
logs: /home/logs/logs
images: /home/logs/images
Logs, config files, etc. are available at
http://logs.test-lab.xenproject.org/osstest/logs
Explanation of these reports, and of osstest in general, is at
http://xenbits.xen.org/gitweb/?p=osstest.git;a=blob;f=README.email;hb=master
http://xenbits.xen.org/gitweb/?p=osstest.git;a=blob;f=README;hb=master
Test harness code can be found at
http://xenbits.xen.org/gitweb?p=osstest.git;a=summary
Not pushing.
(No revision log; it would be 2868 lines long.)
[-- Attachment #2: Type: text/plain, Size: 127 bytes --]
_______________________________________________
Xen-devel mailing list
Xen-devel@lists.xen.org
https://lists.xen.org/xen-devel
reply other threads:[~2016-11-21 13:14 UTC|newest]
Thread overview: [no followups] expand[flat|nested] mbox.gz Atom feed
Reply instructions:
You may reply publicly to this message via plain-text email
using any one of the following methods:
* Save the following mbox file, import it into your mail client,
and reply-to-all from there: mbox
Avoid top-posting and favor interleaved quoting:
https://en.wikipedia.org/wiki/Posting_style#Interleaved_style
* Reply using the --to, --cc, and --in-reply-to
switches of git-send-email(1):
git send-email \
--in-reply-to=osstest-102468-mainreport@xen.org \
--to=osstest-admin@xenproject.org \
--cc=xen-devel@lists.xensource.com \
/path/to/YOUR_REPLY
https://kernel.org/pub/software/scm/git/docs/git-send-email.html
* If your mail client supports setting the In-Reply-To header
via mailto: links, try the mailto: link
Be sure your reply has a Subject: header at the top and a blank line
before the message body.
This is a public inbox, see mirroring instructions
for how to clone and mirror all data and code used for this inbox;
as well as URLs for NNTP newsgroup(s).