* [libvirt test] 102469: regressions - FAIL
@ 2016-11-21 10:53 osstest service owner
0 siblings, 0 replies; only message in thread
From: osstest service owner @ 2016-11-21 10:53 UTC (permalink / raw)
To: xen-devel, osstest-admin
flight 102469 libvirt real [real]
http://logs.test-lab.xenproject.org/osstest/logs/102469/
Regressions :-(
Tests which did not succeed and are blocking,
including tests which could not be run:
test-armhf-armhf-libvirt-raw 9 debian-di-install fail REGR. vs. 102443
Regressions which are regarded as allowable (not blocking):
test-armhf-armhf-libvirt 13 saverestore-support-check fail like 102443
test-armhf-armhf-libvirt-xsm 13 saverestore-support-check fail like 102443
test-armhf-armhf-libvirt-qcow2 12 saverestore-support-check fail like 102443
Tests which did not succeed, but are not blocking:
test-amd64-amd64-libvirt-xsm 12 migrate-support-check fail never pass
test-amd64-i386-libvirt-xsm 12 migrate-support-check fail never pass
test-amd64-amd64-libvirt 12 migrate-support-check fail never pass
test-amd64-amd64-libvirt-qemuu-debianhvm-amd64-xsm 10 migrate-support-check fail never pass
test-amd64-i386-libvirt-qemuu-debianhvm-amd64-xsm 10 migrate-support-check fail never pass
test-amd64-amd64-libvirt-vhd 11 migrate-support-check fail never pass
test-amd64-i386-libvirt 12 migrate-support-check fail never pass
test-armhf-armhf-libvirt 12 migrate-support-check fail never pass
test-armhf-armhf-libvirt-xsm 12 migrate-support-check fail never pass
test-armhf-armhf-libvirt-qcow2 11 migrate-support-check fail never pass
version targeted for testing:
libvirt 8158a19fd78947f0ee9d2e485225bac6eed68af5
baseline version:
libvirt 112b0959447906a9d9f352b3eb430ec2d5deb9ad
Last test of basis 102443 2016-11-20 04:21:32 Z 1 days
Testing same since 102469 2016-11-21 04:22:18 Z 0 days 1 attempts
------------------------------------------------------------
People who touched revisions under test:
Martin Kletzander <mkletzan@redhat.com>
jobs:
build-amd64-xsm pass
build-armhf-xsm pass
build-i386-xsm pass
build-amd64 pass
build-armhf pass
build-i386 pass
build-amd64-libvirt pass
build-armhf-libvirt pass
build-i386-libvirt pass
build-amd64-pvops pass
build-armhf-pvops pass
build-i386-pvops pass
test-amd64-amd64-libvirt-qemuu-debianhvm-amd64-xsm pass
test-amd64-i386-libvirt-qemuu-debianhvm-amd64-xsm pass
test-amd64-amd64-libvirt-xsm pass
test-armhf-armhf-libvirt-xsm pass
test-amd64-i386-libvirt-xsm pass
test-amd64-amd64-libvirt pass
test-armhf-armhf-libvirt pass
test-amd64-i386-libvirt pass
test-amd64-amd64-libvirt-pair pass
test-amd64-i386-libvirt-pair pass
test-armhf-armhf-libvirt-qcow2 pass
test-armhf-armhf-libvirt-raw fail
test-amd64-amd64-libvirt-vhd pass
------------------------------------------------------------
sg-report-flight on osstest.test-lab.xenproject.org
logs: /home/logs/logs
images: /home/logs/images
Logs, config files, etc. are available at
http://logs.test-lab.xenproject.org/osstest/logs
Explanation of these reports, and of osstest in general, is at
http://xenbits.xen.org/gitweb/?p=osstest.git;a=blob;f=README.email;hb=master
http://xenbits.xen.org/gitweb/?p=osstest.git;a=blob;f=README;hb=master
Test harness code can be found at
http://xenbits.xen.org/gitweb?p=osstest.git;a=summary
Not pushing.
------------------------------------------------------------
commit 8158a19fd78947f0ee9d2e485225bac6eed68af5
Author: Martin Kletzander <mkletzan@redhat.com>
Date: Sun Nov 20 21:46:21 2016 +0100
util: Print pid_t as long long
After commit f2bf5fbb0449, MinGW strikes again. Simply print pid as any
other place after commit b7d2d4af2bd5.
Signed-off-by: Martin Kletzander <mkletzan@redhat.com>
_______________________________________________
Xen-devel mailing list
Xen-devel@lists.xen.org
https://lists.xen.org/xen-devel
^ permalink raw reply [flat|nested] only message in thread
only message in thread, other threads:[~2016-11-21 10:53 UTC | newest]
Thread overview: (only message) (download: mbox.gz follow: Atom feed
-- links below jump to the message on this page --
2016-11-21 10:53 [libvirt test] 102469: regressions - FAIL osstest service owner
This is a public inbox, see mirroring instructions
for how to clone and mirror all data and code used for this inbox;
as well as URLs for NNTP newsgroup(s).