From mboxrd@z Thu Jan 1 00:00:00 1970 From: osstest service owner Subject: [qemu-mainline test] 102722: tolerable FAIL - PUSHED Date: Wed, 30 Nov 2016 18:16:58 +0000 Message-ID: Mime-Version: 1.0 Content-Type: multipart/mixed; boundary="===============4937154022593652987==" Return-path: List-Unsubscribe: , List-Post: List-Help: List-Subscribe: , Errors-To: xen-devel-bounces@lists.xen.org Sender: "Xen-devel" To: xen-devel@lists.xensource.com, osstest-admin@xenproject.org List-Id: xen-devel@lists.xenproject.org --===============4937154022593652987== Content-Type: text/plain flight 102722 qemu-mainline real [real] http://logs.test-lab.xenproject.org/osstest/logs/102722/ Failures :-/ but no regressions. Regressions which are regarded as allowable (not blocking): test-armhf-armhf-libvirt 13 saverestore-support-check fail like 102621 test-armhf-armhf-libvirt-xsm 13 saverestore-support-check fail like 102621 test-armhf-armhf-libvirt-qcow2 12 saverestore-support-check fail like 102621 test-amd64-i386-xl-qemuu-win7-amd64 16 guest-stop fail like 102621 test-amd64-amd64-xl-qemuu-win7-amd64 16 guest-stop fail like 102621 test-armhf-armhf-libvirt-raw 12 saverestore-support-check fail like 102621 test-amd64-amd64-xl-rtds 9 debian-install fail like 102621 Tests which did not succeed, but are not blocking: test-amd64-amd64-xl-pvh-intel 11 guest-start fail never pass test-amd64-i386-libvirt-xsm 12 migrate-support-check fail never pass test-amd64-i386-libvirt 12 migrate-support-check fail never pass test-amd64-amd64-libvirt 12 migrate-support-check fail never pass test-amd64-amd64-libvirt-vhd 11 migrate-support-check fail never pass test-amd64-i386-libvirt-qemuu-debianhvm-amd64-xsm 10 migrate-support-check fail never pass test-armhf-armhf-libvirt 12 migrate-support-check fail never pass test-amd64-amd64-libvirt-xsm 12 migrate-support-check fail never pass test-amd64-amd64-libvirt-qemuu-debianhvm-amd64-xsm 10 migrate-support-check fail never pass test-amd64-amd64-xl-pvh-amd 11 guest-start fail never pass test-armhf-armhf-libvirt-xsm 12 migrate-support-check fail never pass test-amd64-amd64-qemuu-nested-amd 16 debian-hvm-install/l1/l2 fail never pass test-armhf-armhf-xl-cubietruck 12 migrate-support-check fail never pass test-armhf-armhf-xl-cubietruck 13 saverestore-support-check fail never pass test-armhf-armhf-libvirt-qcow2 11 migrate-support-check fail never pass test-armhf-armhf-xl-credit2 12 migrate-support-check fail never pass test-armhf-armhf-xl-credit2 13 saverestore-support-check fail never pass test-armhf-armhf-xl-vhd 11 migrate-support-check fail never pass test-armhf-armhf-xl-vhd 12 saverestore-support-check fail never pass test-armhf-armhf-xl-arndale 12 migrate-support-check fail never pass test-armhf-armhf-xl-arndale 13 saverestore-support-check fail never pass test-armhf-armhf-xl-rtds 12 migrate-support-check fail never pass test-armhf-armhf-xl-rtds 13 saverestore-support-check fail never pass test-armhf-armhf-xl-multivcpu 12 migrate-support-check fail never pass test-armhf-armhf-xl-multivcpu 13 saverestore-support-check fail never pass test-armhf-armhf-xl-xsm 12 migrate-support-check fail never pass test-armhf-armhf-xl-xsm 13 saverestore-support-check fail never pass test-armhf-armhf-xl 12 migrate-support-check fail never pass test-armhf-armhf-xl 13 saverestore-support-check fail never pass test-armhf-armhf-libvirt-raw 11 migrate-support-check fail never pass version targeted for testing: qemuu 1cd56fd2e14f67ead2f0458b4ae052f19865c41c baseline version: qemuu 00227fefd2059464cd2f59aed29944874c630e2f Last test of basis 102621 2016-11-24 19:58:38 Z 5 days Testing same since 102722 2016-11-29 23:14:18 Z 0 days 1 attempts ------------------------------------------------------------ People who touched revisions under test: Adrian Bunk Alberto Garcia Alistair Francis Benjamin Herrenschmidt Bobby Bingham Changlimin David Gibson Dr. David Alan Gilbert Eduardo Habkost Eric Blake Fam Zheng Francis Deslauriers Greg Kurz Guenter Roeck Hervé Poussineau Jan Beulich Jose Ricardo Ziviani Kevin Wolf Laurent Vivier Li Qiang Mark Cave-Ayland Max Reitz Michael Roth Olaf Hering Paolo Bonzini Peter Maydell Peter Xu Richard Henderson Stefan Hajnoczi Stefano Stabellini Thomas Huth Vladimir Svoboda jobs: build-amd64-xsm pass build-armhf-xsm pass build-i386-xsm pass build-amd64 pass build-armhf pass build-i386 pass build-amd64-libvirt pass build-armhf-libvirt pass build-i386-libvirt pass build-amd64-pvops pass build-armhf-pvops pass build-i386-pvops pass test-amd64-amd64-xl pass test-armhf-armhf-xl pass test-amd64-i386-xl pass test-amd64-amd64-libvirt-qemuu-debianhvm-amd64-xsm pass test-amd64-i386-libvirt-qemuu-debianhvm-amd64-xsm pass test-amd64-amd64-xl-qemuu-debianhvm-amd64-xsm pass test-amd64-i386-xl-qemuu-debianhvm-amd64-xsm pass test-amd64-amd64-libvirt-xsm pass test-armhf-armhf-libvirt-xsm pass test-amd64-i386-libvirt-xsm pass test-amd64-amd64-xl-xsm pass test-armhf-armhf-xl-xsm pass test-amd64-i386-xl-xsm pass test-amd64-amd64-qemuu-nested-amd fail test-amd64-amd64-xl-pvh-amd fail test-amd64-i386-qemuu-rhel6hvm-amd pass test-amd64-amd64-xl-qemuu-debianhvm-amd64 pass test-amd64-i386-xl-qemuu-debianhvm-amd64 pass test-amd64-i386-freebsd10-amd64 pass test-amd64-amd64-xl-qemuu-ovmf-amd64 pass test-amd64-i386-xl-qemuu-ovmf-amd64 pass test-amd64-amd64-xl-qemuu-win7-amd64 fail test-amd64-i386-xl-qemuu-win7-amd64 fail test-armhf-armhf-xl-arndale pass test-amd64-amd64-xl-credit2 pass test-armhf-armhf-xl-credit2 pass test-armhf-armhf-xl-cubietruck pass test-amd64-i386-freebsd10-i386 pass test-amd64-amd64-qemuu-nested-intel pass test-amd64-amd64-xl-pvh-intel fail test-amd64-i386-qemuu-rhel6hvm-intel pass test-amd64-amd64-libvirt pass test-armhf-armhf-libvirt pass test-amd64-i386-libvirt pass test-amd64-amd64-xl-multivcpu pass test-armhf-armhf-xl-multivcpu pass test-amd64-amd64-pair pass test-amd64-i386-pair pass test-amd64-amd64-libvirt-pair pass test-amd64-i386-libvirt-pair pass test-amd64-amd64-amd64-pvgrub pass test-amd64-amd64-i386-pvgrub pass test-amd64-amd64-pygrub pass test-armhf-armhf-libvirt-qcow2 pass test-amd64-amd64-xl-qcow2 pass test-armhf-armhf-libvirt-raw pass test-amd64-i386-xl-raw pass test-amd64-amd64-xl-rtds fail test-armhf-armhf-xl-rtds pass test-amd64-i386-xl-qemuu-winxpsp3-vcpus1 pass test-amd64-amd64-libvirt-vhd pass test-armhf-armhf-xl-vhd pass test-amd64-amd64-xl-qemuu-winxpsp3 pass test-amd64-i386-xl-qemuu-winxpsp3 pass ------------------------------------------------------------ sg-report-flight on osstest.test-lab.xenproject.org logs: /home/logs/logs images: /home/logs/images Logs, config files, etc. are available at http://logs.test-lab.xenproject.org/osstest/logs Explanation of these reports, and of osstest in general, is at http://xenbits.xen.org/gitweb/?p=osstest.git;a=blob;f=README.email;hb=master http://xenbits.xen.org/gitweb/?p=osstest.git;a=blob;f=README;hb=master Test harness code can be found at http://xenbits.xen.org/gitweb?p=osstest.git;a=summary Pushing revision : + branch=qemu-mainline + revision=1cd56fd2e14f67ead2f0458b4ae052f19865c41c + . ./cri-lock-repos ++ . ./cri-common +++ . ./cri-getconfig +++ umask 002 +++ getrepos ++++ getconfig Repos ++++ perl -e ' use Osstest; readglobalconfig(); print $c{"Repos"} or die $!; ' +++ local repos=/home/osstest/repos +++ '[' -z /home/osstest/repos ']' +++ '[' '!' -d /home/osstest/repos ']' +++ echo /home/osstest/repos ++ repos=/home/osstest/repos ++ repos_lock=/home/osstest/repos/lock ++ '[' x '!=' x/home/osstest/repos/lock ']' ++ OSSTEST_REPOS_LOCK_LOCKED=/home/osstest/repos/lock ++ exec with-lock-ex -w /home/osstest/repos/lock ./ap-push qemu-mainline 1cd56fd2e14f67ead2f0458b4ae052f19865c41c + branch=qemu-mainline + revision=1cd56fd2e14f67ead2f0458b4ae052f19865c41c + . ./cri-lock-repos ++ . ./cri-common +++ . ./cri-getconfig +++ umask 002 +++ getrepos ++++ getconfig Repos ++++ perl -e ' use Osstest; readglobalconfig(); print $c{"Repos"} or die $!; ' +++ local repos=/home/osstest/repos +++ '[' -z /home/osstest/repos ']' +++ '[' '!' -d /home/osstest/repos ']' +++ echo /home/osstest/repos ++ repos=/home/osstest/repos ++ repos_lock=/home/osstest/repos/lock ++ '[' x/home/osstest/repos/lock '!=' x/home/osstest/repos/lock ']' + . ./cri-common ++ . ./cri-getconfig ++ umask 002 + select_xenbranch + case "$branch" in + tree=qemuu + xenbranch=xen-unstable + qemuubranch=qemu-mainline + '[' xqemuu = xlinux ']' + linuxbranch= + '[' xqemu-mainline = x ']' + select_prevxenbranch ++ ./cri-getprevxenbranch xen-unstable + prevxenbranch=xen-4.7-testing + '[' x1cd56fd2e14f67ead2f0458b4ae052f19865c41c = x ']' + : tested/2.6.39.x + . ./ap-common ++ : osstest@xenbits.xen.org +++ getconfig OsstestUpstream +++ perl -e ' use Osstest; readglobalconfig(); print $c{"OsstestUpstream"} or die $!; ' ++ : ++ : git://xenbits.xen.org/xen.git ++ : osstest@xenbits.xen.org:/home/xen/git/xen.git ++ : git://xenbits.xen.org/qemu-xen-traditional.git ++ : git://git.kernel.org ++ : git://git.kernel.org/pub/scm/linux/kernel/git ++ : git ++ : git://xenbits.xen.org/xtf.git ++ : osstest@xenbits.xen.org:/home/xen/git/xtf.git ++ : git://xenbits.xen.org/xtf.git ++ : git://xenbits.xen.org/libvirt.git ++ : osstest@xenbits.xen.org:/home/xen/git/libvirt.git ++ : git://xenbits.xen.org/libvirt.git ++ : git://xenbits.xen.org/osstest/rumprun.git ++ : git ++ : git://xenbits.xen.org/osstest/rumprun.git ++ : osstest@xenbits.xen.org:/home/xen/git/osstest/rumprun.git ++ : git://git.seabios.org/seabios.git ++ : osstest@xenbits.xen.org:/home/xen/git/osstest/seabios.git ++ : git://xenbits.xen.org/osstest/seabios.git ++ : https://github.com/tianocore/edk2.git ++ : osstest@xenbits.xen.org:/home/xen/git/osstest/ovmf.git ++ : git://xenbits.xen.org/osstest/ovmf.git ++ : git://xenbits.xen.org/osstest/linux-firmware.git ++ : osstest@xenbits.xen.org:/home/osstest/ext/linux-firmware.git ++ : git://git.kernel.org/pub/scm/linux/kernel/git/firmware/linux-firmware.git ++ : osstest@xenbits.xen.org:/home/xen/git/linux-pvops.git ++ : git://xenbits.xen.org/linux-pvops.git ++ : tested/linux-3.14 ++ : tested/linux-arm-xen ++ '[' xgit://xenbits.xen.org/linux-pvops.git = x ']' ++ '[' x = x ']' ++ : git://xenbits.xen.org/linux-pvops.git ++ : tested/linux-arm-xen ++ : git://git.kernel.org/pub/scm/linux/kernel/git/konrad/xen.git ++ : tested/2.6.39.x ++ : daily-cron.qemu-mainline ++ : daily-cron.qemu-mainline ++ : daily-cron.qemu-mainline ++ : daily-cron.qemu-mainline ++ : daily-cron.qemu-mainline ++ : daily-cron.qemu-mainline ++ : daily-cron.qemu-mainline ++ : http://hg.uk.xensource.com/carbon/trunk/linux-2.6.27 ++ : git://xenbits.xen.org/qemu-xen.git ++ : osstest@xenbits.xen.org:/home/xen/git/qemu-xen.git ++ : daily-cron.qemu-mainline ++ : git://git.qemu.org/qemu.git ++ : git://git.qemu.org/qemu.git + TREE_LINUX=osstest@xenbits.xen.org:/home/xen/git/linux-pvops.git + TREE_QEMU_UPSTREAM=osstest@xenbits.xen.org:/home/xen/git/qemu-xen.git + TREE_XEN=osstest@xenbits.xen.org:/home/xen/git/xen.git + TREE_LIBVIRT=osstest@xenbits.xen.org:/home/xen/git/libvirt.git + TREE_RUMPRUN=osstest@xenbits.xen.org:/home/xen/git/osstest/rumprun.git + TREE_SEABIOS=osstest@xenbits.xen.org:/home/xen/git/osstest/seabios.git + TREE_OVMF=osstest@xenbits.xen.org:/home/xen/git/osstest/ovmf.git + TREE_XTF=osstest@xenbits.xen.org:/home/xen/git/xtf.git + info_linux_tree qemu-mainline + case $1 in + return 1 + case "$branch" in + cd /home/osstest/repos/qemu-mainline + git push osstest@xenbits.xen.org:/home/xen/git/qemu-xen.git 1cd56fd2e14f67ead2f0458b4ae052f19865c41c:refs/heads/upstream-tested To osstest@xenbits.xen.org:/home/xen/git/qemu-xen.git 00227fe..1cd56fd 1cd56fd2e14f67ead2f0458b4ae052f19865c41c -> upstream-tested --===============4937154022593652987== Content-Type: text/plain; charset="utf-8" MIME-Version: 1.0 Content-Transfer-Encoding: base64 Content-Disposition: inline X19fX19fX19fX19fX19fX19fX19fX19fX19fX19fX19fX19fX19fX19fX19fX18KWGVuLWRldmVs IG1haWxpbmcgbGlzdApYZW4tZGV2ZWxAbGlzdHMueGVuLm9yZwpodHRwczovL2xpc3RzLnhlbi5v cmcveGVuLWRldmVsCg== --===============4937154022593652987==--