* [xen-4.7-testing test] 102725: regressions - FAIL
@ 2016-11-30 22:52 osstest service owner
0 siblings, 0 replies; only message in thread
From: osstest service owner @ 2016-11-30 22:52 UTC (permalink / raw)
To: xen-devel, osstest-admin
flight 102725 xen-4.7-testing real [real]
http://logs.test-lab.xenproject.org/osstest/logs/102725/
Regressions :-(
Tests which did not succeed and are blocking,
including tests which could not be run:
test-amd64-i386-xl-raw 10 guest-start fail REGR. vs. 102536
test-armhf-armhf-xl-vhd 9 debian-di-install fail REGR. vs. 102536
Regressions which are regarded as allowable (not blocking):
test-amd64-i386-rumprun-i386 16 rumprun-demo-xenstorels/xenstorels.repeat fail REGR. vs. 102536
test-armhf-armhf-libvirt-xsm 13 saverestore-support-check fail like 102536
test-armhf-armhf-libvirt 13 saverestore-support-check fail like 102536
test-armhf-armhf-libvirt-qcow2 12 saverestore-support-check fail like 102536
test-armhf-armhf-libvirt-raw 12 saverestore-support-check fail like 102536
test-amd64-i386-xl-qemuu-win7-amd64 16 guest-stop fail like 102536
test-amd64-amd64-xl-qemuu-win7-amd64 16 guest-stop fail like 102536
Tests which did not succeed, but are not blocking:
test-amd64-amd64-xl-pvh-intel 11 guest-start fail never pass
test-amd64-amd64-libvirt-xsm 12 migrate-support-check fail never pass
test-amd64-amd64-xl-pvh-amd 11 guest-start fail never pass
test-amd64-amd64-libvirt-qemuu-debianhvm-amd64-xsm 10 migrate-support-check fail never pass
test-amd64-amd64-libvirt 12 migrate-support-check fail never pass
test-armhf-armhf-xl-arndale 12 migrate-support-check fail never pass
test-armhf-armhf-xl-arndale 13 saverestore-support-check fail never pass
test-amd64-i386-libvirt-xsm 12 migrate-support-check fail never pass
test-amd64-amd64-qemuu-nested-amd 16 debian-hvm-install/l1/l2 fail never pass
test-amd64-amd64-libvirt-vhd 11 migrate-support-check fail never pass
test-armhf-armhf-xl-multivcpu 12 migrate-support-check fail never pass
test-armhf-armhf-xl-multivcpu 13 saverestore-support-check fail never pass
test-amd64-i386-libvirt-qemuu-debianhvm-amd64-xsm 10 migrate-support-check fail never pass
test-amd64-i386-libvirt 12 migrate-support-check fail never pass
test-armhf-armhf-xl-cubietruck 12 migrate-support-check fail never pass
test-armhf-armhf-xl-cubietruck 13 saverestore-support-check fail never pass
test-armhf-armhf-libvirt-xsm 12 migrate-support-check fail never pass
test-armhf-armhf-libvirt 12 migrate-support-check fail never pass
test-armhf-armhf-xl-credit2 12 migrate-support-check fail never pass
test-armhf-armhf-xl-credit2 13 saverestore-support-check fail never pass
test-amd64-amd64-xl-qemut-win7-amd64 16 guest-stop fail never pass
test-armhf-armhf-libvirt-qcow2 11 migrate-support-check fail never pass
test-armhf-armhf-libvirt-raw 11 migrate-support-check fail never pass
test-armhf-armhf-xl 12 migrate-support-check fail never pass
test-armhf-armhf-xl 13 saverestore-support-check fail never pass
test-armhf-armhf-xl-xsm 12 migrate-support-check fail never pass
test-armhf-armhf-xl-xsm 13 saverestore-support-check fail never pass
test-armhf-armhf-xl-rtds 12 migrate-support-check fail never pass
test-armhf-armhf-xl-rtds 13 saverestore-support-check fail never pass
version targeted for testing:
xen e144f21309b1f637919433caf734600da34962ec
baseline version:
xen 206fc7084dfaf05c55fd9de650f93a7ef9fe0722
Last test of basis 102536 2016-11-22 20:45:38 Z 8 days
Failing since 102711 2016-11-29 15:46:49 Z 1 days 2 attempts
Testing same since 102725 2016-11-30 03:06:03 Z 0 days 1 attempts
------------------------------------------------------------
People who touched revisions under test:
Ian Jackson <ian.jackson@eu.citrix.com>
Stefano Stabellini <sstabellini@kernel.org>
Wei Chen <Wei.Chen@arm.com>
jobs:
build-amd64-xsm pass
build-armhf-xsm pass
build-i386-xsm pass
build-amd64-xtf pass
build-amd64 pass
build-armhf pass
build-i386 pass
build-amd64-libvirt pass
build-armhf-libvirt pass
build-i386-libvirt pass
build-amd64-prev pass
build-i386-prev pass
build-amd64-pvops pass
build-armhf-pvops pass
build-i386-pvops pass
build-amd64-rumprun pass
build-i386-rumprun pass
test-xtf-amd64-amd64-1 pass
test-xtf-amd64-amd64-2 pass
test-xtf-amd64-amd64-3 pass
test-xtf-amd64-amd64-4 pass
test-xtf-amd64-amd64-5 pass
test-amd64-amd64-xl pass
test-armhf-armhf-xl pass
test-amd64-i386-xl pass
test-amd64-amd64-xl-qemut-debianhvm-amd64-xsm pass
test-amd64-i386-xl-qemut-debianhvm-amd64-xsm pass
test-amd64-amd64-libvirt-qemuu-debianhvm-amd64-xsm pass
test-amd64-i386-libvirt-qemuu-debianhvm-amd64-xsm pass
test-amd64-amd64-xl-qemuu-debianhvm-amd64-xsm pass
test-amd64-i386-xl-qemuu-debianhvm-amd64-xsm pass
test-amd64-amd64-xl-qemut-stubdom-debianhvm-amd64-xsm pass
test-amd64-i386-xl-qemut-stubdom-debianhvm-amd64-xsm pass
test-amd64-amd64-libvirt-xsm pass
test-armhf-armhf-libvirt-xsm pass
test-amd64-i386-libvirt-xsm pass
test-amd64-amd64-xl-xsm pass
test-armhf-armhf-xl-xsm pass
test-amd64-i386-xl-xsm pass
test-amd64-amd64-qemuu-nested-amd fail
test-amd64-amd64-xl-pvh-amd fail
test-amd64-i386-qemut-rhel6hvm-amd pass
test-amd64-i386-qemuu-rhel6hvm-amd pass
test-amd64-amd64-xl-qemut-debianhvm-amd64 pass
test-amd64-i386-xl-qemut-debianhvm-amd64 pass
test-amd64-amd64-xl-qemuu-debianhvm-amd64 pass
test-amd64-i386-xl-qemuu-debianhvm-amd64 pass
test-amd64-i386-freebsd10-amd64 pass
test-amd64-amd64-xl-qemuu-ovmf-amd64 pass
test-amd64-i386-xl-qemuu-ovmf-amd64 pass
test-amd64-amd64-rumprun-amd64 pass
test-amd64-amd64-xl-qemut-win7-amd64 fail
test-amd64-i386-xl-qemut-win7-amd64 pass
test-amd64-amd64-xl-qemuu-win7-amd64 fail
test-amd64-i386-xl-qemuu-win7-amd64 fail
test-armhf-armhf-xl-arndale pass
test-amd64-amd64-xl-credit2 pass
test-armhf-armhf-xl-credit2 pass
test-armhf-armhf-xl-cubietruck pass
test-amd64-i386-freebsd10-i386 pass
test-amd64-i386-rumprun-i386 fail
test-amd64-amd64-qemuu-nested-intel pass
test-amd64-amd64-xl-pvh-intel fail
test-amd64-i386-qemut-rhel6hvm-intel pass
test-amd64-i386-qemuu-rhel6hvm-intel pass
test-amd64-amd64-libvirt pass
test-armhf-armhf-libvirt pass
test-amd64-i386-libvirt pass
test-amd64-amd64-migrupgrade pass
test-amd64-i386-migrupgrade pass
test-amd64-amd64-xl-multivcpu pass
test-armhf-armhf-xl-multivcpu pass
test-amd64-amd64-pair pass
test-amd64-i386-pair pass
test-amd64-amd64-libvirt-pair pass
test-amd64-i386-libvirt-pair pass
test-amd64-amd64-amd64-pvgrub pass
test-amd64-amd64-i386-pvgrub pass
test-amd64-amd64-pygrub pass
test-armhf-armhf-libvirt-qcow2 pass
test-amd64-amd64-xl-qcow2 pass
test-armhf-armhf-libvirt-raw pass
test-amd64-i386-xl-raw fail
test-amd64-amd64-xl-rtds pass
test-armhf-armhf-xl-rtds pass
test-amd64-i386-xl-qemut-winxpsp3-vcpus1 pass
test-amd64-i386-xl-qemuu-winxpsp3-vcpus1 pass
test-amd64-amd64-libvirt-vhd pass
test-armhf-armhf-xl-vhd fail
test-amd64-amd64-xl-qemut-winxpsp3 pass
test-amd64-i386-xl-qemut-winxpsp3 pass
test-amd64-amd64-xl-qemuu-winxpsp3 pass
test-amd64-i386-xl-qemuu-winxpsp3 pass
------------------------------------------------------------
sg-report-flight on osstest.test-lab.xenproject.org
logs: /home/logs/logs
images: /home/logs/images
Logs, config files, etc. are available at
http://logs.test-lab.xenproject.org/osstest/logs
Explanation of these reports, and of osstest in general, is at
http://xenbits.xen.org/gitweb/?p=osstest.git;a=blob;f=README.email;hb=master
http://xenbits.xen.org/gitweb/?p=osstest.git;a=blob;f=README;hb=master
Test harness code can be found at
http://xenbits.xen.org/gitweb?p=osstest.git;a=summary
Not pushing.
------------------------------------------------------------
commit e144f21309b1f637919433caf734600da34962ec
Author: Ian Jackson <ian.jackson@eu.citrix.com>
Date: Tue Nov 29 18:37:20 2016 +0000
QEMU_TAG update
commit 0726cb5f06dda6276fcf999d472b15c958d49a8d
Author: Wei Chen <Wei.Chen@arm.com>
Date: Tue Nov 29 16:10:09 2016 +0100
arm32: handle async aborts delivered while at HYP
If guest generates an asynchronous abort and then traps into HYP
(by HVC or IRQ) before the abort has been delivered, the hypervisor
could not catch it, because the PSTATE.A bit is masked all the time
in hypervisor. So this asynchronous abort may be slipped to next
running guest with PSTATE.A bit unmasked.
In order to avoid this, it is necessary to take the abort at HYP, by
clearing the PSTATE.A bit. In this patch, we unmask the PSTATE.A bit
to open a window to catch guest-generated asynchronous abort in all
Guest -> HYP switch paths. If we caught such asynchronous abort in
checking window, the HYP data abort exception will be triggered and
the abort source guest will be crashed.
This is part of XSA-201.
Signed-off-by: Wei Chen <Wei.Chen@arm.com>
Reviewed-by: Julien Grall <julien.grall@arm.com>
Acked-by: Stefano Stabellini <sstabellini@kernel.org>
master commit: 6aaff7b407ca76dcfc4fe81f2afe9d1594cb0d6b
master date: 2016-11-29 15:59:55 +0100
commit 32282af635e51d39a7deb778b1004ca608f8aab6
Author: Wei Chen <Wei.Chen@arm.com>
Date: Tue Nov 29 16:09:40 2016 +0100
arm: crash the guest when it traps on external abort
If we spot a data or prefetch abort bearing the ESR_EL2.EA bit set, we
know that this is an external abort, and that should crash the guest.
This is part of XSA-201.
Signed-off-by: Wei Chen <Wei.Chen@arm.com>
Reviewed-by: Stefano Stabellini <sstabellini@kernel.org>
Reviewed-by: Steve Capper <steve.capper@arm.com>
Reviewed-by: Julien Grall <Julien.Grall@arm.com>
master commit: f8c6a9334b251d2e78b0873a71b4d369908fb123
master date: 2016-11-29 15:59:26 +0100
commit cf21f0cd30fdf22a8ee071efe46c78517b8044aa
Author: Wei Chen <Wei.Chen@arm.com>
Date: Tue Nov 29 16:09:20 2016 +0100
arm64: handle async aborts delivered while at EL2
If EL1 generates an asynchronous abort and then traps into EL2
(by HVC or IRQ) before the abort has been delivered, the hypervisor
could not catch it, because the PSTATE.A bit is masked all the time
in hypervisor. So this asynchronous abort may be slipped to next
running guest with PSTATE.A bit unmasked.
In order to avoid this, it is necessary to take the abort at EL2, by
clearing the PSTATE.A bit. In this patch, we unmask the PSTATE.A bit
to open a window to catch guest-generated asynchronous abort in all
EL1 -> EL2 swich paths. If we catched such asynchronous abort in
checking window, the hyp_error exception will be triggered and the
abort source guest will be crashed.
This is part of XSA-201.
Signed-off-by: Wei Chen <Wei.Chen@arm.com>
Reviewed-by: Julien Grall <julien.grall@arm.com>
Acked-by: Stefano Stabellini <sstabellini@kernel.org>
master commit: 36008800e81bc061cce1fd204a0b638f9dc61c70
master date: 2016-11-29 15:58:57 +0100
commit a2d232da5b97360c4c6bf01396c792b82ffa1813
Author: Wei Chen <Wei.Chen@arm.com>
Date: Tue Nov 29 16:08:57 2016 +0100
arm64: handle guest-generated EL1 asynchronous abort
In current code, when the hypervisor receives an asynchronous abort
from a guest, the hypervisor will do panic, the host will be down.
We have to prevent such security issue, so, in this patch we crash
the guest, when the hypervisor receives an asynchronous abort from
the guest.
This is part of XSA-201.
Signed-off-by: Wei Chen <Wei.Chen@arm.com>
Reviewed-by: Stefano Stabellini <sstabellini@kernel.org>
Reviewed-by: Steve Capper <steve.capper@arm.com>
Reviewed-by: Julien Grall <Julien.Grall@arm.com>
master commit: 2cf7d2bafb9b68add1710b8c3f7ecad58e53a9db
master date: 2016-11-29 15:57:52 +0100
(qemu changes not included)
_______________________________________________
Xen-devel mailing list
Xen-devel@lists.xen.org
https://lists.xen.org/xen-devel
^ permalink raw reply [flat|nested] only message in thread
only message in thread, other threads:[~2016-11-30 22:52 UTC | newest]
Thread overview: (only message) (download: mbox.gz follow: Atom feed
-- links below jump to the message on this page --
2016-11-30 22:52 [xen-4.7-testing test] 102725: regressions - FAIL osstest service owner
This is a public inbox, see mirroring instructions
for how to clone and mirror all data and code used for this inbox;
as well as URLs for NNTP newsgroup(s).