* [xen-4.4-testing test] 102730: regressions - trouble: blocked/broken/fail/pass
@ 2016-12-01 6:24 osstest service owner
0 siblings, 0 replies; only message in thread
From: osstest service owner @ 2016-12-01 6:24 UTC (permalink / raw)
To: xen-devel, osstest-admin
flight 102730 xen-4.4-testing real [real]
http://logs.test-lab.xenproject.org/osstest/logs/102730/
Regressions :-(
Tests which did not succeed and are blocking,
including tests which could not be run:
build-armhf 3 host-install(3) broken REGR. vs. 102521
test-amd64-i386-xend-qemut-winxpsp3 9 windows-install fail REGR. vs. 102521
test-armhf-armhf-xl-multivcpu 11 guest-start fail in 102718 REGR. vs. 102521
Tests which are failing intermittently (not blocking):
test-amd64-amd64-amd64-pvgrub 9 debian-di-install fail pass in 102718
test-amd64-i386-xl-qemuu-debianhvm-amd64 9 debian-hvm-install fail pass in 102718
test-amd64-i386-xl-qemuu-ovmf-amd64 9 debian-hvm-install fail pass in 102718
test-amd64-i386-qemuu-rhel6hvm-amd 9 redhat-install fail pass in 102718
test-amd64-amd64-i386-pvgrub 9 debian-di-install fail pass in 102718
test-xtf-amd64-amd64-2 20 xtf/test-hvm32-invlpg~shadow fail pass in 102718
test-amd64-i386-qemut-rhel6hvm-intel 9 redhat-install fail pass in 102718
test-xtf-amd64-amd64-2 29 xtf/test-hvm32pae-invlpg~shadow fail pass in 102718
test-xtf-amd64-amd64-2 40 xtf/test-hvm64-invlpg~shadow fail pass in 102718
test-amd64-i386-pv 14 guest-saverestore fail pass in 102718
test-amd64-amd64-xl-qemuu-winxpsp3 15 guest-localmigrate/x10 fail pass in 102718
Regressions which are regarded as allowable (not blocking):
test-xtf-amd64-amd64-4 16 xtf/test-pv32pae-selftest fail in 102718 like 102521
test-xtf-amd64-amd64-2 16 xtf/test-pv32pae-selftest fail in 102718 like 102521
test-amd64-i386-xl-qemut-win7-amd64 16 guest-stop fail like 102521
test-amd64-amd64-xl-qemut-win7-amd64 16 guest-stop fail like 102521
test-amd64-i386-xl-qemuu-win7-amd64 16 guest-stop fail like 102521
test-amd64-amd64-xl-qemuu-win7-amd64 16 guest-stop fail like 102521
Tests which did not succeed, but are not blocking:
test-armhf-armhf-libvirt 1 build-check(1) blocked n/a
test-armhf-armhf-libvirt-raw 1 build-check(1) blocked n/a
test-armhf-armhf-xl-credit2 1 build-check(1) blocked n/a
test-armhf-armhf-xl-arndale 1 build-check(1) blocked n/a
test-armhf-armhf-xl-multivcpu 1 build-check(1) blocked n/a
test-amd64-amd64-rumprun-amd64 1 build-check(1) blocked n/a
build-armhf-libvirt 1 build-check(1) blocked n/a
test-armhf-armhf-libvirt-qcow2 1 build-check(1) blocked n/a
test-armhf-armhf-xl 1 build-check(1) blocked n/a
test-armhf-armhf-xl-vhd 1 build-check(1) blocked n/a
test-amd64-i386-rumprun-i386 1 build-check(1) blocked n/a
test-armhf-armhf-xl-cubietruck 1 build-check(1) blocked n/a
test-xtf-amd64-amd64-4 18 xtf/test-hvm32-cpuid-faulting fail in 102718 never pass
test-armhf-armhf-libvirt-qcow2 9 debian-di-install fail in 102718 never pass
test-armhf-armhf-xl-vhd 9 debian-di-install fail in 102718 never pass
test-armhf-armhf-libvirt-raw 9 debian-di-install fail in 102718 never pass
test-xtf-amd64-amd64-2 18 xtf/test-hvm32-cpuid-faulting fail in 102718 never pass
test-xtf-amd64-amd64-4 27 xtf/test-hvm32pae-cpuid-faulting fail in 102718 never pass
test-xtf-amd64-amd64-2 27 xtf/test-hvm32pae-cpuid-faulting fail in 102718 never pass
test-xtf-amd64-amd64-4 33 xtf/test-hvm32pse-cpuid-faulting fail in 102718 never pass
test-xtf-amd64-amd64-2 33 xtf/test-hvm32pse-cpuid-faulting fail in 102718 never pass
test-xtf-amd64-amd64-4 37 xtf/test-hvm64-cpuid-faulting fail in 102718 never pass
test-xtf-amd64-amd64-2 37 xtf/test-hvm64-cpuid-faulting fail in 102718 never pass
test-xtf-amd64-amd64-2 49 xtf/test-pv64-cpuid-faulting fail in 102718 never pass
test-xtf-amd64-amd64-4 49 xtf/test-pv64-cpuid-faulting fail in 102718 never pass
test-armhf-armhf-xl-credit2 12 migrate-support-check fail in 102718 never pass
test-armhf-armhf-xl-arndale 12 migrate-support-check fail in 102718 never pass
test-armhf-armhf-xl-credit2 13 saverestore-support-check fail in 102718 never pass
test-armhf-armhf-xl-arndale 13 saverestore-support-check fail in 102718 never pass
test-armhf-armhf-libvirt 11 guest-start fail in 102718 never pass
test-armhf-armhf-xl-cubietruck 12 migrate-support-check fail in 102718 never pass
test-armhf-armhf-xl 12 migrate-support-check fail in 102718 never pass
test-armhf-armhf-xl-cubietruck 13 saverestore-support-check fail in 102718 never pass
test-armhf-armhf-xl 13 saverestore-support-check fail in 102718 never pass
test-xtf-amd64-amd64-5 10 xtf-fep fail never pass
build-i386-rumprun 7 xen-build fail never pass
test-xtf-amd64-amd64-5 16 xtf/test-pv32pae-selftest fail never pass
test-xtf-amd64-amd64-5 18 xtf/test-hvm32-cpuid-faulting fail never pass
build-amd64-rumprun 7 xen-build fail never pass
test-xtf-amd64-amd64-4 51 xtf/test-pv32pae-pv-iopl~hypercall fail never pass
test-xtf-amd64-amd64-2 51 xtf/test-pv32pae-pv-iopl~hypercall fail never pass
test-xtf-amd64-amd64-4 52 xtf/test-pv32pae-pv-iopl~vmassist fail never pass
test-xtf-amd64-amd64-2 52 xtf/test-pv32pae-pv-iopl~vmassist fail never pass
test-xtf-amd64-amd64-4 10 xtf-fep fail never pass
test-xtf-amd64-amd64-3 10 xtf-fep fail never pass
test-xtf-amd64-amd64-2 10 xtf-fep fail never pass
test-amd64-i386-libvirt 12 migrate-support-check fail never pass
test-xtf-amd64-amd64-1 10 xtf-fep fail never pass
test-xtf-amd64-amd64-3 16 xtf/test-pv32pae-selftest fail never pass
test-xtf-amd64-amd64-3 18 xtf/test-hvm32-cpuid-faulting fail never pass
test-xtf-amd64-amd64-5 27 xtf/test-hvm32pae-cpuid-faulting fail never pass
test-xtf-amd64-amd64-5 33 xtf/test-hvm32pse-cpuid-faulting fail never pass
test-xtf-amd64-amd64-1 16 xtf/test-pv32pae-selftest fail never pass
test-xtf-amd64-amd64-1 18 xtf/test-hvm32-cpuid-faulting fail never pass
test-xtf-amd64-amd64-3 27 xtf/test-hvm32pae-cpuid-faulting fail never pass
test-xtf-amd64-amd64-5 37 xtf/test-hvm64-cpuid-faulting fail never pass
test-xtf-amd64-amd64-3 33 xtf/test-hvm32pse-cpuid-faulting fail never pass
test-xtf-amd64-amd64-3 37 xtf/test-hvm64-cpuid-faulting fail never pass
test-xtf-amd64-amd64-1 27 xtf/test-hvm32pae-cpuid-faulting fail never pass
test-amd64-amd64-libvirt-vhd 11 migrate-support-check fail never pass
test-xtf-amd64-amd64-1 33 xtf/test-hvm32pse-cpuid-faulting fail never pass
test-xtf-amd64-amd64-3 49 xtf/test-pv64-cpuid-faulting fail never pass
test-xtf-amd64-amd64-3 51 xtf/test-pv64-pv-iopl~hypercall fail never pass
test-xtf-amd64-amd64-3 52 xtf/test-pv64-pv-iopl~vmassist fail never pass
test-xtf-amd64-amd64-1 37 xtf/test-hvm64-cpuid-faulting fail never pass
test-xtf-amd64-amd64-2 59 xtf/test-pv64-pv-iopl~hypercall fail never pass
test-xtf-amd64-amd64-2 60 xtf/test-pv64-pv-iopl~vmassist fail never pass
test-amd64-amd64-qemuu-nested-intel 16 debian-hvm-install/l1/l2 fail never pass
test-xtf-amd64-amd64-5 49 xtf/test-pv64-cpuid-faulting fail never pass
test-xtf-amd64-amd64-1 49 xtf/test-pv64-cpuid-faulting fail never pass
test-xtf-amd64-amd64-4 59 xtf/test-pv64-pv-iopl~hypercall fail never pass
test-xtf-amd64-amd64-4 60 xtf/test-pv64-pv-iopl~vmassist fail never pass
test-xtf-amd64-amd64-1 51 xtf/test-pv64-pv-iopl~hypercall fail never pass
test-xtf-amd64-amd64-1 52 xtf/test-pv64-pv-iopl~vmassist fail never pass
test-amd64-amd64-libvirt 12 migrate-support-check fail never pass
test-xtf-amd64-amd64-5 51 xtf/test-pv64-pv-iopl~hypercall fail never pass
test-xtf-amd64-amd64-5 52 xtf/test-pv64-pv-iopl~vmassist fail never pass
test-amd64-amd64-qemuu-nested-amd 16 debian-hvm-install/l1/l2 fail never pass
version targeted for testing:
xen 1c1bfc1cf252f76b69664a7a6446d205da28f382
baseline version:
xen 6639a202f285ace4adf57453ade066bd4b4298e0
Last test of basis 102521 2016-11-22 13:45:20 Z 8 days
Testing same since 102718 2016-11-29 19:17:21 Z 1 days 2 attempts
------------------------------------------------------------
People who touched revisions under test:
Ian Jackson <ian.jackson@eu.citrix.com>
Jan Beulich <jbeulich@suse.com>
jobs:
build-amd64-xend pass
build-i386-xend pass
build-amd64-xtf pass
build-amd64 pass
build-armhf broken
build-i386 pass
build-amd64-libvirt pass
build-armhf-libvirt blocked
build-i386-libvirt pass
build-amd64-pvops pass
build-armhf-pvops pass
build-i386-pvops pass
build-amd64-rumprun fail
build-i386-rumprun fail
test-xtf-amd64-amd64-1 pass
test-xtf-amd64-amd64-2 pass
test-xtf-amd64-amd64-3 pass
test-xtf-amd64-amd64-4 pass
test-xtf-amd64-amd64-5 pass
test-amd64-amd64-xl pass
test-armhf-armhf-xl blocked
test-amd64-i386-xl pass
test-amd64-amd64-qemuu-nested-amd fail
test-amd64-i386-qemut-rhel6hvm-amd pass
test-amd64-i386-qemuu-rhel6hvm-amd fail
test-amd64-amd64-xl-qemut-debianhvm-amd64 pass
test-amd64-i386-xl-qemut-debianhvm-amd64 pass
test-amd64-amd64-xl-qemuu-debianhvm-amd64 pass
test-amd64-i386-xl-qemuu-debianhvm-amd64 fail
test-amd64-i386-freebsd10-amd64 pass
test-amd64-amd64-xl-qemuu-ovmf-amd64 pass
test-amd64-i386-xl-qemuu-ovmf-amd64 fail
test-amd64-amd64-rumprun-amd64 blocked
test-amd64-amd64-xl-qemut-win7-amd64 fail
test-amd64-i386-xl-qemut-win7-amd64 fail
test-amd64-amd64-xl-qemuu-win7-amd64 fail
test-amd64-i386-xl-qemuu-win7-amd64 fail
test-armhf-armhf-xl-arndale blocked
test-amd64-amd64-xl-credit2 pass
test-armhf-armhf-xl-credit2 blocked
test-armhf-armhf-xl-cubietruck blocked
test-amd64-i386-freebsd10-i386 pass
test-amd64-i386-rumprun-i386 blocked
test-amd64-amd64-qemuu-nested-intel fail
test-amd64-i386-qemut-rhel6hvm-intel fail
test-amd64-i386-qemuu-rhel6hvm-intel pass
test-amd64-amd64-libvirt pass
test-armhf-armhf-libvirt blocked
test-amd64-i386-libvirt pass
test-amd64-amd64-xl-multivcpu pass
test-armhf-armhf-xl-multivcpu blocked
test-amd64-amd64-pair pass
test-amd64-i386-pair pass
test-amd64-amd64-libvirt-pair pass
test-amd64-i386-libvirt-pair pass
test-amd64-amd64-pv pass
test-amd64-i386-pv fail
test-amd64-amd64-amd64-pvgrub fail
test-amd64-amd64-i386-pvgrub fail
test-amd64-amd64-pygrub pass
test-armhf-armhf-libvirt-qcow2 blocked
test-amd64-amd64-xl-qcow2 pass
test-armhf-armhf-libvirt-raw blocked
test-amd64-i386-xl-raw pass
test-amd64-i386-xl-qemut-winxpsp3-vcpus1 pass
test-amd64-i386-xl-qemuu-winxpsp3-vcpus1 pass
test-amd64-amd64-libvirt-vhd pass
test-armhf-armhf-xl-vhd blocked
test-amd64-i386-xend-qemut-winxpsp3 fail
test-amd64-amd64-xl-qemut-winxpsp3 pass
test-amd64-amd64-xl-qemuu-winxpsp3 fail
------------------------------------------------------------
sg-report-flight on osstest.test-lab.xenproject.org
logs: /home/logs/logs
images: /home/logs/images
Logs, config files, etc. are available at
http://logs.test-lab.xenproject.org/osstest/logs
Explanation of these reports, and of osstest in general, is at
http://xenbits.xen.org/gitweb/?p=osstest.git;a=blob;f=README.email;hb=master
http://xenbits.xen.org/gitweb/?p=osstest.git;a=blob;f=README;hb=master
Test harness code can be found at
http://xenbits.xen.org/gitweb?p=osstest.git;a=summary
broken-step build-armhf host-install(3)
Not pushing.
------------------------------------------------------------
commit 1c1bfc1cf252f76b69664a7a6446d205da28f382
Author: Ian Jackson <ian.jackson@eu.citrix.com>
Date: Tue Nov 29 18:40:26 2016 +0000
QEMU_TAG update
========================================
commit 851b5ee8ae2a841373d605ae6f755cb33a3626f9
Author: Jan Beulich <jbeulich@suse.com>
Date: Tue Nov 29 18:38:24 2016 +0000
xen: fix ioreq handling
Avoid double fetches and bounds check size to avoid overflowing
internal variables.
This is XSA-197.
Reported-by: yanghongke <yanghongke@huawei.com>
Signed-off-by: Jan Beulich <jbeulich@suse.com>
Reviewed-by: Ian Jackson <ian.jackson@eu.citrix.com>
(cherry picked from commit fadd27b1a7d6f5cfc4786ef09d60b368e44226ad)
_______________________________________________
Xen-devel mailing list
Xen-devel@lists.xen.org
https://lists.xen.org/xen-devel
^ permalink raw reply [flat|nested] only message in thread
only message in thread, other threads:[~2016-12-01 6:24 UTC | newest]
Thread overview: (only message) (download: mbox.gz follow: Atom feed
-- links below jump to the message on this page --
2016-12-01 6:24 [xen-4.4-testing test] 102730: regressions - trouble: blocked/broken/fail/pass osstest service owner
This is a public inbox, see mirroring instructions
for how to clone and mirror all data and code used for this inbox;
as well as URLs for NNTP newsgroup(s).