xen-devel.lists.xenproject.org archive mirror
 help / color / mirror / Atom feed
* [linux-4.1 test] 102929: regressions - trouble: broken/fail/pass
@ 2016-12-06  2:34 osstest service owner
  0 siblings, 0 replies; only message in thread
From: osstest service owner @ 2016-12-06  2:34 UTC (permalink / raw)
  To: xen-devel, osstest-admin

[-- Attachment #1: Type: text/plain, Size: 19376 bytes --]

flight 102929 linux-4.1 real [real]
http://logs.test-lab.xenproject.org/osstest/logs/102929/

Regressions :-(

Tests which did not succeed and are blocking,
including tests which could not be run:
 test-armhf-armhf-xl-rtds        <none executed>              broken
 test-armhf-armhf-xl-vhd         <none executed>              broken
 test-armhf-armhf-xl-multivcpu    <none executed>              broken
 test-armhf-armhf-libvirt-xsm    <none executed>              broken
 test-armhf-armhf-xl-xsm         <none executed>              broken
 test-armhf-armhf-xl-arndale     <none executed>              broken
 test-armhf-armhf-libvirt        <none executed>              broken
 test-armhf-armhf-xl-cubietruck    <none executed>              broken
 test-armhf-armhf-libvirt-qcow2    <none executed>              broken
 test-armhf-armhf-xl-credit2     <none executed>              broken
 test-armhf-armhf-xl             <none executed>              broken
 test-armhf-armhf-libvirt-raw    <none executed>              broken
 test-amd64-amd64-xl-pvh-intel  6 xen-boot                fail REGR. vs. 101737
 test-amd64-amd64-xl-qemuu-winxpsp3  6 xen-boot           fail REGR. vs. 101737
 test-amd64-amd64-xl           6 xen-boot                 fail REGR. vs. 101737
 test-amd64-i386-libvirt-qemuu-debianhvm-amd64-xsm 6 xen-boot fail REGR. vs. 101737
 test-amd64-amd64-xl-qemut-debianhvm-amd64-xsm 6 xen-boot fail REGR. vs. 101737
 test-amd64-i386-xl-qemuu-debianhvm-amd64-xsm  6 xen-boot fail REGR. vs. 101737
 test-amd64-amd64-xl-multivcpu  6 xen-boot                fail REGR. vs. 101737
 test-amd64-i386-xl-qemut-win7-amd64  6 xen-boot          fail REGR. vs. 101737
 test-amd64-i386-pair          9 xen-boot/src_host        fail REGR. vs. 101737
 test-amd64-i386-pair         10 xen-boot/dst_host        fail REGR. vs. 101737
 test-amd64-amd64-qemuu-nested-intel  6 xen-boot          fail REGR. vs. 101737
 test-amd64-i386-freebsd10-amd64  6 xen-boot              fail REGR. vs. 101737
 build-armhf-pvops             5 kernel-build   fail in 102733 REGR. vs. 101737

Tests which are failing intermittently (not blocking):
 test-amd64-amd64-libvirt-vhd 9 debian-di-install fail in 102733 pass in 102886
 test-armhf-armhf-libvirt-xsm 14 guest-stop       fail in 102755 pass in 102886
 test-amd64-amd64-xl-xsm 19 guest-start/debian.repeat fail in 102755 pass in 102929
 test-armhf-armhf-xl-multivcpu 11 guest-start     fail in 102829 pass in 102886
 test-amd64-i386-xl-xsm        6 xen-boot         fail in 102886 pass in 102929
 test-amd64-amd64-qemuu-nested-amd 9 debian-hvm-install fail in 102886 pass in 102929
 test-amd64-i386-xl-qemuu-winxpsp3-vcpus1 9 windows-install fail in 102886 pass in 102929
 test-amd64-i386-qemuu-rhel6hvm-intel  6 xen-boot           fail pass in 102733
 test-amd64-amd64-libvirt      6 xen-boot                   fail pass in 102733
 test-amd64-i386-xl-raw        6 xen-boot                   fail pass in 102733
 test-amd64-i386-libvirt-xsm   6 xen-boot                   fail pass in 102755
 test-amd64-amd64-xl-qemut-winxpsp3  6 xen-boot             fail pass in 102755
 test-amd64-i386-qemut-rhel6hvm-intel  6 xen-boot           fail pass in 102829
 test-amd64-amd64-libvirt-qemuu-debianhvm-amd64-xsm 6 xen-boot fail pass in 102886
 test-amd64-amd64-libvirt-vhd  6 xen-boot                   fail pass in 102886

Regressions which are regarded as allowable (not blocking):
 test-armhf-armhf-xl-rtds 15 guest-start/debian.repeat fail in 102755 like 101715
 test-armhf-armhf-xl-credit2  11 guest-start         fail in 102829 like 101737
 test-armhf-armhf-xl-xsm      11 guest-start         fail in 102829 like 101737
 test-amd64-i386-rumprun-i386 16 rumprun-demo-xenstorels/xenstorels.repeat fail in 102886 blocked in 101737
 test-armhf-armhf-xl-rtds     16 guest-start.2 fail in 102886 blocked in 101737
 test-armhf-armhf-libvirt 15 guest-start/debian.repeat fail in 102886 like 101672
 test-armhf-armhf-xl-credit2 15 guest-start/debian.repeat fail in 102886 like 101687
 test-armhf-armhf-xl-xsm 15 guest-start/debian.repeat fail in 102886 like 101715
 test-armhf-armhf-xl-cubietruck 15 guest-start/debian.repeat fail in 102886 like 101715
 test-armhf-armhf-libvirt 13 saverestore-support-check fail in 102886 like 101737
 test-armhf-armhf-xl    15 guest-start/debian.repeat fail in 102886 like 101737
 test-armhf-armhf-libvirt-xsm 15 guest-start/debian.repeat fail in 102886 like 101737
 test-armhf-armhf-xl-multivcpu 15 guest-start/debian.repeat fail in 102886 like 101737
 test-armhf-armhf-libvirt-qcow2  9 debian-di-install fail in 102886 like 101737
 test-armhf-armhf-libvirt-xsm 13 saverestore-support-check fail in 102886 like 101737
 test-armhf-armhf-xl-vhd       9 debian-di-install   fail in 102886 like 101737
 test-amd64-i386-xl-qemuu-win7-amd64 16 guest-stop             fail like 101737
 test-amd64-amd64-xl-qemut-win7-amd64 16 guest-stop            fail like 101737
 test-amd64-amd64-xl-qemuu-win7-amd64 16 guest-stop            fail like 101737

Tests which did not succeed, but are not blocking:
 test-armhf-armhf-xl-multivcpu  1 build-check(1)          blocked in 102733 n/a
 test-armhf-armhf-libvirt      1 build-check(1)           blocked in 102733 n/a
 test-armhf-armhf-libvirt-qcow2  1 build-check(1)         blocked in 102733 n/a
 test-armhf-armhf-libvirt-raw  1 build-check(1)           blocked in 102733 n/a
 test-armhf-armhf-xl           1 build-check(1)           blocked in 102733 n/a
 test-armhf-armhf-xl-vhd       1 build-check(1)           blocked in 102733 n/a
 test-armhf-armhf-xl-credit2   1 build-check(1)           blocked in 102733 n/a
 test-armhf-armhf-xl-cubietruck  1 build-check(1)         blocked in 102733 n/a
 test-armhf-armhf-xl-rtds      1 build-check(1)           blocked in 102733 n/a
 test-armhf-armhf-xl-arndale   1 build-check(1)           blocked in 102733 n/a
 test-armhf-armhf-libvirt-xsm  1 build-check(1)           blocked in 102733 n/a
 test-armhf-armhf-xl-xsm       1 build-check(1)           blocked in 102733 n/a
 test-amd64-amd64-libvirt    12 migrate-support-check fail in 102733 never pass
 test-amd64-i386-libvirt-xsm 12 migrate-support-check fail in 102733 never pass
 test-amd64-amd64-libvirt-qemuu-debianhvm-amd64-xsm 10 migrate-support-check fail in 102733 never pass
 test-armhf-armhf-xl-arndale 12 migrate-support-check fail in 102886 never pass
 test-armhf-armhf-xl-credit2 12 migrate-support-check fail in 102886 never pass
 test-armhf-armhf-xl-credit2 13 saverestore-support-check fail in 102886 never pass
 test-armhf-armhf-xl-arndale 13 saverestore-support-check fail in 102886 never pass
 test-amd64-amd64-libvirt-vhd 11 migrate-support-check fail in 102886 never pass
 test-armhf-armhf-xl         12 migrate-support-check fail in 102886 never pass
 test-armhf-armhf-xl     13 saverestore-support-check fail in 102886 never pass
 test-armhf-armhf-xl-xsm     12 migrate-support-check fail in 102886 never pass
 test-armhf-armhf-xl-xsm 13 saverestore-support-check fail in 102886 never pass
 test-armhf-armhf-libvirt    12 migrate-support-check fail in 102886 never pass
 test-armhf-armhf-xl-multivcpu 12 migrate-support-check fail in 102886 never pass
 test-armhf-armhf-xl-multivcpu 13 saverestore-support-check fail in 102886 never pass
 test-armhf-armhf-xl-rtds    12 migrate-support-check fail in 102886 never pass
 test-armhf-armhf-xl-rtds 13 saverestore-support-check fail in 102886 never pass
 test-armhf-armhf-xl-cubietruck 12 migrate-support-check fail in 102886 never pass
 test-armhf-armhf-xl-cubietruck 13 saverestore-support-check fail in 102886 never pass
 test-armhf-armhf-libvirt-xsm 12 migrate-support-check fail in 102886 never pass
 test-armhf-armhf-libvirt-raw  9 debian-di-install    fail in 102886 never pass
 test-amd64-amd64-xl-pvh-amd  11 guest-start                  fail   never pass
 test-amd64-amd64-libvirt-xsm 12 migrate-support-check        fail   never pass
 test-amd64-amd64-qemuu-nested-amd 16 debian-hvm-install/l1/l2  fail never pass
 test-amd64-i386-libvirt      12 migrate-support-check        fail   never pass

version targeted for testing:
 linux                8576fa45c10e665bb72931a31461c7310f3c5494
baseline version:
 linux                9ca365c0c8bdd8552ec064f0e696600cf7ea66dd

Last test of basis   101737  2016-10-28 04:21:54 Z   38 days
Testing same since   102733  2016-11-30 09:50:09 Z    5 days    6 attempts

------------------------------------------------------------
People who touched revisions under test:
  Adrian Hunter <adrian.hunter@intel.com>
  Alan Stern <stern@rowland.harvard.edu>
  Alex Deucher <alexander.deucher@amd.com>
  Alexander Polakov <apolyakov@beget.ru>
  Alexander Usyskin <alexander.usyskin@intel.com>
  Andrew Morton <akpm@linux-foundation.org>
  Arve Hjønnevåg <arve@android.com>
  Bryan Paluch <bryanpaluch@gmail.com>
  Carlos Santa <carlos.santa@intel.com>
  Carlos Santa <carlos.santa@intel.com> (v1)
  Ching Huang <ching2048@areca.com.tw>
  Chris Mason <clm@fb.com>
  Dan Carpenter <dan.carpenter@oracle.com>
  Daniel Vetter <daniel.vetter@ffwll.ch>
  Darrick J. Wong <darrick.wong@oracle.com>
  Dave Airlie <airlied@redhat.com>
  Dave Chinner <david@fromorbit.com>
  David Howells <dhowells@redhat.com>
  Dinesh Israni <ddi@datera.io>
  Dmitry Torokhov <dmitry.torokhov@gmail.com>
  Dmitry Vyukov <dvyukov@google.com>
  Ewan D. Milne <emilne@redhat.com>
  Felipe Balbi <felipe.balbi@linux.intel.com>
  Frank Haverkamp <haver@linux.vnet.ibm.com>
  Frederic Barrat <fbarrat@linux.vnet.ibm.com>
  Gerald Schaefer <gerald.schaefer@de.ibm.com>
  Greg Kroah-Hartman <gregkh@linuxfoundation.org>
  Haibo Chen <haibo.chen@nxp.com>
  Helge Deller <deller@gmx.de>
  Ian Munsie <imunsie@au1.ibm.com>
  Ilya Dryomov <idryomov@gmail.com>
  Ingo Molnar <mingo@kernel.org>
  James Hogan <james.hogan@imgtec.com>
  James Morris <james.l.morris@oracle.com>
  Jan Kara <jack@suse.cz>
  Jiri Slaby <jslaby@suse.cz>
  Johan Hovold <johan@kernel.org>
  Johannes Berg <johannes.berg@intel.com>
  John David Anglin <dave.anglin@bell.net>
  K. Y. Srinivasan <kys@microsoft.com>
  Kashyap Desai <kashyap.desai@broadcom.com>
  Kirill A. Shutemov <kirill@shutemov.name>
  Kirill A. Shutemov <kirill@shutemov.name> (v1)
  Linus Torvalds <torvalds@linux-foundation.org>
  Long Li <longli@microsoft.com>
  Lucas Stach <dev@lynxeye.de>
  Marc Zyngier <marc.zyngier@arm.com>
  Marcel Hasler <mahasler@gmail.com>
  Mark Rutland <mark.rutland@arm.com>
  Martijn Coenen <maco@android.com>
  Martin K. Petersen <martin.petersen@oracle.com>
  Mathias Nyman <mathias.nyman@linux.intel.com>
  Matt Redfearn <matt.redfearn@imgtec.com>
  Michael Ellerman <mpe@ellerman.id.au>
  Michael S. Tsirkin <mst@redhat.com>
  Michal Marek <mmarek@suse.com>
  Michel Dänzer <michel.daenzer@amd.com>
  Mike Snitzer <snitzer@redhat.com>
  Miklos Szeredi <mszeredi@redhat.com>
  Ming Lei <tom.leiming@gmail.com>
  NeilBrown <neilb@suse.com>
  Nicholas Bellinger <nab@linux-iscsi.org>
  Nikolay Borisov <kernel@kyup.com>
  Nixon Vincent <nixon.vincent@calsoftinc.com>
  Ondrej Kozina <okozina@redhat.com>
  Paolo Bonzini <pbonzini@redhat.com>
  Patrick Scheuring <patrick.scheuring.dev@gmail.com>
  Peter Rosin <peda@axentia.se>
  Radim Krčmář <rkrcmar@redhat.com>
  Ralph Sennhauser <ralph.sennhauser@gmail.com>
  Richard Weinberger <richard@nod.at>
  Ritesh Raj Sarraf <rrs@researchut.com>
  Sasha Levin <alexander.levin@verizon.com>
  Scot Doyle <lkml14@scotdoyle.com>
  Sebastian Andrzej Siewior <bigeasy@linutronix.de>
  Segher Boessenkool <segher@kernel.crashing.org>
  Shaohua Li <shli@fb.com>
  Sonny Jiang <sonny.jiang@amd.com>
  Stefan Richter <stefanr@s5r6.in-berlin.de>
  Stefan Tauner <stefan.tauner@technikum-wien.at>
  Sudeep Holla <sudeep.holla@arm.com>
  Sumit Saxena <sumit.saxena@broadcom.com>
  Taesoo Kim <tsgatesv@gmail.com>
  Takashi Iwai <tiwai@suse.de>
  tang.junhui <tang.junhui@zte.com.cn>
  Theodore Ts'o <tytso@mit.edu>
  Thomas Gleixner <tglx@linutronix.de>
  Tom St Denis <tom.stdenis@amd.com>
  Tomas Winkler <tomas.winkler@intel.com>
  Tony Luck <tony.luck@intel.com>
  Ulf Hansson <ulf.hansson@linaro.org>
  Vaibhav Tandon <vst@datera.io>
  Ville Syrjälä <ville.syrjala@linux.intel.com>
  Vladimir Davydov <vdavydov.dev@gmail.com>
  Vladimir Murzin <vladimir.murzin@arm.com>
  Will Deacon <will.deacon@arm.com>

jobs:
 build-amd64-xsm                                              pass    
 build-armhf-xsm                                              pass    
 build-i386-xsm                                               pass    
 build-amd64                                                  pass    
 build-armhf                                                  pass    
 build-i386                                                   pass    
 build-amd64-libvirt                                          pass    
 build-armhf-libvirt                                          pass    
 build-i386-libvirt                                           pass    
 build-amd64-pvops                                            pass    
 build-armhf-pvops                                            pass    
 build-i386-pvops                                             pass    
 build-amd64-rumprun                                          pass    
 build-i386-rumprun                                           pass    
 test-amd64-amd64-xl                                          fail    
 test-armhf-armhf-xl                                          broken  
 test-amd64-i386-xl                                           pass    
 test-amd64-amd64-xl-qemut-debianhvm-amd64-xsm                fail    
 test-amd64-i386-xl-qemut-debianhvm-amd64-xsm                 pass    
 test-amd64-amd64-libvirt-qemuu-debianhvm-amd64-xsm           fail    
 test-amd64-i386-libvirt-qemuu-debianhvm-amd64-xsm            fail    
 test-amd64-amd64-xl-qemuu-debianhvm-amd64-xsm                pass    
 test-amd64-i386-xl-qemuu-debianhvm-amd64-xsm                 fail    
 test-amd64-amd64-xl-qemut-stubdom-debianhvm-amd64-xsm        pass    
 test-amd64-i386-xl-qemut-stubdom-debianhvm-amd64-xsm         pass    
 test-amd64-amd64-libvirt-xsm                                 pass    
 test-armhf-armhf-libvirt-xsm                                 broken  
 test-amd64-i386-libvirt-xsm                                  fail    
 test-amd64-amd64-xl-xsm                                      pass    
 test-armhf-armhf-xl-xsm                                      broken  
 test-amd64-i386-xl-xsm                                       pass    
 test-amd64-amd64-qemuu-nested-amd                            fail    
 test-amd64-amd64-xl-pvh-amd                                  fail    
 test-amd64-i386-qemut-rhel6hvm-amd                           pass    
 test-amd64-i386-qemuu-rhel6hvm-amd                           pass    
 test-amd64-amd64-xl-qemut-debianhvm-amd64                    pass    
 test-amd64-i386-xl-qemut-debianhvm-amd64                     pass    
 test-amd64-amd64-xl-qemuu-debianhvm-amd64                    pass    
 test-amd64-i386-xl-qemuu-debianhvm-amd64                     pass    
 test-amd64-i386-freebsd10-amd64                              fail    
 test-amd64-amd64-xl-qemuu-ovmf-amd64                         pass    
 test-amd64-i386-xl-qemuu-ovmf-amd64                          pass    
 test-amd64-amd64-rumprun-amd64                               pass    
 test-amd64-amd64-xl-qemut-win7-amd64                         fail    
 test-amd64-i386-xl-qemut-win7-amd64                          fail    
 test-amd64-amd64-xl-qemuu-win7-amd64                         fail    
 test-amd64-i386-xl-qemuu-win7-amd64                          fail    
 test-armhf-armhf-xl-arndale                                  broken  
 test-amd64-amd64-xl-credit2                                  pass    
 test-armhf-armhf-xl-credit2                                  broken  
 test-armhf-armhf-xl-cubietruck                               broken  
 test-amd64-i386-freebsd10-i386                               pass    
 test-amd64-i386-rumprun-i386                                 pass    
 test-amd64-amd64-qemuu-nested-intel                          fail    
 test-amd64-amd64-xl-pvh-intel                                fail    
 test-amd64-i386-qemut-rhel6hvm-intel                         fail    
 test-amd64-i386-qemuu-rhel6hvm-intel                         fail    
 test-amd64-amd64-libvirt                                     fail    
 test-armhf-armhf-libvirt                                     broken  
 test-amd64-i386-libvirt                                      pass    
 test-amd64-amd64-xl-multivcpu                                fail    
 test-armhf-armhf-xl-multivcpu                                broken  
 test-amd64-amd64-pair                                        pass    
 test-amd64-i386-pair                                         fail    
 test-amd64-amd64-libvirt-pair                                pass    
 test-amd64-i386-libvirt-pair                                 pass    
 test-amd64-amd64-amd64-pvgrub                                pass    
 test-amd64-amd64-i386-pvgrub                                 pass    
 test-amd64-amd64-pygrub                                      pass    
 test-armhf-armhf-libvirt-qcow2                               broken  
 test-amd64-amd64-xl-qcow2                                    pass    
 test-armhf-armhf-libvirt-raw                                 broken  
 test-amd64-i386-xl-raw                                       fail    
 test-amd64-amd64-xl-rtds                                     pass    
 test-armhf-armhf-xl-rtds                                     broken  
 test-amd64-i386-xl-qemut-winxpsp3-vcpus1                     pass    
 test-amd64-i386-xl-qemuu-winxpsp3-vcpus1                     pass    
 test-amd64-amd64-libvirt-vhd                                 fail    
 test-armhf-armhf-xl-vhd                                      broken  
 test-amd64-amd64-xl-qemut-winxpsp3                           fail    
 test-amd64-i386-xl-qemut-winxpsp3                            pass    
 test-amd64-amd64-xl-qemuu-winxpsp3                           fail    
 test-amd64-i386-xl-qemuu-winxpsp3                            pass    


------------------------------------------------------------
sg-report-flight on osstest.test-lab.xenproject.org
logs: /home/logs/logs
images: /home/logs/images

Logs, config files, etc. are available at
    http://logs.test-lab.xenproject.org/osstest/logs

Explanation of these reports, and of osstest in general, is at
    http://xenbits.xen.org/gitweb/?p=osstest.git;a=blob;f=README.email;hb=master
    http://xenbits.xen.org/gitweb/?p=osstest.git;a=blob;f=README;hb=master

Test harness code can be found at
    http://xenbits.xen.org/gitweb?p=osstest.git;a=summary

broken-job test-armhf-armhf-xl-rtds broken
broken-job test-armhf-armhf-xl-vhd broken
broken-job test-armhf-armhf-xl-multivcpu broken
broken-job test-armhf-armhf-libvirt-xsm broken
broken-job test-armhf-armhf-xl-xsm broken
broken-job test-armhf-armhf-xl-arndale broken
broken-job test-armhf-armhf-libvirt broken
broken-job test-armhf-armhf-xl-cubietruck broken
broken-job test-armhf-armhf-libvirt-qcow2 broken
broken-job test-armhf-armhf-xl-credit2 broken
broken-job test-armhf-armhf-xl broken
broken-job test-armhf-armhf-libvirt-raw broken

Not pushing.

(No revision log; it would be 1907 lines long.)


[-- Attachment #2: Type: text/plain, Size: 127 bytes --]

_______________________________________________
Xen-devel mailing list
Xen-devel@lists.xen.org
https://lists.xen.org/xen-devel

^ permalink raw reply	[flat|nested] only message in thread

only message in thread, other threads:[~2016-12-06  2:34 UTC | newest]

Thread overview: (only message) (download: mbox.gz follow: Atom feed
-- links below jump to the message on this page --
2016-12-06  2:34 [linux-4.1 test] 102929: regressions - trouble: broken/fail/pass osstest service owner

This is a public inbox, see mirroring instructions
for how to clone and mirror all data and code used for this inbox;
as well as URLs for NNTP newsgroup(s).