From mboxrd@z Thu Jan 1 00:00:00 1970 From: osstest service owner Subject: [linux-4.1 test] 102929: regressions - trouble: broken/fail/pass Date: Tue, 06 Dec 2016 02:34:55 +0000 Message-ID: Mime-Version: 1.0 Content-Type: multipart/mixed; boundary="===============0486955093635626620==" Return-path: List-Unsubscribe: , List-Post: List-Help: List-Subscribe: , Errors-To: xen-devel-bounces@lists.xen.org Sender: "Xen-devel" To: xen-devel@lists.xensource.com, osstest-admin@xenproject.org List-Id: xen-devel@lists.xenproject.org --===============0486955093635626620== Content-Type: text/plain flight 102929 linux-4.1 real [real] http://logs.test-lab.xenproject.org/osstest/logs/102929/ Regressions :-( Tests which did not succeed and are blocking, including tests which could not be run: test-armhf-armhf-xl-rtds broken test-armhf-armhf-xl-vhd broken test-armhf-armhf-xl-multivcpu broken test-armhf-armhf-libvirt-xsm broken test-armhf-armhf-xl-xsm broken test-armhf-armhf-xl-arndale broken test-armhf-armhf-libvirt broken test-armhf-armhf-xl-cubietruck broken test-armhf-armhf-libvirt-qcow2 broken test-armhf-armhf-xl-credit2 broken test-armhf-armhf-xl broken test-armhf-armhf-libvirt-raw broken test-amd64-amd64-xl-pvh-intel 6 xen-boot fail REGR. vs. 101737 test-amd64-amd64-xl-qemuu-winxpsp3 6 xen-boot fail REGR. vs. 101737 test-amd64-amd64-xl 6 xen-boot fail REGR. vs. 101737 test-amd64-i386-libvirt-qemuu-debianhvm-amd64-xsm 6 xen-boot fail REGR. vs. 101737 test-amd64-amd64-xl-qemut-debianhvm-amd64-xsm 6 xen-boot fail REGR. vs. 101737 test-amd64-i386-xl-qemuu-debianhvm-amd64-xsm 6 xen-boot fail REGR. vs. 101737 test-amd64-amd64-xl-multivcpu 6 xen-boot fail REGR. vs. 101737 test-amd64-i386-xl-qemut-win7-amd64 6 xen-boot fail REGR. vs. 101737 test-amd64-i386-pair 9 xen-boot/src_host fail REGR. vs. 101737 test-amd64-i386-pair 10 xen-boot/dst_host fail REGR. vs. 101737 test-amd64-amd64-qemuu-nested-intel 6 xen-boot fail REGR. vs. 101737 test-amd64-i386-freebsd10-amd64 6 xen-boot fail REGR. vs. 101737 build-armhf-pvops 5 kernel-build fail in 102733 REGR. vs. 101737 Tests which are failing intermittently (not blocking): test-amd64-amd64-libvirt-vhd 9 debian-di-install fail in 102733 pass in 102886 test-armhf-armhf-libvirt-xsm 14 guest-stop fail in 102755 pass in 102886 test-amd64-amd64-xl-xsm 19 guest-start/debian.repeat fail in 102755 pass in 102929 test-armhf-armhf-xl-multivcpu 11 guest-start fail in 102829 pass in 102886 test-amd64-i386-xl-xsm 6 xen-boot fail in 102886 pass in 102929 test-amd64-amd64-qemuu-nested-amd 9 debian-hvm-install fail in 102886 pass in 102929 test-amd64-i386-xl-qemuu-winxpsp3-vcpus1 9 windows-install fail in 102886 pass in 102929 test-amd64-i386-qemuu-rhel6hvm-intel 6 xen-boot fail pass in 102733 test-amd64-amd64-libvirt 6 xen-boot fail pass in 102733 test-amd64-i386-xl-raw 6 xen-boot fail pass in 102733 test-amd64-i386-libvirt-xsm 6 xen-boot fail pass in 102755 test-amd64-amd64-xl-qemut-winxpsp3 6 xen-boot fail pass in 102755 test-amd64-i386-qemut-rhel6hvm-intel 6 xen-boot fail pass in 102829 test-amd64-amd64-libvirt-qemuu-debianhvm-amd64-xsm 6 xen-boot fail pass in 102886 test-amd64-amd64-libvirt-vhd 6 xen-boot fail pass in 102886 Regressions which are regarded as allowable (not blocking): test-armhf-armhf-xl-rtds 15 guest-start/debian.repeat fail in 102755 like 101715 test-armhf-armhf-xl-credit2 11 guest-start fail in 102829 like 101737 test-armhf-armhf-xl-xsm 11 guest-start fail in 102829 like 101737 test-amd64-i386-rumprun-i386 16 rumprun-demo-xenstorels/xenstorels.repeat fail in 102886 blocked in 101737 test-armhf-armhf-xl-rtds 16 guest-start.2 fail in 102886 blocked in 101737 test-armhf-armhf-libvirt 15 guest-start/debian.repeat fail in 102886 like 101672 test-armhf-armhf-xl-credit2 15 guest-start/debian.repeat fail in 102886 like 101687 test-armhf-armhf-xl-xsm 15 guest-start/debian.repeat fail in 102886 like 101715 test-armhf-armhf-xl-cubietruck 15 guest-start/debian.repeat fail in 102886 like 101715 test-armhf-armhf-libvirt 13 saverestore-support-check fail in 102886 like 101737 test-armhf-armhf-xl 15 guest-start/debian.repeat fail in 102886 like 101737 test-armhf-armhf-libvirt-xsm 15 guest-start/debian.repeat fail in 102886 like 101737 test-armhf-armhf-xl-multivcpu 15 guest-start/debian.repeat fail in 102886 like 101737 test-armhf-armhf-libvirt-qcow2 9 debian-di-install fail in 102886 like 101737 test-armhf-armhf-libvirt-xsm 13 saverestore-support-check fail in 102886 like 101737 test-armhf-armhf-xl-vhd 9 debian-di-install fail in 102886 like 101737 test-amd64-i386-xl-qemuu-win7-amd64 16 guest-stop fail like 101737 test-amd64-amd64-xl-qemut-win7-amd64 16 guest-stop fail like 101737 test-amd64-amd64-xl-qemuu-win7-amd64 16 guest-stop fail like 101737 Tests which did not succeed, but are not blocking: test-armhf-armhf-xl-multivcpu 1 build-check(1) blocked in 102733 n/a test-armhf-armhf-libvirt 1 build-check(1) blocked in 102733 n/a test-armhf-armhf-libvirt-qcow2 1 build-check(1) blocked in 102733 n/a test-armhf-armhf-libvirt-raw 1 build-check(1) blocked in 102733 n/a test-armhf-armhf-xl 1 build-check(1) blocked in 102733 n/a test-armhf-armhf-xl-vhd 1 build-check(1) blocked in 102733 n/a test-armhf-armhf-xl-credit2 1 build-check(1) blocked in 102733 n/a test-armhf-armhf-xl-cubietruck 1 build-check(1) blocked in 102733 n/a test-armhf-armhf-xl-rtds 1 build-check(1) blocked in 102733 n/a test-armhf-armhf-xl-arndale 1 build-check(1) blocked in 102733 n/a test-armhf-armhf-libvirt-xsm 1 build-check(1) blocked in 102733 n/a test-armhf-armhf-xl-xsm 1 build-check(1) blocked in 102733 n/a test-amd64-amd64-libvirt 12 migrate-support-check fail in 102733 never pass test-amd64-i386-libvirt-xsm 12 migrate-support-check fail in 102733 never pass test-amd64-amd64-libvirt-qemuu-debianhvm-amd64-xsm 10 migrate-support-check fail in 102733 never pass test-armhf-armhf-xl-arndale 12 migrate-support-check fail in 102886 never pass test-armhf-armhf-xl-credit2 12 migrate-support-check fail in 102886 never pass test-armhf-armhf-xl-credit2 13 saverestore-support-check fail in 102886 never pass test-armhf-armhf-xl-arndale 13 saverestore-support-check fail in 102886 never pass test-amd64-amd64-libvirt-vhd 11 migrate-support-check fail in 102886 never pass test-armhf-armhf-xl 12 migrate-support-check fail in 102886 never pass test-armhf-armhf-xl 13 saverestore-support-check fail in 102886 never pass test-armhf-armhf-xl-xsm 12 migrate-support-check fail in 102886 never pass test-armhf-armhf-xl-xsm 13 saverestore-support-check fail in 102886 never pass test-armhf-armhf-libvirt 12 migrate-support-check fail in 102886 never pass test-armhf-armhf-xl-multivcpu 12 migrate-support-check fail in 102886 never pass test-armhf-armhf-xl-multivcpu 13 saverestore-support-check fail in 102886 never pass test-armhf-armhf-xl-rtds 12 migrate-support-check fail in 102886 never pass test-armhf-armhf-xl-rtds 13 saverestore-support-check fail in 102886 never pass test-armhf-armhf-xl-cubietruck 12 migrate-support-check fail in 102886 never pass test-armhf-armhf-xl-cubietruck 13 saverestore-support-check fail in 102886 never pass test-armhf-armhf-libvirt-xsm 12 migrate-support-check fail in 102886 never pass test-armhf-armhf-libvirt-raw 9 debian-di-install fail in 102886 never pass test-amd64-amd64-xl-pvh-amd 11 guest-start fail never pass test-amd64-amd64-libvirt-xsm 12 migrate-support-check fail never pass test-amd64-amd64-qemuu-nested-amd 16 debian-hvm-install/l1/l2 fail never pass test-amd64-i386-libvirt 12 migrate-support-check fail never pass version targeted for testing: linux 8576fa45c10e665bb72931a31461c7310f3c5494 baseline version: linux 9ca365c0c8bdd8552ec064f0e696600cf7ea66dd Last test of basis 101737 2016-10-28 04:21:54 Z 38 days Testing same since 102733 2016-11-30 09:50:09 Z 5 days 6 attempts ------------------------------------------------------------ People who touched revisions under test: Adrian Hunter Alan Stern Alex Deucher Alexander Polakov Alexander Usyskin Andrew Morton Arve Hjønnevåg Bryan Paluch Carlos Santa Carlos Santa (v1) Ching Huang Chris Mason Dan Carpenter Daniel Vetter Darrick J. Wong Dave Airlie Dave Chinner David Howells Dinesh Israni Dmitry Torokhov Dmitry Vyukov Ewan D. Milne Felipe Balbi Frank Haverkamp Frederic Barrat Gerald Schaefer Greg Kroah-Hartman Haibo Chen Helge Deller Ian Munsie Ilya Dryomov Ingo Molnar James Hogan James Morris Jan Kara Jiri Slaby Johan Hovold Johannes Berg John David Anglin K. Y. Srinivasan Kashyap Desai Kirill A. Shutemov Kirill A. Shutemov (v1) Linus Torvalds Long Li Lucas Stach Marc Zyngier Marcel Hasler Mark Rutland Martijn Coenen Martin K. Petersen Mathias Nyman Matt Redfearn Michael Ellerman Michael S. Tsirkin Michal Marek Michel Dänzer Mike Snitzer Miklos Szeredi Ming Lei NeilBrown Nicholas Bellinger Nikolay Borisov Nixon Vincent Ondrej Kozina Paolo Bonzini Patrick Scheuring Peter Rosin Radim Krčmář Ralph Sennhauser Richard Weinberger Ritesh Raj Sarraf Sasha Levin Scot Doyle Sebastian Andrzej Siewior Segher Boessenkool Shaohua Li Sonny Jiang Stefan Richter Stefan Tauner Sudeep Holla Sumit Saxena Taesoo Kim Takashi Iwai tang.junhui Theodore Ts'o Thomas Gleixner Tom St Denis Tomas Winkler Tony Luck Ulf Hansson Vaibhav Tandon Ville Syrjälä Vladimir Davydov Vladimir Murzin Will Deacon jobs: build-amd64-xsm pass build-armhf-xsm pass build-i386-xsm pass build-amd64 pass build-armhf pass build-i386 pass build-amd64-libvirt pass build-armhf-libvirt pass build-i386-libvirt pass build-amd64-pvops pass build-armhf-pvops pass build-i386-pvops pass build-amd64-rumprun pass build-i386-rumprun pass test-amd64-amd64-xl fail test-armhf-armhf-xl broken test-amd64-i386-xl pass test-amd64-amd64-xl-qemut-debianhvm-amd64-xsm fail test-amd64-i386-xl-qemut-debianhvm-amd64-xsm pass test-amd64-amd64-libvirt-qemuu-debianhvm-amd64-xsm fail test-amd64-i386-libvirt-qemuu-debianhvm-amd64-xsm fail test-amd64-amd64-xl-qemuu-debianhvm-amd64-xsm pass test-amd64-i386-xl-qemuu-debianhvm-amd64-xsm fail test-amd64-amd64-xl-qemut-stubdom-debianhvm-amd64-xsm pass test-amd64-i386-xl-qemut-stubdom-debianhvm-amd64-xsm pass test-amd64-amd64-libvirt-xsm pass test-armhf-armhf-libvirt-xsm broken test-amd64-i386-libvirt-xsm fail test-amd64-amd64-xl-xsm pass test-armhf-armhf-xl-xsm broken test-amd64-i386-xl-xsm pass test-amd64-amd64-qemuu-nested-amd fail test-amd64-amd64-xl-pvh-amd fail test-amd64-i386-qemut-rhel6hvm-amd pass test-amd64-i386-qemuu-rhel6hvm-amd pass test-amd64-amd64-xl-qemut-debianhvm-amd64 pass test-amd64-i386-xl-qemut-debianhvm-amd64 pass test-amd64-amd64-xl-qemuu-debianhvm-amd64 pass test-amd64-i386-xl-qemuu-debianhvm-amd64 pass test-amd64-i386-freebsd10-amd64 fail test-amd64-amd64-xl-qemuu-ovmf-amd64 pass test-amd64-i386-xl-qemuu-ovmf-amd64 pass test-amd64-amd64-rumprun-amd64 pass test-amd64-amd64-xl-qemut-win7-amd64 fail test-amd64-i386-xl-qemut-win7-amd64 fail test-amd64-amd64-xl-qemuu-win7-amd64 fail test-amd64-i386-xl-qemuu-win7-amd64 fail test-armhf-armhf-xl-arndale broken test-amd64-amd64-xl-credit2 pass test-armhf-armhf-xl-credit2 broken test-armhf-armhf-xl-cubietruck broken test-amd64-i386-freebsd10-i386 pass test-amd64-i386-rumprun-i386 pass test-amd64-amd64-qemuu-nested-intel fail test-amd64-amd64-xl-pvh-intel fail test-amd64-i386-qemut-rhel6hvm-intel fail test-amd64-i386-qemuu-rhel6hvm-intel fail test-amd64-amd64-libvirt fail test-armhf-armhf-libvirt broken test-amd64-i386-libvirt pass test-amd64-amd64-xl-multivcpu fail test-armhf-armhf-xl-multivcpu broken test-amd64-amd64-pair pass test-amd64-i386-pair fail test-amd64-amd64-libvirt-pair pass test-amd64-i386-libvirt-pair pass test-amd64-amd64-amd64-pvgrub pass test-amd64-amd64-i386-pvgrub pass test-amd64-amd64-pygrub pass test-armhf-armhf-libvirt-qcow2 broken test-amd64-amd64-xl-qcow2 pass test-armhf-armhf-libvirt-raw broken test-amd64-i386-xl-raw fail test-amd64-amd64-xl-rtds pass test-armhf-armhf-xl-rtds broken test-amd64-i386-xl-qemut-winxpsp3-vcpus1 pass test-amd64-i386-xl-qemuu-winxpsp3-vcpus1 pass test-amd64-amd64-libvirt-vhd fail test-armhf-armhf-xl-vhd broken test-amd64-amd64-xl-qemut-winxpsp3 fail test-amd64-i386-xl-qemut-winxpsp3 pass test-amd64-amd64-xl-qemuu-winxpsp3 fail test-amd64-i386-xl-qemuu-winxpsp3 pass ------------------------------------------------------------ sg-report-flight on osstest.test-lab.xenproject.org logs: /home/logs/logs images: /home/logs/images Logs, config files, etc. are available at http://logs.test-lab.xenproject.org/osstest/logs Explanation of these reports, and of osstest in general, is at http://xenbits.xen.org/gitweb/?p=osstest.git;a=blob;f=README.email;hb=master http://xenbits.xen.org/gitweb/?p=osstest.git;a=blob;f=README;hb=master Test harness code can be found at http://xenbits.xen.org/gitweb?p=osstest.git;a=summary broken-job test-armhf-armhf-xl-rtds broken broken-job test-armhf-armhf-xl-vhd broken broken-job test-armhf-armhf-xl-multivcpu broken broken-job test-armhf-armhf-libvirt-xsm broken broken-job test-armhf-armhf-xl-xsm broken broken-job test-armhf-armhf-xl-arndale broken broken-job test-armhf-armhf-libvirt broken broken-job test-armhf-armhf-xl-cubietruck broken broken-job test-armhf-armhf-libvirt-qcow2 broken broken-job test-armhf-armhf-xl-credit2 broken broken-job test-armhf-armhf-xl broken broken-job test-armhf-armhf-libvirt-raw broken Not pushing. (No revision log; it would be 1907 lines long.) --===============0486955093635626620== Content-Type: text/plain; charset="utf-8" MIME-Version: 1.0 Content-Transfer-Encoding: base64 Content-Disposition: inline X19fX19fX19fX19fX19fX19fX19fX19fX19fX19fX19fX19fX19fX19fX19fX18KWGVuLWRldmVs IG1haWxpbmcgbGlzdApYZW4tZGV2ZWxAbGlzdHMueGVuLm9yZwpodHRwczovL2xpc3RzLnhlbi5v cmcveGVuLWRldmVsCg== --===============0486955093635626620==--