xen-devel.lists.xenproject.org archive mirror
 help / color / mirror / Atom feed
From: osstest service owner <osstest-admin@xenproject.org>
To: xen-devel@lists.xensource.com, osstest-admin@xenproject.org
Subject: [xen-unstable-smoke test] 102944: regressions - FAIL
Date: Mon, 05 Dec 2016 14:43:40 +0000	[thread overview]
Message-ID: <osstest-102944-mainreport@xen.org> (raw)

[-- Attachment #1: Type: text/plain, Size: 2218 bytes --]

flight 102944 xen-unstable-smoke real [real]
http://logs.test-lab.xenproject.org/osstest/logs/102944/

Regressions :-(

Tests which did not succeed and are blocking,
including tests which could not be run:
 test-armhf-armhf-xl           6 xen-boot                 fail REGR. vs. 102812

Tests which did not succeed, but are not blocking:
 test-amd64-amd64-libvirt     12 migrate-support-check        fail   never pass

version targeted for testing:
 xen                  5e24b36c9e240860d2f71d98083ddd2f2a571534
baseline version:
 xen                  8e4b2676685f50bc26f03b5f62d8b7aea8e69dbf

Last test of basis   102812  2016-12-02 19:19:24 Z    2 days
Testing same since   102944  2016-12-05 13:01:14 Z    0 days    1 attempts

------------------------------------------------------------
People who touched revisions under test:
  Cedric Bosdonnat <cbosdonnat@suse.com>
  Cédric Bosdonnat <cbosdonnat@suse.com>
  Daniel De Graaf <dgdegra@tycho.nsa.gov>
  Ian Jackson <ian.jackson@eu.citrix.com>
  Jan Beulich <jbeulich@suse.com>
  Juergen Gross <jgross@suse.com>
  Samuel Thibault <samuel.thibault@ens-lyon.org>
  Wei Liu <wei.liu2@citrix.com>

jobs:
 build-amd64                                                  pass    
 build-armhf                                                  pass    
 build-amd64-libvirt                                          pass    
 test-armhf-armhf-xl                                          fail    
 test-amd64-amd64-xl-qemuu-debianhvm-i386                     pass    
 test-amd64-amd64-libvirt                                     pass    


------------------------------------------------------------
sg-report-flight on osstest.test-lab.xenproject.org
logs: /home/logs/logs
images: /home/logs/images

Logs, config files, etc. are available at
    http://logs.test-lab.xenproject.org/osstest/logs

Explanation of these reports, and of osstest in general, is at
    http://xenbits.xen.org/gitweb/?p=osstest.git;a=blob;f=README.email;hb=master
    http://xenbits.xen.org/gitweb/?p=osstest.git;a=blob;f=README;hb=master

Test harness code can be found at
    http://xenbits.xen.org/gitweb?p=osstest.git;a=summary


Not pushing.

(No revision log; it would be 805 lines long.)


[-- Attachment #2: Type: text/plain, Size: 127 bytes --]

_______________________________________________
Xen-devel mailing list
Xen-devel@lists.xen.org
https://lists.xen.org/xen-devel

                 reply	other threads:[~2016-12-05 14:43 UTC|newest]

Thread overview: [no followups] expand[flat|nested]  mbox.gz  Atom feed

Reply instructions:

You may reply publicly to this message via plain-text email
using any one of the following methods:

* Save the following mbox file, import it into your mail client,
  and reply-to-all from there: mbox

  Avoid top-posting and favor interleaved quoting:
  https://en.wikipedia.org/wiki/Posting_style#Interleaved_style

* Reply using the --to, --cc, and --in-reply-to
  switches of git-send-email(1):

  git send-email \
    --in-reply-to=osstest-102944-mainreport@xen.org \
    --to=osstest-admin@xenproject.org \
    --cc=xen-devel@lists.xensource.com \
    /path/to/YOUR_REPLY

  https://kernel.org/pub/software/scm/git/docs/git-send-email.html

* If your mail client supports setting the In-Reply-To header
  via mailto: links, try the mailto: link
Be sure your reply has a Subject: header at the top and a blank line before the message body.
This is a public inbox, see mirroring instructions
for how to clone and mirror all data and code used for this inbox;
as well as URLs for NNTP newsgroup(s).