xen-devel.lists.xenproject.org archive mirror
 help / color / mirror / Atom feed
* [xen-unstable-smoke test] 102944: regressions - FAIL
@ 2016-12-05 14:43 osstest service owner
  0 siblings, 0 replies; only message in thread
From: osstest service owner @ 2016-12-05 14:43 UTC (permalink / raw)
  To: xen-devel, osstest-admin

[-- Attachment #1: Type: text/plain, Size: 2218 bytes --]

flight 102944 xen-unstable-smoke real [real]
http://logs.test-lab.xenproject.org/osstest/logs/102944/

Regressions :-(

Tests which did not succeed and are blocking,
including tests which could not be run:
 test-armhf-armhf-xl           6 xen-boot                 fail REGR. vs. 102812

Tests which did not succeed, but are not blocking:
 test-amd64-amd64-libvirt     12 migrate-support-check        fail   never pass

version targeted for testing:
 xen                  5e24b36c9e240860d2f71d98083ddd2f2a571534
baseline version:
 xen                  8e4b2676685f50bc26f03b5f62d8b7aea8e69dbf

Last test of basis   102812  2016-12-02 19:19:24 Z    2 days
Testing same since   102944  2016-12-05 13:01:14 Z    0 days    1 attempts

------------------------------------------------------------
People who touched revisions under test:
  Cedric Bosdonnat <cbosdonnat@suse.com>
  Cédric Bosdonnat <cbosdonnat@suse.com>
  Daniel De Graaf <dgdegra@tycho.nsa.gov>
  Ian Jackson <ian.jackson@eu.citrix.com>
  Jan Beulich <jbeulich@suse.com>
  Juergen Gross <jgross@suse.com>
  Samuel Thibault <samuel.thibault@ens-lyon.org>
  Wei Liu <wei.liu2@citrix.com>

jobs:
 build-amd64                                                  pass    
 build-armhf                                                  pass    
 build-amd64-libvirt                                          pass    
 test-armhf-armhf-xl                                          fail    
 test-amd64-amd64-xl-qemuu-debianhvm-i386                     pass    
 test-amd64-amd64-libvirt                                     pass    


------------------------------------------------------------
sg-report-flight on osstest.test-lab.xenproject.org
logs: /home/logs/logs
images: /home/logs/images

Logs, config files, etc. are available at
    http://logs.test-lab.xenproject.org/osstest/logs

Explanation of these reports, and of osstest in general, is at
    http://xenbits.xen.org/gitweb/?p=osstest.git;a=blob;f=README.email;hb=master
    http://xenbits.xen.org/gitweb/?p=osstest.git;a=blob;f=README;hb=master

Test harness code can be found at
    http://xenbits.xen.org/gitweb?p=osstest.git;a=summary


Not pushing.

(No revision log; it would be 805 lines long.)


[-- Attachment #2: Type: text/plain, Size: 127 bytes --]

_______________________________________________
Xen-devel mailing list
Xen-devel@lists.xen.org
https://lists.xen.org/xen-devel

^ permalink raw reply	[flat|nested] only message in thread

only message in thread, other threads:[~2016-12-05 14:43 UTC | newest]

Thread overview: (only message) (download: mbox.gz follow: Atom feed
-- links below jump to the message on this page --
2016-12-05 14:43 [xen-unstable-smoke test] 102944: regressions - FAIL osstest service owner

This is a public inbox, see mirroring instructions
for how to clone and mirror all data and code used for this inbox;
as well as URLs for NNTP newsgroup(s).