From mboxrd@z Thu Jan 1 00:00:00 1970 From: osstest service owner Subject: [xen-unstable-smoke test] 102944: regressions - FAIL Date: Mon, 05 Dec 2016 14:43:40 +0000 Message-ID: Mime-Version: 1.0 Content-Type: multipart/mixed; boundary="===============7688600769358812116==" Return-path: List-Unsubscribe: , List-Post: List-Help: List-Subscribe: , Errors-To: xen-devel-bounces@lists.xen.org Sender: "Xen-devel" To: xen-devel@lists.xensource.com, osstest-admin@xenproject.org List-Id: xen-devel@lists.xenproject.org --===============7688600769358812116== Content-Type: text/plain flight 102944 xen-unstable-smoke real [real] http://logs.test-lab.xenproject.org/osstest/logs/102944/ Regressions :-( Tests which did not succeed and are blocking, including tests which could not be run: test-armhf-armhf-xl 6 xen-boot fail REGR. vs. 102812 Tests which did not succeed, but are not blocking: test-amd64-amd64-libvirt 12 migrate-support-check fail never pass version targeted for testing: xen 5e24b36c9e240860d2f71d98083ddd2f2a571534 baseline version: xen 8e4b2676685f50bc26f03b5f62d8b7aea8e69dbf Last test of basis 102812 2016-12-02 19:19:24 Z 2 days Testing same since 102944 2016-12-05 13:01:14 Z 0 days 1 attempts ------------------------------------------------------------ People who touched revisions under test: Cedric Bosdonnat Cédric Bosdonnat Daniel De Graaf Ian Jackson Jan Beulich Juergen Gross Samuel Thibault Wei Liu jobs: build-amd64 pass build-armhf pass build-amd64-libvirt pass test-armhf-armhf-xl fail test-amd64-amd64-xl-qemuu-debianhvm-i386 pass test-amd64-amd64-libvirt pass ------------------------------------------------------------ sg-report-flight on osstest.test-lab.xenproject.org logs: /home/logs/logs images: /home/logs/images Logs, config files, etc. are available at http://logs.test-lab.xenproject.org/osstest/logs Explanation of these reports, and of osstest in general, is at http://xenbits.xen.org/gitweb/?p=osstest.git;a=blob;f=README.email;hb=master http://xenbits.xen.org/gitweb/?p=osstest.git;a=blob;f=README;hb=master Test harness code can be found at http://xenbits.xen.org/gitweb?p=osstest.git;a=summary Not pushing. (No revision log; it would be 805 lines long.) --===============7688600769358812116== Content-Type: text/plain; charset="utf-8" MIME-Version: 1.0 Content-Transfer-Encoding: base64 Content-Disposition: inline X19fX19fX19fX19fX19fX19fX19fX19fX19fX19fX19fX19fX19fX19fX19fX18KWGVuLWRldmVs IG1haWxpbmcgbGlzdApYZW4tZGV2ZWxAbGlzdHMueGVuLm9yZwpodHRwczovL2xpc3RzLnhlbi5v cmcveGVuLWRldmVsCg== --===============7688600769358812116==--