* [qemu-mainline test] 102957: regressions - trouble: blocked/broken/fail/pass
@ 2016-12-06 16:56 osstest service owner
0 siblings, 0 replies; only message in thread
From: osstest service owner @ 2016-12-06 16:56 UTC (permalink / raw)
To: xen-devel, osstest-admin
flight 102957 qemu-mainline real [real]
http://logs.test-lab.xenproject.org/osstest/logs/102957/
Regressions :-(
Tests which did not succeed and are blocking,
including tests which could not be run:
build-armhf 4 host-build-prep fail REGR. vs. 102835
Regressions which are regarded as allowable (not blocking):
test-amd64-i386-xl-qemuu-win7-amd64 16 guest-stop fail like 102835
test-amd64-amd64-xl-qemuu-win7-amd64 16 guest-stop fail like 102835
test-amd64-amd64-xl-rtds 9 debian-install fail like 102835
Tests which did not succeed, but are not blocking:
test-armhf-armhf-xl-multivcpu 1 build-check(1) blocked n/a
test-armhf-armhf-xl-credit2 1 build-check(1) blocked n/a
test-armhf-armhf-libvirt 1 build-check(1) blocked n/a
test-armhf-armhf-xl-cubietruck 1 build-check(1) blocked n/a
build-armhf-libvirt 1 build-check(1) blocked n/a
test-armhf-armhf-xl-rtds 1 build-check(1) blocked n/a
test-armhf-armhf-libvirt-qcow2 1 build-check(1) blocked n/a
test-armhf-armhf-libvirt-raw 1 build-check(1) blocked n/a
test-armhf-armhf-xl-arndale 1 build-check(1) blocked n/a
test-armhf-armhf-libvirt-xsm 1 build-check(1) blocked n/a
test-armhf-armhf-xl 1 build-check(1) blocked n/a
test-armhf-armhf-xl-vhd 1 build-check(1) blocked n/a
test-amd64-amd64-libvirt 12 migrate-support-check fail never pass
test-amd64-amd64-xl-pvh-intel 11 guest-start fail never pass
test-amd64-amd64-libvirt-qemuu-debianhvm-amd64-xsm 10 migrate-support-check fail never pass
test-amd64-i386-libvirt-xsm 12 migrate-support-check fail never pass
test-amd64-i386-libvirt-qemuu-debianhvm-amd64-xsm 10 migrate-support-check fail never pass
test-amd64-amd64-libvirt-xsm 12 migrate-support-check fail never pass
test-amd64-amd64-libvirt-vhd 11 migrate-support-check fail never pass
test-amd64-amd64-xl-pvh-amd 11 guest-start fail never pass
test-amd64-i386-libvirt 12 migrate-support-check fail never pass
test-amd64-amd64-qemuu-nested-amd 16 debian-hvm-install/l1/l2 fail never pass
test-armhf-armhf-xl-xsm 12 migrate-support-check fail never pass
test-armhf-armhf-xl-xsm 13 saverestore-support-check fail never pass
version targeted for testing:
qemuu bc66cedb4141fb7588f2462c74310d8fb5dd4cf1
baseline version:
qemuu bd8ef5060dd2124a54578241da9a572faf7658dd
Last test of basis 102835 2016-12-03 06:42:24 Z 3 days
Testing same since 102957 2016-12-05 17:17:29 Z 0 days 1 attempts
------------------------------------------------------------
People who touched revisions under test:
Fuxin Zhang <zhangfx@lemote.com>
Heiher <wangr@lemote.com>
Stefan Hajnoczi <stefanha@redhat.com>
Yongbok Kim <yongbok.kim@imgtec.com>
jobs:
build-amd64-xsm pass
build-armhf-xsm pass
build-i386-xsm pass
build-amd64 pass
build-armhf broken
build-i386 pass
build-amd64-libvirt pass
build-armhf-libvirt blocked
build-i386-libvirt pass
build-amd64-pvops pass
build-armhf-pvops pass
build-i386-pvops pass
test-amd64-amd64-xl pass
test-armhf-armhf-xl blocked
test-amd64-i386-xl pass
test-amd64-amd64-libvirt-qemuu-debianhvm-amd64-xsm pass
test-amd64-i386-libvirt-qemuu-debianhvm-amd64-xsm pass
test-amd64-amd64-xl-qemuu-debianhvm-amd64-xsm pass
test-amd64-i386-xl-qemuu-debianhvm-amd64-xsm pass
test-amd64-amd64-libvirt-xsm pass
test-armhf-armhf-libvirt-xsm blocked
test-amd64-i386-libvirt-xsm pass
test-amd64-amd64-xl-xsm pass
test-armhf-armhf-xl-xsm pass
test-amd64-i386-xl-xsm pass
test-amd64-amd64-qemuu-nested-amd fail
test-amd64-amd64-xl-pvh-amd fail
test-amd64-i386-qemuu-rhel6hvm-amd pass
test-amd64-amd64-xl-qemuu-debianhvm-amd64 pass
test-amd64-i386-xl-qemuu-debianhvm-amd64 pass
test-amd64-i386-freebsd10-amd64 pass
test-amd64-amd64-xl-qemuu-ovmf-amd64 pass
test-amd64-i386-xl-qemuu-ovmf-amd64 pass
test-amd64-amd64-xl-qemuu-win7-amd64 fail
test-amd64-i386-xl-qemuu-win7-amd64 fail
test-armhf-armhf-xl-arndale blocked
test-amd64-amd64-xl-credit2 pass
test-armhf-armhf-xl-credit2 blocked
test-armhf-armhf-xl-cubietruck blocked
test-amd64-i386-freebsd10-i386 pass
test-amd64-amd64-qemuu-nested-intel pass
test-amd64-amd64-xl-pvh-intel fail
test-amd64-i386-qemuu-rhel6hvm-intel pass
test-amd64-amd64-libvirt pass
test-armhf-armhf-libvirt blocked
test-amd64-i386-libvirt pass
test-amd64-amd64-xl-multivcpu pass
test-armhf-armhf-xl-multivcpu blocked
test-amd64-amd64-pair pass
test-amd64-i386-pair pass
test-amd64-amd64-libvirt-pair pass
test-amd64-i386-libvirt-pair pass
test-amd64-amd64-amd64-pvgrub pass
test-amd64-amd64-i386-pvgrub pass
test-amd64-amd64-pygrub pass
test-armhf-armhf-libvirt-qcow2 blocked
test-amd64-amd64-xl-qcow2 pass
test-armhf-armhf-libvirt-raw blocked
test-amd64-i386-xl-raw pass
test-amd64-amd64-xl-rtds fail
test-armhf-armhf-xl-rtds blocked
test-amd64-i386-xl-qemuu-winxpsp3-vcpus1 pass
test-amd64-amd64-libvirt-vhd pass
test-armhf-armhf-xl-vhd blocked
test-amd64-amd64-xl-qemuu-winxpsp3 pass
test-amd64-i386-xl-qemuu-winxpsp3 pass
------------------------------------------------------------
sg-report-flight on osstest.test-lab.xenproject.org
logs: /home/logs/logs
images: /home/logs/images
Logs, config files, etc. are available at
http://logs.test-lab.xenproject.org/osstest/logs
Explanation of these reports, and of osstest in general, is at
http://xenbits.xen.org/gitweb/?p=osstest.git;a=blob;f=README.email;hb=master
http://xenbits.xen.org/gitweb/?p=osstest.git;a=blob;f=README;hb=master
Test harness code can be found at
http://xenbits.xen.org/gitweb?p=osstest.git;a=summary
Not pushing.
------------------------------------------------------------
commit bc66cedb4141fb7588f2462c74310d8fb5dd4cf1
Merge: bd8ef50 e6e2784
Author: Stefan Hajnoczi <stefanha@redhat.com>
Date: Mon Dec 5 10:56:45 2016 +0000
Merge remote-tracking branch 'yongbok/tags/mips-20161204' into staging
MIPS patches 2016-12-04
Changes:
* Fix Loongson instructions
* Fix bad shifts in {dextp|dextpdp}
# gpg: Signature made Sun 04 Dec 2016 01:39:38 AM GMT
# gpg: using RSA key 0x2238EB86D5F797C2
# gpg: Can't check signature: public key not found
* yongbok/tags/mips-20161204:
target-mips: fix bad shifts in {dextp|dextpdp}
target-mips: Fix Loongson multimedia instructions.
target-mips: Fix Loongson multimedia 'or' instruction.
target-mips: Fix Loongson pandn instruction.
Message-id: 1480816817-53245-1-git-send-email-yongbok.kim@imgtec.com
Signed-off-by: Stefan Hajnoczi <stefanha@redhat.com>
commit e6e2784cacd4cfec149a7690976b9ff15e541c4d
Author: Yongbok Kim <yongbok.kim@imgtec.com>
Date: Wed Nov 30 15:25:04 2016 +0000
target-mips: fix bad shifts in {dextp|dextpdp}
Fixed issues in the MIPSDSP64 instructions dextp and dextpdp.
Shifting can go out of 32 bit range.
https://bugs.launchpad.net/qemu/+bug/1631625
Reported-by: Thomas Huth <thuth@redhat.com>
Reported-by: Jia Liu <proljc@gmail.com>
Signed-off-by: Yongbok Kim <yongbok.kim@imgtec.com>
Reviewed-by: Thomas Huth <thuth@redhat.com>
commit b5a587b613f6151c2ce164552579ae64f2ddfd1c
Author: Heiher <wangr@lemote.com>
Date: Thu Oct 13 15:10:32 2016 +0800
target-mips: Fix Loongson multimedia instructions.
Needed to emit FPU exception on Loongson multimedia instructions
executing if Status:CU1 is clear. or FPR changes may be missed
on Linux.
Signed-off-by: Heiher <wangr@lemote.com>
Signed-off-by: Fuxin Zhang <zhangfx@lemote.com>
Reviewed-by: Yongbok Kim <yongbok.kim@imgtec.com>
Signed-off-by: Yongbok Kim <yongbok.kim@imgtec.com>
commit bb7cab5f3466540f5603b209c0df2e27a02fbb95
Author: Heiher <wangr@lemote.com>
Date: Thu Oct 13 15:09:39 2016 +0800
target-mips: Fix Loongson multimedia 'or' instruction.
Signed-off-by: Heiher <wangr@lemote.com>
Signed-off-by: Fuxin Zhang <zhangfx@lemote.com>
Reviewed-by: Yongbok Kim <yongbok.kim@imgtec.com>
Signed-off-by: Yongbok Kim <yongbok.kim@imgtec.com>
commit 9099a36b4bb81f84004b77f08e58ac2c67eed0e7
Author: Heiher <wangr@lemote.com>
Date: Fri Oct 14 10:46:04 2016 +0800
target-mips: Fix Loongson pandn instruction.
pandn FD, FS, FT
Operation: FD = ((NOT FS) AND FT)
Signed-off-by: Heiher <wangr@lemote.com>
Signed-off-by: Fuxin Zhang <zhangfx@lemote.com>
Reviewed-by: Yongbok Kim <yongbok.kim@imgtec.com>
Signed-off-by: Yongbok Kim <yongbok.kim@imgtec.com>
_______________________________________________
Xen-devel mailing list
Xen-devel@lists.xen.org
https://lists.xen.org/xen-devel
^ permalink raw reply [flat|nested] only message in thread
only message in thread, other threads:[~2016-12-06 16:56 UTC | newest]
Thread overview: (only message) (download: mbox.gz follow: Atom feed
-- links below jump to the message on this page --
2016-12-06 16:56 [qemu-mainline test] 102957: regressions - trouble: blocked/broken/fail/pass osstest service owner
This is a public inbox, see mirroring instructions
for how to clone and mirror all data and code used for this inbox;
as well as URLs for NNTP newsgroup(s).