* [xen-4.4-testing test] 103006: trouble: blocked/broken/fail/pass
@ 2016-12-08 1:01 osstest service owner
0 siblings, 0 replies; only message in thread
From: osstest service owner @ 2016-12-08 1:01 UTC (permalink / raw)
To: xen-devel, osstest-admin
flight 103006 xen-4.4-testing real [real]
http://logs.test-lab.xenproject.org/osstest/logs/103006/
Failures and problems with tests :-(
Tests which did not succeed and are blocking,
including tests which could not be run:
build-armhf-libvirt 3 host-install(3) broken in 102751 REGR. vs. 102521
Tests which are failing intermittently (not blocking):
test-amd64-i386-xl-qemuu-win7-amd64 3 host-install(3) broken pass in 102962
test-amd64-i386-qemut-rhel6hvm-amd 3 host-install(3) broken pass in 102962
test-amd64-amd64-xl-qemut-winxpsp3 3 host-install(3) broken pass in 102962
test-amd64-amd64-xl-qemuu-win7-amd64 3 host-install(3) broken pass in 102962
test-amd64-amd64-xl-qemuu-win7-amd64 13 guest-localmigrate fail in 102751 pass in 102962
test-amd64-i386-xl-qemuu-debianhvm-amd64 15 guest-localmigrate/x10 fail in 102751 pass in 103006
test-armhf-armhf-xl-multivcpu 15 guest-start/debian.repeat fail in 102751 pass in 103006
test-amd64-amd64-xl-qemuu-win7-amd64 15 guest-localmigrate/x10 fail in 102962 pass in 102914
test-armhf-armhf-xl-arndale 6 xen-boot fail in 102962 pass in 103006
test-amd64-i386-xl-qemuu-winxpsp3-vcpus1 15 guest-localmigrate/x10 fail in 102962 pass in 103006
test-xtf-amd64-amd64-3 20 xtf/test-hvm32-invlpg~shadow fail pass in 102751
test-xtf-amd64-amd64-3 31 xtf/test-hvm32pae-invlpg~shadow fail pass in 102751
test-xtf-amd64-amd64-3 42 xtf/test-hvm64-invlpg~shadow fail pass in 102751
test-xtf-amd64-amd64-3 52 leak-check/check fail pass in 102751
test-xtf-amd64-amd64-4 52 leak-check/check fail pass in 102751
test-xtf-amd64-amd64-5 52 leak-check/check fail pass in 102751
test-xtf-amd64-amd64-1 52 leak-check/check fail pass in 102751
test-xtf-amd64-amd64-2 52 leak-check/check fail pass in 102751
test-amd64-i386-xend-qemut-winxpsp3 9 windows-install fail pass in 102751
Regressions which are regarded as allowable (not blocking):
test-xtf-amd64-amd64-5 16 xtf/test-pv32pae-selftest fail in 102751 like 102521
test-xtf-amd64-amd64-3 16 xtf/test-pv32pae-selftest fail in 102751 like 102521
test-amd64-i386-xl-qemuu-win7-amd64 16 guest-stop fail in 102751 like 102521
test-amd64-amd64-xl-qemuu-win7-amd64 16 guest-stop fail in 102914 like 102521
test-xtf-amd64-amd64-4 16 xtf/test-pv32pae-selftest fail like 102521
test-xtf-amd64-amd64-2 16 xtf/test-pv32pae-selftest fail like 102521
test-amd64-amd64-xl-qemut-win7-amd64 16 guest-stop fail like 102521
test-amd64-i386-xl-qemut-win7-amd64 16 guest-stop fail like 102521
Tests which did not succeed, but are not blocking:
test-armhf-armhf-libvirt 1 build-check(1) blocked in 102751 n/a
test-armhf-armhf-libvirt-raw 1 build-check(1) blocked in 102751 n/a
test-armhf-armhf-libvirt-qcow2 1 build-check(1) blocked in 102751 n/a
test-amd64-amd64-rumprun-amd64 1 build-check(1) blocked n/a
test-amd64-i386-rumprun-i386 1 build-check(1) blocked n/a
test-xtf-amd64-amd64-5 18 xtf/test-hvm32-cpuid-faulting fail in 102751 never pass
test-xtf-amd64-amd64-2 49 xtf/test-pv64-cpuid-faulting fail in 102751 never pass
test-xtf-amd64-amd64-2 51 xtf/test-pv64-pv-iopl~hypercall fail in 102751 never pass
test-xtf-amd64-amd64-2 52 xtf/test-pv64-pv-iopl~vmassist fail in 102751 never pass
test-xtf-amd64-amd64-3 49 xtf/test-pv64-cpuid-faulting fail in 102751 never pass
test-xtf-amd64-amd64-5 49 xtf/test-pv64-cpuid-faulting fail in 102751 never pass
test-xtf-amd64-amd64-5 51 xtf/test-pv64-pv-iopl~hypercall fail in 102751 never pass
test-xtf-amd64-amd64-5 52 xtf/test-pv64-pv-iopl~vmassist fail in 102751 never pass
test-xtf-amd64-amd64-3 18 xtf/test-hvm32-cpuid-faulting fail in 102751 never pass
test-xtf-amd64-amd64-3 51 xtf/test-pv64-pv-iopl~hypercall fail in 102751 never pass
test-xtf-amd64-amd64-1 49 xtf/test-pv64-cpuid-faulting fail in 102751 never pass
test-xtf-amd64-amd64-3 52 xtf/test-pv64-pv-iopl~vmassist fail in 102751 never pass
test-xtf-amd64-amd64-1 51 xtf/test-pv64-pv-iopl~hypercall fail in 102751 never pass
test-xtf-amd64-amd64-1 52 xtf/test-pv64-pv-iopl~vmassist fail in 102751 never pass
test-xtf-amd64-amd64-4 49 xtf/test-pv64-cpuid-faulting fail in 102751 never pass
test-xtf-amd64-amd64-4 51 xtf/test-pv64-pv-iopl~hypercall fail in 102751 never pass
test-xtf-amd64-amd64-4 52 xtf/test-pv64-pv-iopl~vmassist fail in 102751 never pass
test-xtf-amd64-amd64-5 27 xtf/test-hvm32pae-cpuid-faulting fail in 102751 never pass
test-xtf-amd64-amd64-5 33 xtf/test-hvm32pse-cpuid-faulting fail in 102751 never pass
test-xtf-amd64-amd64-5 37 xtf/test-hvm64-cpuid-faulting fail in 102751 never pass
test-xtf-amd64-amd64-3 27 xtf/test-hvm32pae-cpuid-faulting fail in 102751 never pass
test-xtf-amd64-amd64-3 33 xtf/test-hvm32pse-cpuid-faulting fail in 102751 never pass
test-xtf-amd64-amd64-3 37 xtf/test-hvm64-cpuid-faulting fail in 102751 never pass
test-amd64-i386-xend-qemut-winxpsp3 20 leak-check/check fail in 102751 never pass
test-xtf-amd64-amd64-5 10 xtf-fep fail never pass
test-xtf-amd64-amd64-1 10 xtf-fep fail never pass
build-amd64-rumprun 7 xen-build fail never pass
test-xtf-amd64-amd64-1 16 xtf/test-pv32pae-selftest fail never pass
test-xtf-amd64-amd64-3 10 xtf-fep fail never pass
test-xtf-amd64-amd64-1 18 xtf/test-hvm32-cpuid-faulting fail never pass
test-xtf-amd64-amd64-4 10 xtf-fep fail never pass
test-xtf-amd64-amd64-1 29 xtf/test-hvm32pae-cpuid-faulting fail never pass
test-armhf-armhf-libvirt-qcow2 9 debian-di-install fail never pass
test-xtf-amd64-amd64-4 18 xtf/test-hvm32-cpuid-faulting fail never pass
test-xtf-amd64-amd64-1 35 xtf/test-hvm32pse-cpuid-faulting fail never pass
build-i386-rumprun 7 xen-build fail never pass
test-xtf-amd64-amd64-4 29 xtf/test-hvm32pae-cpuid-faulting fail never pass
test-xtf-amd64-amd64-1 39 xtf/test-hvm64-cpuid-faulting fail never pass
test-amd64-amd64-libvirt 12 migrate-support-check fail never pass
test-xtf-amd64-amd64-4 35 xtf/test-hvm32pse-cpuid-faulting fail never pass
test-xtf-amd64-amd64-4 39 xtf/test-hvm64-cpuid-faulting fail never pass
test-amd64-amd64-libvirt-vhd 11 migrate-support-check fail never pass
test-armhf-armhf-xl-arndale 12 migrate-support-check fail never pass
test-armhf-armhf-xl-arndale 13 saverestore-support-check fail never pass
test-xtf-amd64-amd64-3 51 xtf/test-hvm64-xsa-195 fail never pass
test-xtf-amd64-amd64-4 51 xtf/test-hvm64-xsa-195 fail never pass
test-armhf-armhf-libvirt-raw 9 debian-di-install fail never pass
test-xtf-amd64-amd64-5 51 xtf/test-hvm64-xsa-195 fail never pass
test-amd64-amd64-qemuu-nested-intel 16 debian-hvm-install/l1/l2 fail never pass
test-armhf-armhf-xl-credit2 12 migrate-support-check fail never pass
test-armhf-armhf-xl-credit2 13 saverestore-support-check fail never pass
test-xtf-amd64-amd64-1 51 xtf/test-hvm64-xsa-195 fail never pass
test-xtf-amd64-amd64-2 10 xtf-fep fail never pass
test-amd64-amd64-qemuu-nested-amd 16 debian-hvm-install/l1/l2 fail never pass
test-xtf-amd64-amd64-2 18 xtf/test-hvm32-cpuid-faulting fail never pass
test-xtf-amd64-amd64-2 29 xtf/test-hvm32pae-cpuid-faulting fail never pass
test-xtf-amd64-amd64-2 35 xtf/test-hvm32pse-cpuid-faulting fail never pass
test-xtf-amd64-amd64-2 39 xtf/test-hvm64-cpuid-faulting fail never pass
test-armhf-armhf-xl-multivcpu 12 migrate-support-check fail never pass
test-armhf-armhf-xl-multivcpu 13 saverestore-support-check fail never pass
test-amd64-i386-libvirt 12 migrate-support-check fail never pass
test-xtf-amd64-amd64-2 51 xtf/test-hvm64-xsa-195 fail never pass
test-armhf-armhf-libvirt 11 guest-start fail never pass
test-armhf-armhf-xl-cubietruck 12 migrate-support-check fail never pass
test-armhf-armhf-xl 12 migrate-support-check fail never pass
test-armhf-armhf-xl-cubietruck 13 saverestore-support-check fail never pass
test-armhf-armhf-xl-vhd 9 debian-di-install fail never pass
test-armhf-armhf-xl 13 saverestore-support-check fail never pass
version targeted for testing:
xen 1c1bfc1cf252f76b69664a7a6446d205da28f382
baseline version:
xen 6639a202f285ace4adf57453ade066bd4b4298e0
Last test of basis 102521 2016-11-22 13:45:20 Z 15 days
Testing same since 102718 2016-11-29 19:17:21 Z 8 days 9 attempts
------------------------------------------------------------
People who touched revisions under test:
Ian Jackson <ian.jackson@eu.citrix.com>
Jan Beulich <jbeulich@suse.com>
jobs:
build-amd64-xend pass
build-i386-xend pass
build-amd64-xtf pass
build-amd64 pass
build-armhf pass
build-i386 pass
build-amd64-libvirt pass
build-armhf-libvirt pass
build-i386-libvirt pass
build-amd64-pvops pass
build-armhf-pvops pass
build-i386-pvops pass
build-amd64-rumprun fail
build-i386-rumprun fail
test-xtf-amd64-amd64-1 fail
test-xtf-amd64-amd64-2 fail
test-xtf-amd64-amd64-3 fail
test-xtf-amd64-amd64-4 fail
test-xtf-amd64-amd64-5 fail
test-amd64-amd64-xl pass
test-armhf-armhf-xl pass
test-amd64-i386-xl pass
test-amd64-amd64-qemuu-nested-amd fail
test-amd64-i386-qemut-rhel6hvm-amd broken
test-amd64-i386-qemuu-rhel6hvm-amd pass
test-amd64-amd64-xl-qemut-debianhvm-amd64 pass
test-amd64-i386-xl-qemut-debianhvm-amd64 pass
test-amd64-amd64-xl-qemuu-debianhvm-amd64 pass
test-amd64-i386-xl-qemuu-debianhvm-amd64 pass
test-amd64-i386-freebsd10-amd64 pass
test-amd64-amd64-xl-qemuu-ovmf-amd64 pass
test-amd64-i386-xl-qemuu-ovmf-amd64 pass
test-amd64-amd64-rumprun-amd64 blocked
test-amd64-amd64-xl-qemut-win7-amd64 fail
test-amd64-i386-xl-qemut-win7-amd64 fail
test-amd64-amd64-xl-qemuu-win7-amd64 broken
test-amd64-i386-xl-qemuu-win7-amd64 broken
test-armhf-armhf-xl-arndale pass
test-amd64-amd64-xl-credit2 pass
test-armhf-armhf-xl-credit2 pass
test-armhf-armhf-xl-cubietruck pass
test-amd64-i386-freebsd10-i386 pass
test-amd64-i386-rumprun-i386 blocked
test-amd64-amd64-qemuu-nested-intel fail
test-amd64-i386-qemut-rhel6hvm-intel pass
test-amd64-i386-qemuu-rhel6hvm-intel pass
test-amd64-amd64-libvirt pass
test-armhf-armhf-libvirt fail
test-amd64-i386-libvirt pass
test-amd64-amd64-xl-multivcpu pass
test-armhf-armhf-xl-multivcpu pass
test-amd64-amd64-pair pass
test-amd64-i386-pair pass
test-amd64-amd64-libvirt-pair pass
test-amd64-i386-libvirt-pair pass
test-amd64-amd64-pv pass
test-amd64-i386-pv pass
test-amd64-amd64-amd64-pvgrub pass
test-amd64-amd64-i386-pvgrub pass
test-amd64-amd64-pygrub pass
test-armhf-armhf-libvirt-qcow2 fail
test-amd64-amd64-xl-qcow2 pass
test-armhf-armhf-libvirt-raw fail
test-amd64-i386-xl-raw pass
test-amd64-i386-xl-qemut-winxpsp3-vcpus1 pass
test-amd64-i386-xl-qemuu-winxpsp3-vcpus1 pass
test-amd64-amd64-libvirt-vhd pass
test-armhf-armhf-xl-vhd fail
test-amd64-i386-xend-qemut-winxpsp3 fail
test-amd64-amd64-xl-qemut-winxpsp3 broken
test-amd64-amd64-xl-qemuu-winxpsp3 pass
------------------------------------------------------------
sg-report-flight on osstest.test-lab.xenproject.org
logs: /home/logs/logs
images: /home/logs/images
Logs, config files, etc. are available at
http://logs.test-lab.xenproject.org/osstest/logs
Explanation of these reports, and of osstest in general, is at
http://xenbits.xen.org/gitweb/?p=osstest.git;a=blob;f=README.email;hb=master
http://xenbits.xen.org/gitweb/?p=osstest.git;a=blob;f=README;hb=master
Test harness code can be found at
http://xenbits.xen.org/gitweb?p=osstest.git;a=summary
broken-step test-amd64-i386-xl-qemuu-win7-amd64 host-install(3)
broken-step test-amd64-i386-qemut-rhel6hvm-amd host-install(3)
broken-step test-amd64-amd64-xl-qemut-winxpsp3 host-install(3)
broken-step test-amd64-amd64-xl-qemuu-win7-amd64 host-install(3)
Not pushing.
------------------------------------------------------------
commit 1c1bfc1cf252f76b69664a7a6446d205da28f382
Author: Ian Jackson <ian.jackson@eu.citrix.com>
Date: Tue Nov 29 18:40:26 2016 +0000
QEMU_TAG update
========================================
commit 851b5ee8ae2a841373d605ae6f755cb33a3626f9
Author: Jan Beulich <jbeulich@suse.com>
Date: Tue Nov 29 18:38:24 2016 +0000
xen: fix ioreq handling
Avoid double fetches and bounds check size to avoid overflowing
internal variables.
This is XSA-197.
Reported-by: yanghongke <yanghongke@huawei.com>
Signed-off-by: Jan Beulich <jbeulich@suse.com>
Reviewed-by: Ian Jackson <ian.jackson@eu.citrix.com>
(cherry picked from commit fadd27b1a7d6f5cfc4786ef09d60b368e44226ad)
_______________________________________________
Xen-devel mailing list
Xen-devel@lists.xen.org
https://lists.xen.org/xen-devel
^ permalink raw reply [flat|nested] only message in thread
only message in thread, other threads:[~2016-12-08 1:01 UTC | newest]
Thread overview: (only message) (download: mbox.gz follow: Atom feed
-- links below jump to the message on this page --
2016-12-08 1:01 [xen-4.4-testing test] 103006: trouble: blocked/broken/fail/pass osstest service owner
This is a public inbox, see mirroring instructions
for how to clone and mirror all data and code used for this inbox;
as well as URLs for NNTP newsgroup(s).