* [xen-4.5-testing test] 103051: regressions - FAIL
@ 2016-12-09 5:51 osstest service owner
0 siblings, 0 replies; only message in thread
From: osstest service owner @ 2016-12-09 5:51 UTC (permalink / raw)
To: xen-devel, osstest-admin
flight 103051 xen-4.5-testing real [real]
http://logs.test-lab.xenproject.org/osstest/logs/103051/
Regressions :-(
Tests which did not succeed and are blocking,
including tests which could not be run:
test-armhf-armhf-xl-multivcpu 5 xen-install fail REGR. vs. 102721
test-xtf-amd64-amd64-2 52 leak-check/check fail REGR. vs. 102721
test-xtf-amd64-amd64-4 52 leak-check/check fail REGR. vs. 102721
test-xtf-amd64-amd64-5 52 leak-check/check fail REGR. vs. 102721
test-xtf-amd64-amd64-1 52 leak-check/check fail REGR. vs. 102721
test-xtf-amd64-amd64-3 52 leak-check/check fail REGR. vs. 102721
test-armhf-armhf-xl-credit2 16 guest-start.2 fail REGR. vs. 102721
Regressions which are regarded as allowable (not blocking):
test-amd64-amd64-xl-rtds 6 xen-boot fail like 102721
test-armhf-armhf-libvirt 13 saverestore-support-check fail like 102721
test-amd64-i386-xl-qemuu-win7-amd64 13 guest-localmigrate fail like 102721
test-amd64-i386-xl-qemut-win7-amd64 16 guest-stop fail like 102721
test-amd64-amd64-xl-qemuu-win7-amd64 16 guest-stop fail like 102721
test-amd64-amd64-xl-qemut-win7-amd64 16 guest-stop fail like 102721
test-armhf-armhf-xl-rtds 11 guest-start fail like 102721
test-amd64-i386-xl-qemuu-winxpsp3-vcpus1 15 guest-localmigrate/x10 fail like 102721
Tests which did not succeed, but are not blocking:
test-xtf-amd64-amd64-2 18 xtf/test-hvm32-cpuid-faulting fail never pass
test-xtf-amd64-amd64-4 18 xtf/test-hvm32-cpuid-faulting fail never pass
test-xtf-amd64-amd64-2 29 xtf/test-hvm32pae-cpuid-faulting fail never pass
test-xtf-amd64-amd64-4 29 xtf/test-hvm32pae-cpuid-faulting fail never pass
test-xtf-amd64-amd64-4 35 xtf/test-hvm32pse-cpuid-faulting fail never pass
test-xtf-amd64-amd64-4 39 xtf/test-hvm64-cpuid-faulting fail never pass
test-xtf-amd64-amd64-2 35 xtf/test-hvm32pse-cpuid-faulting fail never pass
test-xtf-amd64-amd64-2 39 xtf/test-hvm64-cpuid-faulting fail never pass
test-xtf-amd64-amd64-5 18 xtf/test-hvm32-cpuid-faulting fail never pass
test-xtf-amd64-amd64-5 29 xtf/test-hvm32pae-cpuid-faulting fail never pass
test-xtf-amd64-amd64-5 35 xtf/test-hvm32pse-cpuid-faulting fail never pass
test-xtf-amd64-amd64-5 39 xtf/test-hvm64-cpuid-faulting fail never pass
test-amd64-amd64-xl-pvh-intel 11 guest-start fail never pass
test-xtf-amd64-amd64-1 18 xtf/test-hvm32-cpuid-faulting fail never pass
test-xtf-amd64-amd64-1 29 xtf/test-hvm32pae-cpuid-faulting fail never pass
test-armhf-armhf-xl-arndale 12 migrate-support-check fail never pass
test-armhf-armhf-xl-arndale 13 saverestore-support-check fail never pass
test-xtf-amd64-amd64-1 35 xtf/test-hvm32pse-cpuid-faulting fail never pass
test-xtf-amd64-amd64-1 39 xtf/test-hvm64-cpuid-faulting fail never pass
test-xtf-amd64-amd64-2 51 xtf/test-hvm64-xsa-195 fail never pass
test-xtf-amd64-amd64-4 51 xtf/test-hvm64-xsa-195 fail never pass
test-amd64-amd64-xl-pvh-amd 11 guest-start fail never pass
test-xtf-amd64-amd64-5 51 xtf/test-hvm64-xsa-195 fail never pass
test-amd64-i386-libvirt 12 migrate-support-check fail never pass
test-amd64-amd64-libvirt-vhd 11 migrate-support-check fail never pass
test-xtf-amd64-amd64-1 51 xtf/test-hvm64-xsa-195 fail never pass
test-amd64-amd64-libvirt 12 migrate-support-check fail never pass
test-amd64-amd64-qemuu-nested-amd 16 debian-hvm-install/l1/l2 fail never pass
test-armhf-armhf-xl 12 migrate-support-check fail never pass
test-xtf-amd64-amd64-3 51 xtf/test-hvm64-xsa-195 fail never pass
test-armhf-armhf-xl 13 saverestore-support-check fail never pass
test-armhf-armhf-libvirt 12 migrate-support-check fail never pass
test-armhf-armhf-xl-cubietruck 12 migrate-support-check fail never pass
test-armhf-armhf-xl-cubietruck 13 saverestore-support-check fail never pass
test-armhf-armhf-libvirt-raw 10 guest-start fail never pass
test-armhf-armhf-xl-credit2 12 migrate-support-check fail never pass
test-armhf-armhf-xl-credit2 13 saverestore-support-check fail never pass
test-armhf-armhf-libvirt-qcow2 10 guest-start fail never pass
test-armhf-armhf-xl-vhd 10 guest-start fail never pass
version targeted for testing:
xen 27be856265352c259c597ff696766a1668cf7564
baseline version:
xen cc325c0bd56d5cc327f8a426d661cc1a2f3a52bd
Last test of basis 102721 2016-11-29 22:49:05 Z 9 days
Failing since 102767 2016-12-01 22:47:44 Z 7 days 7 attempts
Testing same since 103051 2016-12-07 23:19:17 Z 1 days 1 attempts
------------------------------------------------------------
People who touched revisions under test:
Ian Jackson <ian.jackson@eu.citrix.com>
Julien Grall <julien.grall@arm.com>
Shanker Donthineni <shankerd@codeaurora.org>
jobs:
build-amd64-xtf pass
build-amd64 pass
build-armhf pass
build-i386 pass
build-amd64-libvirt pass
build-armhf-libvirt pass
build-i386-libvirt pass
build-amd64-prev pass
build-i386-prev pass
build-amd64-pvops pass
build-armhf-pvops pass
build-i386-pvops pass
build-amd64-rumprun pass
build-i386-rumprun pass
test-xtf-amd64-amd64-1 fail
test-xtf-amd64-amd64-2 fail
test-xtf-amd64-amd64-3 fail
test-xtf-amd64-amd64-4 fail
test-xtf-amd64-amd64-5 fail
test-amd64-amd64-xl pass
test-armhf-armhf-xl pass
test-amd64-i386-xl pass
test-amd64-amd64-qemuu-nested-amd fail
test-amd64-amd64-xl-pvh-amd fail
test-amd64-i386-qemut-rhel6hvm-amd pass
test-amd64-i386-qemuu-rhel6hvm-amd pass
test-amd64-amd64-xl-qemut-debianhvm-amd64 pass
test-amd64-i386-xl-qemut-debianhvm-amd64 pass
test-amd64-amd64-xl-qemuu-debianhvm-amd64 pass
test-amd64-i386-xl-qemuu-debianhvm-amd64 pass
test-amd64-i386-freebsd10-amd64 pass
test-amd64-amd64-xl-qemuu-ovmf-amd64 pass
test-amd64-i386-xl-qemuu-ovmf-amd64 pass
test-amd64-amd64-rumprun-amd64 pass
test-amd64-amd64-xl-qemut-win7-amd64 fail
test-amd64-i386-xl-qemut-win7-amd64 fail
test-amd64-amd64-xl-qemuu-win7-amd64 fail
test-amd64-i386-xl-qemuu-win7-amd64 fail
test-armhf-armhf-xl-arndale pass
test-amd64-amd64-xl-credit2 pass
test-armhf-armhf-xl-credit2 fail
test-armhf-armhf-xl-cubietruck pass
test-amd64-i386-freebsd10-i386 pass
test-amd64-i386-rumprun-i386 pass
test-amd64-amd64-qemuu-nested-intel pass
test-amd64-amd64-xl-pvh-intel fail
test-amd64-i386-qemut-rhel6hvm-intel pass
test-amd64-i386-qemuu-rhel6hvm-intel pass
test-amd64-amd64-libvirt pass
test-armhf-armhf-libvirt pass
test-amd64-i386-libvirt pass
test-amd64-amd64-migrupgrade pass
test-amd64-i386-migrupgrade pass
test-amd64-amd64-xl-multivcpu pass
test-armhf-armhf-xl-multivcpu fail
test-amd64-amd64-pair pass
test-amd64-i386-pair pass
test-amd64-amd64-libvirt-pair pass
test-amd64-i386-libvirt-pair pass
test-amd64-amd64-amd64-pvgrub pass
test-amd64-amd64-i386-pvgrub pass
test-amd64-amd64-pygrub pass
test-armhf-armhf-libvirt-qcow2 fail
test-amd64-amd64-xl-qcow2 pass
test-armhf-armhf-libvirt-raw fail
test-amd64-i386-xl-raw pass
test-amd64-amd64-xl-rtds fail
test-armhf-armhf-xl-rtds fail
test-amd64-i386-xl-qemut-winxpsp3-vcpus1 pass
test-amd64-i386-xl-qemuu-winxpsp3-vcpus1 fail
test-amd64-amd64-libvirt-vhd pass
test-armhf-armhf-xl-vhd fail
test-amd64-amd64-xl-qemut-winxpsp3 pass
test-amd64-i386-xl-qemut-winxpsp3 pass
test-amd64-amd64-xl-qemuu-winxpsp3 pass
test-amd64-i386-xl-qemuu-winxpsp3 pass
------------------------------------------------------------
sg-report-flight on osstest.test-lab.xenproject.org
logs: /home/logs/logs
images: /home/logs/images
Logs, config files, etc. are available at
http://logs.test-lab.xenproject.org/osstest/logs
Explanation of these reports, and of osstest in general, is at
http://xenbits.xen.org/gitweb/?p=osstest.git;a=blob;f=README.email;hb=master
http://xenbits.xen.org/gitweb/?p=osstest.git;a=blob;f=README;hb=master
Test harness code can be found at
http://xenbits.xen.org/gitweb?p=osstest.git;a=summary
Not pushing.
------------------------------------------------------------
commit 27be856265352c259c597ff696766a1668cf7564
Author: Ian Jackson <ian.jackson@eu.citrix.com>
Date: Wed Dec 7 16:54:35 2016 +0000
QEMU_TAG update
commit bdf3ef18a3f5d7f2e6b198838f6e77f237d3e3f2
Author: Shanker Donthineni <shankerd@codeaurora.org>
Date: Thu Mar 17 13:46:58 2016 +0100
arm64: fix incorrect memory region size in TCR_EL2
The maximum and minimum values for TxSZ depend on level of
translation as per AArch64 Virtual Memory System Architecture.
According to ARM specification DDI0487A_h (sec D4.2.2, page 1752),
the minimum TxSZ value is 16. If TxSZ is programmed to a value
smaller than 16 then it is IMPLEMENTATION DEFINED.
This patch sets T0SZ to (64-48)bits since XEN uses all 4 levels
to cover 48bit (256TB) virtual address instead of value zero.
Signed-off-by: Shanker Donthineni <shankerd@codeaurora.org>
Acked-by: Julien Grall <julien.grall@arm.com>
(qemu changes not included)
_______________________________________________
Xen-devel mailing list
Xen-devel@lists.xen.org
https://lists.xen.org/xen-devel
^ permalink raw reply [flat|nested] only message in thread
only message in thread, other threads:[~2016-12-09 5:51 UTC | newest]
Thread overview: (only message) (download: mbox.gz follow: Atom feed
-- links below jump to the message on this page --
2016-12-09 5:51 [xen-4.5-testing test] 103051: regressions - FAIL osstest service owner
This is a public inbox, see mirroring instructions
for how to clone and mirror all data and code used for this inbox;
as well as URLs for NNTP newsgroup(s).