* [xen-4.4-testing test] 103058: regressions - FAIL
@ 2016-12-09 8:44 osstest service owner
0 siblings, 0 replies; only message in thread
From: osstest service owner @ 2016-12-09 8:44 UTC (permalink / raw)
To: xen-devel, osstest-admin
flight 103058 xen-4.4-testing real [real]
http://logs.test-lab.xenproject.org/osstest/logs/103058/
Regressions :-(
Tests which did not succeed and are blocking,
including tests which could not be run:
test-armhf-armhf-libvirt-qcow2 6 xen-boot fail REGR. vs. 102521
test-xtf-amd64-amd64-3 20 xtf/test-hvm32-invlpg~shadow fail REGR. vs. 102521
test-xtf-amd64-amd64-3 31 xtf/test-hvm32pae-invlpg~shadow fail REGR. vs. 102521
test-xtf-amd64-amd64-3 42 xtf/test-hvm64-invlpg~shadow fail REGR. vs. 102521
test-xtf-amd64-amd64-4 52 leak-check/check fail REGR. vs. 102521
test-xtf-amd64-amd64-5 52 leak-check/check fail REGR. vs. 102521
test-xtf-amd64-amd64-1 52 leak-check/check fail REGR. vs. 102521
test-xtf-amd64-amd64-3 52 leak-check/check fail REGR. vs. 102521
test-amd64-amd64-xl-qemuu-win7-amd64 15 guest-localmigrate/x10 fail REGR. vs. 102521
test-xtf-amd64-amd64-2 52 leak-check/check fail REGR. vs. 102521
test-armhf-armhf-xl-credit2 15 guest-start/debian.repeat fail REGR. vs. 102521
test-amd64-i386-xl-qemuu-winxpsp3-vcpus1 15 guest-localmigrate/x10 fail REGR. vs. 102521
test-armhf-armhf-xl-multivcpu 15 guest-start/debian.repeat fail REGR. vs. 102521
test-amd64-i386-xend-qemut-winxpsp3 9 windows-install fail REGR. vs. 102521
Regressions which are regarded as allowable (not blocking):
test-xtf-amd64-amd64-4 16 xtf/test-pv32pae-selftest fail like 102521
test-xtf-amd64-amd64-2 16 xtf/test-pv32pae-selftest fail like 102521
test-amd64-amd64-xl-qemut-win7-amd64 16 guest-stop fail like 102521
test-amd64-i386-xl-qemuu-win7-amd64 16 guest-stop fail like 102521
test-amd64-i386-xl-qemut-win7-amd64 16 guest-stop fail like 102521
Tests which did not succeed, but are not blocking:
test-amd64-amd64-rumprun-amd64 1 build-check(1) blocked n/a
test-amd64-i386-rumprun-i386 1 build-check(1) blocked n/a
test-xtf-amd64-amd64-5 10 xtf-fep fail never pass
test-xtf-amd64-amd64-1 10 xtf-fep fail never pass
build-amd64-rumprun 7 xen-build fail never pass
test-xtf-amd64-amd64-1 16 xtf/test-pv32pae-selftest fail never pass
test-xtf-amd64-amd64-1 18 xtf/test-hvm32-cpuid-faulting fail never pass
test-xtf-amd64-amd64-4 10 xtf-fep fail never pass
test-xtf-amd64-amd64-1 29 xtf/test-hvm32pae-cpuid-faulting fail never pass
test-xtf-amd64-amd64-4 18 xtf/test-hvm32-cpuid-faulting fail never pass
test-xtf-amd64-amd64-1 35 xtf/test-hvm32pse-cpuid-faulting fail never pass
build-i386-rumprun 7 xen-build fail never pass
test-xtf-amd64-amd64-4 29 xtf/test-hvm32pae-cpuid-faulting fail never pass
test-xtf-amd64-amd64-1 39 xtf/test-hvm64-cpuid-faulting fail never pass
test-amd64-amd64-libvirt 12 migrate-support-check fail never pass
test-xtf-amd64-amd64-4 35 xtf/test-hvm32pse-cpuid-faulting fail never pass
test-xtf-amd64-amd64-4 39 xtf/test-hvm64-cpuid-faulting fail never pass
test-xtf-amd64-amd64-3 10 xtf-fep fail never pass
test-amd64-amd64-libvirt-vhd 11 migrate-support-check fail never pass
test-armhf-armhf-xl-arndale 12 migrate-support-check fail never pass
test-armhf-armhf-xl-arndale 13 saverestore-support-check fail never pass
test-xtf-amd64-amd64-4 51 xtf/test-hvm64-xsa-195 fail never pass
test-armhf-armhf-libvirt-raw 9 debian-di-install fail never pass
test-xtf-amd64-amd64-5 51 xtf/test-hvm64-xsa-195 fail never pass
test-amd64-amd64-qemuu-nested-intel 16 debian-hvm-install/l1/l2 fail never pass
test-xtf-amd64-amd64-1 51 xtf/test-hvm64-xsa-195 fail never pass
test-xtf-amd64-amd64-2 10 xtf-fep fail never pass
test-amd64-amd64-qemuu-nested-amd 16 debian-hvm-install/l1/l2 fail never pass
test-xtf-amd64-amd64-2 18 xtf/test-hvm32-cpuid-faulting fail never pass
test-xtf-amd64-amd64-2 29 xtf/test-hvm32pae-cpuid-faulting fail never pass
test-xtf-amd64-amd64-2 35 xtf/test-hvm32pse-cpuid-faulting fail never pass
test-xtf-amd64-amd64-2 39 xtf/test-hvm64-cpuid-faulting fail never pass
test-xtf-amd64-amd64-3 51 xtf/test-hvm64-xsa-195 fail never pass
test-armhf-armhf-xl-credit2 12 migrate-support-check fail never pass
test-armhf-armhf-xl-credit2 13 saverestore-support-check fail never pass
test-armhf-armhf-xl-multivcpu 12 migrate-support-check fail never pass
test-armhf-armhf-xl-multivcpu 13 saverestore-support-check fail never pass
test-amd64-i386-libvirt 12 migrate-support-check fail never pass
test-xtf-amd64-amd64-2 51 xtf/test-hvm64-xsa-195 fail never pass
test-armhf-armhf-libvirt 11 guest-start fail never pass
test-armhf-armhf-xl-cubietruck 12 migrate-support-check fail never pass
test-armhf-armhf-xl 12 migrate-support-check fail never pass
test-armhf-armhf-xl-cubietruck 13 saverestore-support-check fail never pass
test-armhf-armhf-xl-vhd 9 debian-di-install fail never pass
test-armhf-armhf-xl 13 saverestore-support-check fail never pass
version targeted for testing:
xen 149c34a6ea0c6821620554059e85cb89acf0ff8f
baseline version:
xen 6639a202f285ace4adf57453ade066bd4b4298e0
Last test of basis 102521 2016-11-22 13:45:20 Z 16 days
Failing since 102718 2016-11-29 19:17:21 Z 9 days 10 attempts
Testing same since 103058 2016-12-08 01:54:44 Z 1 days 1 attempts
------------------------------------------------------------
People who touched revisions under test:
Ian Jackson <Ian.Jackson@eu.citrix.com>
Jan Beulich <jbeulich@suse.com>
jobs:
build-amd64-xend pass
build-i386-xend pass
build-amd64-xtf pass
build-amd64 pass
build-armhf pass
build-i386 pass
build-amd64-libvirt pass
build-armhf-libvirt pass
build-i386-libvirt pass
build-amd64-pvops pass
build-armhf-pvops pass
build-i386-pvops pass
build-amd64-rumprun fail
build-i386-rumprun fail
test-xtf-amd64-amd64-1 fail
test-xtf-amd64-amd64-2 fail
test-xtf-amd64-amd64-3 fail
test-xtf-amd64-amd64-4 fail
test-xtf-amd64-amd64-5 fail
test-amd64-amd64-xl pass
test-armhf-armhf-xl pass
test-amd64-i386-xl pass
test-amd64-amd64-qemuu-nested-amd fail
test-amd64-i386-qemut-rhel6hvm-amd pass
test-amd64-i386-qemuu-rhel6hvm-amd pass
test-amd64-amd64-xl-qemut-debianhvm-amd64 pass
test-amd64-i386-xl-qemut-debianhvm-amd64 pass
test-amd64-amd64-xl-qemuu-debianhvm-amd64 pass
test-amd64-i386-xl-qemuu-debianhvm-amd64 pass
test-amd64-i386-freebsd10-amd64 pass
test-amd64-amd64-xl-qemuu-ovmf-amd64 pass
test-amd64-i386-xl-qemuu-ovmf-amd64 pass
test-amd64-amd64-rumprun-amd64 blocked
test-amd64-amd64-xl-qemut-win7-amd64 fail
test-amd64-i386-xl-qemut-win7-amd64 fail
test-amd64-amd64-xl-qemuu-win7-amd64 fail
test-amd64-i386-xl-qemuu-win7-amd64 fail
test-armhf-armhf-xl-arndale pass
test-amd64-amd64-xl-credit2 pass
test-armhf-armhf-xl-credit2 fail
test-armhf-armhf-xl-cubietruck pass
test-amd64-i386-freebsd10-i386 pass
test-amd64-i386-rumprun-i386 blocked
test-amd64-amd64-qemuu-nested-intel fail
test-amd64-i386-qemut-rhel6hvm-intel pass
test-amd64-i386-qemuu-rhel6hvm-intel pass
test-amd64-amd64-libvirt pass
test-armhf-armhf-libvirt fail
test-amd64-i386-libvirt pass
test-amd64-amd64-xl-multivcpu pass
test-armhf-armhf-xl-multivcpu fail
test-amd64-amd64-pair pass
test-amd64-i386-pair pass
test-amd64-amd64-libvirt-pair pass
test-amd64-i386-libvirt-pair pass
test-amd64-amd64-pv pass
test-amd64-i386-pv pass
test-amd64-amd64-amd64-pvgrub pass
test-amd64-amd64-i386-pvgrub pass
test-amd64-amd64-pygrub pass
test-armhf-armhf-libvirt-qcow2 fail
test-amd64-amd64-xl-qcow2 pass
test-armhf-armhf-libvirt-raw fail
test-amd64-i386-xl-raw pass
test-amd64-i386-xl-qemut-winxpsp3-vcpus1 pass
test-amd64-i386-xl-qemuu-winxpsp3-vcpus1 fail
test-amd64-amd64-libvirt-vhd pass
test-armhf-armhf-xl-vhd fail
test-amd64-i386-xend-qemut-winxpsp3 fail
test-amd64-amd64-xl-qemut-winxpsp3 pass
test-amd64-amd64-xl-qemuu-winxpsp3 pass
------------------------------------------------------------
sg-report-flight on osstest.test-lab.xenproject.org
logs: /home/logs/logs
images: /home/logs/images
Logs, config files, etc. are available at
http://logs.test-lab.xenproject.org/osstest/logs
Explanation of these reports, and of osstest in general, is at
http://xenbits.xen.org/gitweb/?p=osstest.git;a=blob;f=README.email;hb=master
http://xenbits.xen.org/gitweb/?p=osstest.git;a=blob;f=README;hb=master
Test harness code can be found at
http://xenbits.xen.org/gitweb?p=osstest.git;a=summary
Not pushing.
------------------------------------------------------------
commit 149c34a6ea0c6821620554059e85cb89acf0ff8f
Author: Ian Jackson <ian.jackson@eu.citrix.com>
Date: Wed Dec 7 16:54:47 2016 +0000
QEMU_TAG update
commit 1c1bfc1cf252f76b69664a7a6446d205da28f382
Author: Ian Jackson <ian.jackson@eu.citrix.com>
Date: Tue Nov 29 18:40:26 2016 +0000
QEMU_TAG update
========================================
commit eb200a6a9aca6ea6c03bea986d4b64c090672ed1
Author: Ian Jackson <ian.jackson@eu.citrix.com>
Date: Mon Nov 14 17:19:46 2016 +0000
qemu: ioport_read, ioport_write: be defensive about 32-bit addresses
On x86, ioport addresses are 16-bit. That these functions take 32-bit
arguments is a mistake. Changing the argument type to 16-bit will
discard the top bits of any erroneous values from elsewhere in qemu.
Also, check just before use that the value is in range. (This turns
an ill-advised change to MAX_IOPORTS into a possible guest crash
rather than a privilege escalation vulnerability.)
And, in the Xen ioreq processor, clamp incoming ioport addresses to
16-bit values. Xen will never write >16-bit values but the guest may
have access to the ioreq ring. We want to defend the rest of the qemu
code from wrong values.
This is XSA-199.
Reported-by: yanghongke <yanghongke@huawei.com>
Signed-off-by: Ian Jackson <Ian.Jackson@eu.citrix.com>
(cherry picked from commit b669e922b37b8957248798a5eb7aa96a666cd3fe)
(cherry picked from commit 095261a9ad5c31b9ed431f8382e8aa223089c85b)
(cherry picked from commit 18858e28bb6bae83ddcf413995b2e68c4c7ae03d)
(cherry picked from commit a7fd3717d99944530b04130f050e83402e64afed)
(cherry picked from commit 3af411fbe776a5436f695e70c9420ea736d03ca8)
commit 851b5ee8ae2a841373d605ae6f755cb33a3626f9
Author: Jan Beulich <jbeulich@suse.com>
Date: Tue Nov 29 18:38:24 2016 +0000
xen: fix ioreq handling
Avoid double fetches and bounds check size to avoid overflowing
internal variables.
This is XSA-197.
Reported-by: yanghongke <yanghongke@huawei.com>
Signed-off-by: Jan Beulich <jbeulich@suse.com>
Reviewed-by: Ian Jackson <ian.jackson@eu.citrix.com>
(cherry picked from commit fadd27b1a7d6f5cfc4786ef09d60b368e44226ad)
_______________________________________________
Xen-devel mailing list
Xen-devel@lists.xen.org
https://lists.xen.org/xen-devel
^ permalink raw reply [flat|nested] only message in thread
only message in thread, other threads:[~2016-12-09 8:44 UTC | newest]
Thread overview: (only message) (download: mbox.gz follow: Atom feed
-- links below jump to the message on this page --
2016-12-09 8:44 [xen-4.4-testing test] 103058: regressions - FAIL osstest service owner
This is a public inbox, see mirroring instructions
for how to clone and mirror all data and code used for this inbox;
as well as URLs for NNTP newsgroup(s).