From: osstest service owner <osstest-admin@xenproject.org>
To: xen-devel@lists.xensource.com, osstest-admin@xenproject.org
Subject: [linux-3.18 test] 103074: regressions - FAIL
Date: Fri, 09 Dec 2016 15:01:47 +0000 [thread overview]
Message-ID: <osstest-103074-mainreport@xen.org> (raw)
flight 103074 linux-3.18 real [real]
http://logs.test-lab.xenproject.org/osstest/logs/103074/
Regressions :-(
Tests which did not succeed and are blocking,
including tests which could not be run:
test-amd64-amd64-libvirt-qemuu-debianhvm-amd64-xsm 6 xen-boot fail REGR. vs. 101675
test-amd64-i386-libvirt-pair 9 xen-boot/src_host fail REGR. vs. 101675
test-amd64-i386-libvirt-pair 10 xen-boot/dst_host fail REGR. vs. 101675
test-amd64-amd64-amd64-pvgrub 6 xen-boot fail REGR. vs. 101675
test-amd64-amd64-xl-qemuu-ovmf-amd64 6 xen-boot fail REGR. vs. 101675
test-amd64-amd64-xl-qemut-debianhvm-amd64 6 xen-boot fail REGR. vs. 101675
test-amd64-amd64-xl-qemut-win7-amd64 6 xen-boot fail REGR. vs. 101675
test-amd64-amd64-xl-qemut-debianhvm-amd64-xsm 6 xen-boot fail REGR. vs. 101675
test-amd64-i386-xl-qemut-win7-amd64 6 xen-boot fail REGR. vs. 101675
test-amd64-amd64-libvirt-xsm 6 xen-boot fail REGR. vs. 101675
test-amd64-amd64-libvirt-pair 9 xen-boot/src_host fail REGR. vs. 101675
test-amd64-amd64-libvirt-pair 10 xen-boot/dst_host fail REGR. vs. 101675
test-amd64-amd64-qemuu-nested-intel 6 xen-boot fail REGR. vs. 101675
test-amd64-amd64-xl-multivcpu 6 xen-boot fail REGR. vs. 101675
test-amd64-i386-libvirt-qemuu-debianhvm-amd64-xsm 6 xen-boot fail REGR. vs. 101675
test-amd64-i386-pair 9 xen-boot/src_host fail REGR. vs. 101675
test-amd64-i386-pair 10 xen-boot/dst_host fail REGR. vs. 101675
build-i386-pvops 5 kernel-build fail in 102732 REGR. vs. 101675
build-armhf-libvirt 4 host-build-prep fail in 102875 REGR. vs. 101675
Tests which are failing intermittently (not blocking):
test-amd64-i386-xl-xsm 3 host-install(3) broken in 103008 pass in 103074
test-amd64-i386-libvirt-xsm 3 host-install(3) broken in 103008 pass in 103074
test-amd64-i386-xl-qemuu-debianhvm-amd64-xsm 3 host-install(3) broken in 103008 pass in 103074
test-armhf-armhf-libvirt-raw 5 xen-install fail in 103008 pass in 103074
test-armhf-armhf-xl-credit2 14 guest-stop fail in 103008 pass in 103074
test-amd64-amd64-pair 9 xen-boot/src_host fail pass in 102732
test-amd64-amd64-pair 10 xen-boot/dst_host fail pass in 102732
test-amd64-amd64-xl-xsm 6 xen-boot fail pass in 102732
test-amd64-amd64-i386-pvgrub 6 xen-boot fail pass in 102754
test-amd64-amd64-xl-qemuu-debianhvm-amd64-xsm 6 xen-boot fail pass in 102823
test-amd64-amd64-libvirt 6 xen-boot fail pass in 102823
test-amd64-i386-xl-raw 6 xen-boot fail pass in 102875
test-amd64-amd64-xl-credit2 6 xen-boot fail pass in 102875
test-amd64-i386-xl-qemuu-debianhvm-amd64 6 xen-boot fail pass in 102974
test-armhf-armhf-libvirt-raw 9 debian-di-install fail pass in 102974
test-amd64-i386-xl-qemuu-winxpsp3 17 guest-start/win.repeat fail pass in 103008
Regressions which are regarded as allowable (not blocking):
test-amd64-i386-rumprun-i386 3 host-install(3) broken in 103008 blocked in 101675
test-armhf-armhf-libvirt-raw 12 saverestore-support-check fail in 102974 like 101675
test-armhf-armhf-xl-rtds 15 guest-start/debian.repeat fail in 103008 like 101662
test-armhf-armhf-libvirt 13 saverestore-support-check fail like 101675
test-amd64-amd64-xl-qemuu-win7-amd64 16 guest-stop fail like 101675
test-armhf-armhf-libvirt-xsm 13 saverestore-support-check fail like 101675
test-armhf-armhf-libvirt-qcow2 12 saverestore-support-check fail like 101675
test-amd64-amd64-xl-rtds 9 debian-install fail like 101675
test-amd64-i386-xl-qemuu-win7-amd64 16 guest-stop fail like 101675
Tests which did not succeed, but are not blocking:
test-amd64-i386-freebsd10-i386 1 build-check(1) blocked in 102732 n/a
test-amd64-i386-libvirt-qemuu-debianhvm-amd64-xsm 1 build-check(1) blocked in 102732 n/a
test-amd64-i386-xl-qemuu-debianhvm-amd64-xsm 1 build-check(1) blocked in 102732 n/a
test-amd64-i386-xl-qemut-debianhvm-amd64-xsm 1 build-check(1) blocked in 102732 n/a
test-amd64-i386-xl-qemuu-winxpsp3-vcpus1 1 build-check(1) blocked in 102732 n/a
test-amd64-i386-libvirt-xsm 1 build-check(1) blocked in 102732 n/a
test-amd64-i386-xl-qemuu-winxpsp3 1 build-check(1) blocked in 102732 n/a
test-amd64-i386-xl-qemut-winxpsp3 1 build-check(1) blocked in 102732 n/a
test-amd64-i386-xl-qemut-debianhvm-amd64 1 build-check(1) blocked in 102732 n/a
test-amd64-i386-qemut-rhel6hvm-intel 1 build-check(1) blocked in 102732 n/a
test-amd64-i386-freebsd10-amd64 1 build-check(1) blocked in 102732 n/a
test-amd64-i386-xl-qemuu-debianhvm-amd64 1 build-check(1) blocked in 102732 n/a
test-amd64-i386-xl 1 build-check(1) blocked in 102732 n/a
test-amd64-i386-libvirt-pair 1 build-check(1) blocked in 102732 n/a
test-amd64-i386-xl-xsm 1 build-check(1) blocked in 102732 n/a
test-amd64-i386-xl-qemuu-ovmf-amd64 1 build-check(1) blocked in 102732 n/a
test-amd64-i386-xl-raw 1 build-check(1) blocked in 102732 n/a
test-amd64-i386-qemuu-rhel6hvm-amd 1 build-check(1) blocked in 102732 n/a
test-amd64-i386-libvirt 1 build-check(1) blocked in 102732 n/a
test-amd64-i386-qemuu-rhel6hvm-intel 1 build-check(1) blocked in 102732 n/a
test-amd64-i386-xl-qemut-winxpsp3-vcpus1 1 build-check(1) blocked in 102732 n/a
test-amd64-i386-xl-qemuu-win7-amd64 1 build-check(1) blocked in 102732 n/a
test-amd64-i386-pair 1 build-check(1) blocked in 102732 n/a
test-amd64-i386-rumprun-i386 1 build-check(1) blocked in 102732 n/a
test-amd64-i386-xl-qemut-stubdom-debianhvm-amd64-xsm 1 build-check(1) blocked in 102732 n/a
test-amd64-i386-xl-qemut-win7-amd64 1 build-check(1) blocked in 102732 n/a
test-amd64-i386-qemut-rhel6hvm-amd 1 build-check(1) blocked in 102732 n/a
test-armhf-armhf-libvirt 1 build-check(1) blocked in 102875 n/a
test-armhf-armhf-libvirt-qcow2 1 build-check(1) blocked in 102875 n/a
test-armhf-armhf-libvirt-raw 1 build-check(1) blocked in 102875 n/a
test-armhf-armhf-libvirt-xsm 1 build-check(1) blocked in 102875 n/a
test-amd64-amd64-libvirt 12 migrate-support-check fail in 102754 never pass
test-armhf-armhf-libvirt-raw 11 migrate-support-check fail in 102974 never pass
test-amd64-amd64-xl-pvh-amd 11 guest-start fail never pass
test-amd64-amd64-rumprun-amd64 6 xen-boot fail never pass
test-amd64-amd64-xl-pvh-intel 14 guest-saverestore fail never pass
test-amd64-i386-libvirt-xsm 12 migrate-support-check fail never pass
test-amd64-i386-libvirt 12 migrate-support-check fail never pass
test-armhf-armhf-libvirt 12 migrate-support-check fail never pass
test-amd64-amd64-libvirt-vhd 11 migrate-support-check fail never pass
test-armhf-armhf-xl-xsm 12 migrate-support-check fail never pass
test-armhf-armhf-xl-multivcpu 12 migrate-support-check fail never pass
test-armhf-armhf-xl-multivcpu 13 saverestore-support-check fail never pass
test-armhf-armhf-xl-xsm 13 saverestore-support-check fail never pass
test-armhf-armhf-xl-cubietruck 12 migrate-support-check fail never pass
test-armhf-armhf-xl-cubietruck 13 saverestore-support-check fail never pass
test-amd64-amd64-qemuu-nested-amd 16 debian-hvm-install/l1/l2 fail never pass
test-armhf-armhf-libvirt-xsm 12 migrate-support-check fail never pass
test-armhf-armhf-libvirt-qcow2 11 migrate-support-check fail never pass
test-armhf-armhf-xl-vhd 11 migrate-support-check fail never pass
test-armhf-armhf-xl-vhd 12 saverestore-support-check fail never pass
test-armhf-armhf-xl-credit2 12 migrate-support-check fail never pass
test-armhf-armhf-xl-credit2 13 saverestore-support-check fail never pass
test-armhf-armhf-xl 12 migrate-support-check fail never pass
test-armhf-armhf-xl 13 saverestore-support-check fail never pass
test-armhf-armhf-xl-rtds 12 migrate-support-check fail never pass
test-armhf-armhf-xl-rtds 13 saverestore-support-check fail never pass
test-armhf-armhf-xl-arndale 12 migrate-support-check fail never pass
test-armhf-armhf-xl-arndale 13 saverestore-support-check fail never pass
version targeted for testing:
linux ac3d826bef907afe35f80ecccbcdd57223df4b88
baseline version:
linux a6846cfd266b48af1ee7c3c19d5cb60477ca4469
Last test of basis 101675 2016-10-26 03:40:44 Z 44 days
Testing same since 102732 2016-11-30 09:50:09 Z 9 days 9 attempts
------------------------------------------------------------
People who touched revisions under test:
Adrian Hunter <adrian.hunter@intel.com>
Alan Stern <stern@rowland.harvard.edu>
Alex Deucher <alexander.deucher@amd.com>
Alexander Usyskin <alexander.usyskin@intel.com>
Bryan Paluch <bryanpaluch@gmail.com>
Ching Huang <ching2048@areca.com.tw>
Chris Mason <clm@fb.com>
Dan Carpenter <dan.carpenter@oracle.com>
Darrick J. Wong <darrick.wong@oracle.com>
Dave Chinner <david@fromorbit.com>
David Howells <dhowells@redhat.com>
David S. Miller <davem@davemloft.net>
Dinesh Israni <ddi@datera.io>
Dmitry Torokhov <dmitry.torokhov@gmail.com>
Dmitry Vyukov <dvyukov@google.com>
Eric Dumazet <edumazet@google.com>
Ewan D. Milne <emilne@redhat.com>
Felipe Balbi <felipe.balbi@linux.intel.com>
Frank Haverkamp <haver@linux.vnet.ibm.com>
Frederic Barrat <fbarrat@linux.vnet.ibm.com>
Gerald Schaefer <gerald.schaefer@de.ibm.com>
Greg Kroah-Hartman <gregkh@linuxfoundation.org>
Haibo Chen <haibo.chen@nxp.com>
Helge Deller <deller@gmx.de>
Herbert Xu <herbert@gondor.apana.org.au>
Ian Munsie <imunsie@au1.ibm.com>
James Hogan <james.hogan@imgtec.com>
James Morris <james.l.morris@oracle.com>
Jan Kara <jack@suse.cz>
Jiri Slaby <jslaby@suse.cz>
Johan Hovold <johan@kernel.org>
Johannes Berg <johannes.berg@intel.com>
John David Anglin <dave.anglin@bell.net>
K. Y. Srinivasan <kys@microsoft.com>
Kashyap Desai <kashyap.desai@broadcom.com>
Long Li <longli@microsoft.com>
Lucas Stach <dev@lynxeye.de>
Marcel Hasler <mahasler@gmail.com>
Martin K. Petersen <martin.petersen@oracle.com>
Mathias Nyman <mathias.nyman@linux.intel.com>
Matt Redfearn <matt.redfearn@imgtec.com>
Michael Ellerman <mpe@ellerman.id.au>
Michael S. Tsirkin <mst@redhat.com>
Michal Marek <mmarek@suse.com>
Mike Snitzer <snitzer@redhat.com>
Miklos Szeredi <mszeredi@redhat.com>
Ming Lei <tom.leiming@gmail.com>
NeilBrown <neilb@suse.com>
Nicholas Bellinger <nab@linux-iscsi.org>
Nixon Vincent <nixon.vincent@calsoftinc.com>
Ondrej Kozina <okozina@redhat.com>
Paolo Bonzini <pbonzini@redhat.com>
Patrick Scheuring <patrick.scheuring.dev@gmail.com>
Richard Weinberger <richard@nod.at>
Ritesh Raj Sarraf <rrs@researchut.com>
Sasha Levin <alexander.levin@verizon.com>
Scot Doyle <lkml14@scotdoyle.com>
Sebastian Andrzej Siewior <bigeasy@linutronix.de>
Segher Boessenkool <segher@kernel.crashing.org>
Shaohua Li <shli@fb.com>
Sonny Jiang <sonny.jiang@amd.com>
Stefan Richter <stefanr@s5r6.in-berlin.de>
Stefan Tauner <stefan.tauner@technikum-wien.at>
Sudeep Holla <sudeep.holla@arm.com>
Sumit Saxena <sumit.saxena@broadcom.com>
Taesoo Kim <tsgatesv@gmail.com>
Takashi Iwai <tiwai@suse.de>
tang.junhui <tang.junhui@zte.com.cn>
Theodore Ts'o <tytso@mit.edu>
Thomas Gleixner <tglx@linutronix.de>
Tom St Denis <tom.stdenis@amd.com>
Tomas Winkler <tomas.winkler@intel.com>
Ulf Hansson <ulf.hansson@linaro.org>
jobs:
build-amd64-xsm pass
build-armhf-xsm pass
build-i386-xsm pass
build-amd64 pass
build-armhf pass
build-i386 pass
build-amd64-libvirt pass
build-armhf-libvirt pass
build-i386-libvirt pass
build-amd64-pvops pass
build-armhf-pvops pass
build-i386-pvops pass
build-amd64-rumprun pass
build-i386-rumprun pass
test-amd64-amd64-xl pass
test-armhf-armhf-xl pass
test-amd64-i386-xl pass
test-amd64-amd64-xl-qemut-debianhvm-amd64-xsm fail
test-amd64-i386-xl-qemut-debianhvm-amd64-xsm pass
test-amd64-amd64-libvirt-qemuu-debianhvm-amd64-xsm fail
test-amd64-i386-libvirt-qemuu-debianhvm-amd64-xsm fail
test-amd64-amd64-xl-qemuu-debianhvm-amd64-xsm fail
test-amd64-i386-xl-qemuu-debianhvm-amd64-xsm pass
test-amd64-amd64-xl-qemut-stubdom-debianhvm-amd64-xsm pass
test-amd64-i386-xl-qemut-stubdom-debianhvm-amd64-xsm pass
test-amd64-amd64-libvirt-xsm fail
test-armhf-armhf-libvirt-xsm pass
test-amd64-i386-libvirt-xsm pass
test-amd64-amd64-xl-xsm fail
test-armhf-armhf-xl-xsm pass
test-amd64-i386-xl-xsm pass
test-amd64-amd64-qemuu-nested-amd fail
test-amd64-amd64-xl-pvh-amd fail
test-amd64-i386-qemut-rhel6hvm-amd pass
test-amd64-i386-qemuu-rhel6hvm-amd pass
test-amd64-amd64-xl-qemut-debianhvm-amd64 fail
test-amd64-i386-xl-qemut-debianhvm-amd64 pass
test-amd64-amd64-xl-qemuu-debianhvm-amd64 pass
test-amd64-i386-xl-qemuu-debianhvm-amd64 fail
test-amd64-i386-freebsd10-amd64 pass
test-amd64-amd64-xl-qemuu-ovmf-amd64 fail
test-amd64-i386-xl-qemuu-ovmf-amd64 pass
test-amd64-amd64-rumprun-amd64 fail
test-amd64-amd64-xl-qemut-win7-amd64 fail
test-amd64-i386-xl-qemut-win7-amd64 fail
test-amd64-amd64-xl-qemuu-win7-amd64 fail
test-amd64-i386-xl-qemuu-win7-amd64 fail
test-armhf-armhf-xl-arndale pass
test-amd64-amd64-xl-credit2 fail
test-armhf-armhf-xl-credit2 pass
test-armhf-armhf-xl-cubietruck pass
test-amd64-i386-freebsd10-i386 pass
test-amd64-i386-rumprun-i386 pass
test-amd64-amd64-qemuu-nested-intel fail
test-amd64-amd64-xl-pvh-intel fail
test-amd64-i386-qemut-rhel6hvm-intel pass
test-amd64-i386-qemuu-rhel6hvm-intel pass
test-amd64-amd64-libvirt fail
test-armhf-armhf-libvirt pass
test-amd64-i386-libvirt pass
test-amd64-amd64-xl-multivcpu fail
test-armhf-armhf-xl-multivcpu pass
test-amd64-amd64-pair fail
test-amd64-i386-pair fail
test-amd64-amd64-libvirt-pair fail
test-amd64-i386-libvirt-pair fail
test-amd64-amd64-amd64-pvgrub fail
test-amd64-amd64-i386-pvgrub fail
test-amd64-amd64-pygrub pass
test-armhf-armhf-libvirt-qcow2 pass
test-amd64-amd64-xl-qcow2 pass
test-armhf-armhf-libvirt-raw fail
test-amd64-i386-xl-raw fail
test-amd64-amd64-xl-rtds fail
test-armhf-armhf-xl-rtds pass
test-amd64-i386-xl-qemut-winxpsp3-vcpus1 pass
test-amd64-i386-xl-qemuu-winxpsp3-vcpus1 pass
test-amd64-amd64-libvirt-vhd pass
test-armhf-armhf-xl-vhd pass
test-amd64-amd64-xl-qemut-winxpsp3 pass
test-amd64-i386-xl-qemut-winxpsp3 pass
test-amd64-amd64-xl-qemuu-winxpsp3 pass
test-amd64-i386-xl-qemuu-winxpsp3 fail
------------------------------------------------------------
sg-report-flight on osstest.test-lab.xenproject.org
logs: /home/logs/logs
images: /home/logs/images
Logs, config files, etc. are available at
http://logs.test-lab.xenproject.org/osstest/logs
Explanation of these reports, and of osstest in general, is at
http://xenbits.xen.org/gitweb/?p=osstest.git;a=blob;f=README.email;hb=master
http://xenbits.xen.org/gitweb/?p=osstest.git;a=blob;f=README;hb=master
Test harness code can be found at
http://xenbits.xen.org/gitweb?p=osstest.git;a=summary
Not pushing.
(No revision log; it would be 1402 lines long.)
_______________________________________________
Xen-devel mailing list
Xen-devel@lists.xen.org
https://lists.xen.org/xen-devel
reply other threads:[~2016-12-09 15:01 UTC|newest]
Thread overview: [no followups] expand[flat|nested] mbox.gz Atom feed
Reply instructions:
You may reply publicly to this message via plain-text email
using any one of the following methods:
* Save the following mbox file, import it into your mail client,
and reply-to-all from there: mbox
Avoid top-posting and favor interleaved quoting:
https://en.wikipedia.org/wiki/Posting_style#Interleaved_style
* Reply using the --to, --cc, and --in-reply-to
switches of git-send-email(1):
git send-email \
--in-reply-to=osstest-103074-mainreport@xen.org \
--to=osstest-admin@xenproject.org \
--cc=xen-devel@lists.xensource.com \
/path/to/YOUR_REPLY
https://kernel.org/pub/software/scm/git/docs/git-send-email.html
* If your mail client supports setting the In-Reply-To header
via mailto: links, try the mailto: link
Be sure your reply has a Subject: header at the top and a blank line
before the message body.
This is a public inbox, see mirroring instructions
for how to clone and mirror all data and code used for this inbox;
as well as URLs for NNTP newsgroup(s).