* [qemu-mainline test] 103081: regressions - FAIL
@ 2016-12-09 15:10 osstest service owner
0 siblings, 0 replies; only message in thread
From: osstest service owner @ 2016-12-09 15:10 UTC (permalink / raw)
To: xen-devel, osstest-admin
[-- Attachment #1: Type: text/plain, Size: 10381 bytes --]
flight 103081 qemu-mainline real [real]
http://logs.test-lab.xenproject.org/osstest/logs/103081/
Regressions :-(
Tests which did not succeed and are blocking,
including tests which could not be run:
test-amd64-amd64-qemuu-nested-amd 13 xen-boot/l1 fail REGR. vs. 102835
Tests which are failing intermittently (not blocking):
test-amd64-amd64-xl-credit2 3 host-install(3) broken in 103009 pass in 103081
test-amd64-i386-libvirt-qemuu-debianhvm-amd64-xsm 3 host-install(3) broken in 103009 pass in 103081
test-amd64-amd64-qemuu-nested-amd 3 host-install(3) broken in 103009 pass in 103081
test-amd64-amd64-xl-multivcpu 3 host-install(3) broken in 103009 pass in 103081
test-armhf-armhf-xl-cubietruck 18 leak-check/check fail pass in 103009
Regressions which are regarded as allowable (not blocking):
test-armhf-armhf-libvirt 13 saverestore-support-check fail like 102835
test-armhf-armhf-libvirt-xsm 13 saverestore-support-check fail like 102835
test-armhf-armhf-libvirt-qcow2 12 saverestore-support-check fail like 102835
test-amd64-amd64-xl-qemuu-win7-amd64 16 guest-stop fail like 102835
test-amd64-i386-xl-qemuu-win7-amd64 16 guest-stop fail like 102835
test-armhf-armhf-libvirt-raw 12 saverestore-support-check fail like 102835
test-amd64-amd64-xl-rtds 9 debian-install fail like 102835
Tests which did not succeed, but are not blocking:
test-amd64-amd64-libvirt 12 migrate-support-check fail never pass
test-amd64-amd64-libvirt-xsm 12 migrate-support-check fail never pass
test-amd64-amd64-xl-pvh-intel 11 guest-start fail never pass
test-amd64-i386-libvirt-xsm 12 migrate-support-check fail never pass
test-amd64-i386-libvirt-qemuu-debianhvm-amd64-xsm 10 migrate-support-check fail never pass
test-amd64-amd64-libvirt-vhd 11 migrate-support-check fail never pass
test-amd64-amd64-libvirt-qemuu-debianhvm-amd64-xsm 10 migrate-support-check fail never pass
test-armhf-armhf-libvirt 12 migrate-support-check fail never pass
test-armhf-armhf-libvirt-xsm 12 migrate-support-check fail never pass
test-amd64-amd64-xl-pvh-amd 11 guest-start fail never pass
test-armhf-armhf-xl 12 migrate-support-check fail never pass
test-armhf-armhf-xl 13 saverestore-support-check fail never pass
test-amd64-i386-libvirt 12 migrate-support-check fail never pass
test-armhf-armhf-xl-credit2 12 migrate-support-check fail never pass
test-armhf-armhf-xl-xsm 12 migrate-support-check fail never pass
test-armhf-armhf-xl-xsm 13 saverestore-support-check fail never pass
test-armhf-armhf-xl-credit2 13 saverestore-support-check fail never pass
test-armhf-armhf-xl-cubietruck 12 migrate-support-check fail never pass
test-armhf-armhf-xl-cubietruck 13 saverestore-support-check fail never pass
test-armhf-armhf-libvirt-qcow2 11 migrate-support-check fail never pass
test-armhf-armhf-xl-vhd 11 migrate-support-check fail never pass
test-armhf-armhf-xl-vhd 12 saverestore-support-check fail never pass
test-armhf-armhf-xl-arndale 12 migrate-support-check fail never pass
test-armhf-armhf-xl-arndale 13 saverestore-support-check fail never pass
test-armhf-armhf-xl-rtds 12 migrate-support-check fail never pass
test-armhf-armhf-xl-rtds 13 saverestore-support-check fail never pass
test-armhf-armhf-xl-multivcpu 12 migrate-support-check fail never pass
test-armhf-armhf-xl-multivcpu 13 saverestore-support-check fail never pass
test-armhf-armhf-libvirt-raw 11 migrate-support-check fail never pass
version targeted for testing:
qemuu a92f7fe5a82ac9e8d127e92c5dce1a84064126da
baseline version:
qemuu bd8ef5060dd2124a54578241da9a572faf7658dd
Last test of basis 102835 2016-12-03 06:42:24 Z 6 days
Failing since 102957 2016-12-05 17:17:29 Z 3 days 3 attempts
Testing same since 103009 2016-12-07 08:09:57 Z 2 days 2 attempts
------------------------------------------------------------
People who touched revisions under test:
Alex Bennée <alex.bennee@linaro.org>
Andrey Smirnov <andrew.smirnov@gmail.com>
Changlong Xie <xiecl.fnst@cn.fujitsu.com>
Christophe Fergeau <cfergeau@redhat.com>
Eric Blake <eblake@redhat.com>
Fuxin Zhang <zhangfx@lemote.com>
Gerd Hoffmann <kraxel@redhat.com>
Heiher <wangr@lemote.com>
Jason Wang <jasowang@redhat.com>
Jeff Cody <jcody@redhat.com>
Kevin Wolf <kwolf@redhat.com>
Li Qiang <liqiang6-s@360.cn>
Marc-André Lureau <marcandre.lureau@redhat.com>
Markus Armbruster <armbru@redhat.com>
Peter Maydell <peter.maydell@linaro.org>
Prasad J Pandit <pjp@fedoraproject.org>
Prasanna Kumar Kalever <prasanna.kalever@redhat.com>
Richard Henderson <rth@twiddle.net>
Stefan Hajnoczi <stefanha@redhat.com>
Yongbok Kim <yongbok.kim@imgtec.com>
jobs:
build-amd64-xsm pass
build-armhf-xsm pass
build-i386-xsm pass
build-amd64 pass
build-armhf pass
build-i386 pass
build-amd64-libvirt pass
build-armhf-libvirt pass
build-i386-libvirt pass
build-amd64-pvops pass
build-armhf-pvops pass
build-i386-pvops pass
test-amd64-amd64-xl pass
test-armhf-armhf-xl pass
test-amd64-i386-xl pass
test-amd64-amd64-libvirt-qemuu-debianhvm-amd64-xsm pass
test-amd64-i386-libvirt-qemuu-debianhvm-amd64-xsm pass
test-amd64-amd64-xl-qemuu-debianhvm-amd64-xsm pass
test-amd64-i386-xl-qemuu-debianhvm-amd64-xsm pass
test-amd64-amd64-libvirt-xsm pass
test-armhf-armhf-libvirt-xsm pass
test-amd64-i386-libvirt-xsm pass
test-amd64-amd64-xl-xsm pass
test-armhf-armhf-xl-xsm pass
test-amd64-i386-xl-xsm pass
test-amd64-amd64-qemuu-nested-amd fail
test-amd64-amd64-xl-pvh-amd fail
test-amd64-i386-qemuu-rhel6hvm-amd pass
test-amd64-amd64-xl-qemuu-debianhvm-amd64 pass
test-amd64-i386-xl-qemuu-debianhvm-amd64 pass
test-amd64-i386-freebsd10-amd64 pass
test-amd64-amd64-xl-qemuu-ovmf-amd64 pass
test-amd64-i386-xl-qemuu-ovmf-amd64 pass
test-amd64-amd64-xl-qemuu-win7-amd64 fail
test-amd64-i386-xl-qemuu-win7-amd64 fail
test-armhf-armhf-xl-arndale pass
test-amd64-amd64-xl-credit2 pass
test-armhf-armhf-xl-credit2 pass
test-armhf-armhf-xl-cubietruck fail
test-amd64-i386-freebsd10-i386 pass
test-amd64-amd64-qemuu-nested-intel pass
test-amd64-amd64-xl-pvh-intel fail
test-amd64-i386-qemuu-rhel6hvm-intel pass
test-amd64-amd64-libvirt pass
test-armhf-armhf-libvirt pass
test-amd64-i386-libvirt pass
test-amd64-amd64-xl-multivcpu pass
test-armhf-armhf-xl-multivcpu pass
test-amd64-amd64-pair pass
test-amd64-i386-pair pass
test-amd64-amd64-libvirt-pair pass
test-amd64-i386-libvirt-pair pass
test-amd64-amd64-amd64-pvgrub pass
test-amd64-amd64-i386-pvgrub pass
test-amd64-amd64-pygrub pass
test-armhf-armhf-libvirt-qcow2 pass
test-amd64-amd64-xl-qcow2 pass
test-armhf-armhf-libvirt-raw pass
test-amd64-i386-xl-raw pass
test-amd64-amd64-xl-rtds fail
test-armhf-armhf-xl-rtds pass
test-amd64-i386-xl-qemuu-winxpsp3-vcpus1 pass
test-amd64-amd64-libvirt-vhd pass
test-armhf-armhf-xl-vhd pass
test-amd64-amd64-xl-qemuu-winxpsp3 pass
test-amd64-i386-xl-qemuu-winxpsp3 pass
------------------------------------------------------------
sg-report-flight on osstest.test-lab.xenproject.org
logs: /home/logs/logs
images: /home/logs/images
Logs, config files, etc. are available at
http://logs.test-lab.xenproject.org/osstest/logs
Explanation of these reports, and of osstest in general, is at
http://xenbits.xen.org/gitweb/?p=osstest.git;a=blob;f=README.email;hb=master
http://xenbits.xen.org/gitweb/?p=osstest.git;a=blob;f=README;hb=master
Test harness code can be found at
http://xenbits.xen.org/gitweb?p=osstest.git;a=summary
Not pushing.
(No revision log; it would be 738 lines long.)
[-- Attachment #2: Type: text/plain, Size: 127 bytes --]
_______________________________________________
Xen-devel mailing list
Xen-devel@lists.xen.org
https://lists.xen.org/xen-devel
^ permalink raw reply [flat|nested] only message in thread
only message in thread, other threads:[~2016-12-09 15:10 UTC | newest]
Thread overview: (only message) (download: mbox.gz follow: Atom feed
-- links below jump to the message on this page --
2016-12-09 15:10 [qemu-mainline test] 103081: regressions - FAIL osstest service owner
This is a public inbox, see mirroring instructions
for how to clone and mirror all data and code used for this inbox;
as well as URLs for NNTP newsgroup(s).