From mboxrd@z Thu Jan 1 00:00:00 1970 From: osstest service owner Subject: [libvirt test] 103263: regressions - FAIL Date: Wed, 14 Dec 2016 09:46:00 +0000 Message-ID: Mime-Version: 1.0 Content-Type: multipart/mixed; boundary="===============6967900669834391786==" Return-path: List-Unsubscribe: , List-Post: List-Help: List-Subscribe: , Errors-To: xen-devel-bounces@lists.xen.org Sender: "Xen-devel" To: xen-devel@lists.xensource.com, osstest-admin@xenproject.org List-Id: xen-devel@lists.xenproject.org --===============6967900669834391786== Content-Type: text/plain flight 103263 libvirt real [real] http://logs.test-lab.xenproject.org/osstest/logs/103263/ Regressions :-( Tests which did not succeed and are blocking, including tests which could not be run: test-armhf-armhf-libvirt-qcow2 6 xen-boot fail REGR. vs. 103065 test-armhf-armhf-libvirt 15 guest-start/debian.repeat fail REGR. vs. 103065 Regressions which are regarded as allowable (not blocking): test-armhf-armhf-libvirt-xsm 13 saverestore-support-check fail like 103065 test-armhf-armhf-libvirt 13 saverestore-support-check fail like 103065 test-armhf-armhf-libvirt-raw 12 saverestore-support-check fail like 103065 Tests which did not succeed, but are not blocking: test-amd64-i386-libvirt 12 migrate-support-check fail never pass test-amd64-amd64-libvirt-qemuu-debianhvm-amd64-xsm 10 migrate-support-check fail never pass test-amd64-i386-libvirt-xsm 12 migrate-support-check fail never pass test-amd64-amd64-libvirt-xsm 12 migrate-support-check fail never pass test-amd64-amd64-libvirt 12 migrate-support-check fail never pass test-amd64-i386-libvirt-qemuu-debianhvm-amd64-xsm 10 migrate-support-check fail never pass test-amd64-amd64-libvirt-vhd 11 migrate-support-check fail never pass test-armhf-armhf-libvirt-xsm 12 migrate-support-check fail never pass test-armhf-armhf-libvirt 12 migrate-support-check fail never pass test-armhf-armhf-libvirt-raw 11 migrate-support-check fail never pass version targeted for testing: libvirt 6408f422a59bb7cfa0677dd81508d2004138224e baseline version: libvirt 4ec981d9c21c8d42d8df21defe5f49aa4a3dcf51 Last test of basis 103065 2016-12-08 04:21:21 Z 6 days Failing since 103127 2016-12-09 06:49:41 Z 5 days 3 attempts Testing same since 103263 2016-12-13 12:45:38 Z 0 days 1 attempts ------------------------------------------------------------ People who touched revisions under test: Christian Ehrhardt Cédric Bosdonnat Daniel P. Berrange intrigeri intrigeri Jiri Denemark John Ferlan Martin Kletzander Mehdi Abaakouk Michal Privoznik Nikolay Shirokovskiy Nitesh Konkar Nitesh Konkar Pavel Glushchak Peter Krempa jobs: build-amd64-xsm pass build-armhf-xsm pass build-i386-xsm pass build-amd64 pass build-armhf pass build-i386 pass build-amd64-libvirt pass build-armhf-libvirt pass build-i386-libvirt pass build-amd64-pvops pass build-armhf-pvops pass build-i386-pvops pass test-amd64-amd64-libvirt-qemuu-debianhvm-amd64-xsm pass test-amd64-i386-libvirt-qemuu-debianhvm-amd64-xsm pass test-amd64-amd64-libvirt-xsm pass test-armhf-armhf-libvirt-xsm pass test-amd64-i386-libvirt-xsm pass test-amd64-amd64-libvirt pass test-armhf-armhf-libvirt fail test-amd64-i386-libvirt pass test-amd64-amd64-libvirt-pair pass test-amd64-i386-libvirt-pair pass test-armhf-armhf-libvirt-qcow2 fail test-armhf-armhf-libvirt-raw pass test-amd64-amd64-libvirt-vhd pass ------------------------------------------------------------ sg-report-flight on osstest.test-lab.xenproject.org logs: /home/logs/logs images: /home/logs/images Logs, config files, etc. are available at http://logs.test-lab.xenproject.org/osstest/logs Explanation of these reports, and of osstest in general, is at http://xenbits.xen.org/gitweb/?p=osstest.git;a=blob;f=README.email;hb=master http://xenbits.xen.org/gitweb/?p=osstest.git;a=blob;f=README;hb=master Test harness code can be found at http://xenbits.xen.org/gitweb?p=osstest.git;a=summary Not pushing. (No revision log; it would be 594 lines long.) --===============6967900669834391786== Content-Type: text/plain; charset="utf-8" MIME-Version: 1.0 Content-Transfer-Encoding: base64 Content-Disposition: inline X19fX19fX19fX19fX19fX19fX19fX19fX19fX19fX19fX19fX19fX19fX19fX18KWGVuLWRldmVs IG1haWxpbmcgbGlzdApYZW4tZGV2ZWxAbGlzdHMueGVuLm9yZwpodHRwczovL2xpc3RzLnhlbi5v cmcveGVuLWRldmVsCg== --===============6967900669834391786==--