* [xen-unstable-smoke test] 103277: regressions - FAIL
@ 2016-12-13 18:00 osstest service owner
0 siblings, 0 replies; only message in thread
From: osstest service owner @ 2016-12-13 18:00 UTC (permalink / raw)
To: xen-devel, osstest-admin
[-- Attachment #1: Type: text/plain, Size: 4136 bytes --]
flight 103277 xen-unstable-smoke real [real]
http://logs.test-lab.xenproject.org/osstest/logs/103277/
Regressions :-(
Tests which did not succeed and are blocking,
including tests which could not be run:
build-amd64 5 xen-build fail REGR. vs. 103265
Tests which did not succeed, but are not blocking:
test-amd64-amd64-libvirt 1 build-check(1) blocked n/a
build-amd64-libvirt 1 build-check(1) blocked n/a
test-amd64-amd64-xl-qemuu-debianhvm-i386 1 build-check(1) blocked n/a
test-armhf-armhf-xl 12 migrate-support-check fail never pass
test-armhf-armhf-xl 13 saverestore-support-check fail never pass
version targeted for testing:
xen 7a0c70482580234868fcc53b8d72e31966dc7c52
baseline version:
xen 7ff99b232e0f91a5189f429498868bfccf8d7154
Last test of basis 103265 2016-12-13 13:14:15 Z 0 days
Testing same since 103277 2016-12-13 16:03:53 Z 0 days 1 attempts
------------------------------------------------------------
People who touched revisions under test:
Kevin Tian <kevin.tian@intel.com>
Luwei Kang <luwei.kang@intel.com>
Roger Pau Monné <roger.pau@citrix.com>
Wei Liu <wei.liu2@citrix.com>
jobs:
build-amd64 fail
build-armhf pass
build-amd64-libvirt blocked
test-armhf-armhf-xl pass
test-amd64-amd64-xl-qemuu-debianhvm-i386 blocked
test-amd64-amd64-libvirt blocked
------------------------------------------------------------
sg-report-flight on osstest.test-lab.xenproject.org
logs: /home/logs/logs
images: /home/logs/images
Logs, config files, etc. are available at
http://logs.test-lab.xenproject.org/osstest/logs
Explanation of these reports, and of osstest in general, is at
http://xenbits.xen.org/gitweb/?p=osstest.git;a=blob;f=README.email;hb=master
http://xenbits.xen.org/gitweb/?p=osstest.git;a=blob;f=README;hb=master
Test harness code can be found at
http://xenbits.xen.org/gitweb?p=osstest.git;a=summary
Not pushing.
------------------------------------------------------------
commit 7a0c70482580234868fcc53b8d72e31966dc7c52
Author: Luwei Kang <luwei.kang@intel.com>
Date: Tue Dec 13 14:21:26 2016 +0100
x86/VPMU: clear the overflow status of which counter happened to overflow
Just set the corresponding bits of counters which happened to overflow,
rather than setting all the available bits of IA32_PERF_GLOBAL_OVF_CTRL
when pmu interrupt happened.
Signed-off-by: Luwei Kang <luwei.kang@intel.com>
Acked-by: Kevin Tian <kevin.tian@intel.com>
Reviewed-by: Jan Beulich <jbeulich@suse.com>
commit e20c3eb8dd62dafab6c1318a13394da4028b3d33
Author: Roger Pau Monné <roger.pau@citrix.com>
Date: Tue Dec 13 14:20:55 2016 +0100
libacpi: announce that PVHv2 has no CMOS RTC in FADT
At the moment this flag is unconditionally set for PVHv2 domains. Note that
using this boot flag requires that the FADT table revision is at least 5.
Reported-by: Jan Beulich <jbeulich@suse.com>
Signed-off-by: Roger Pau Monné <roger.pau@citrix.com>
Reviewed-by: Jan Beulich <jbeulich@suse.com>
commit dfb9d895b0a2ee37948f8704ac1dcaa1711f591e
Author: Roger Pau Monné <roger.pau@citrix.com>
Date: Tue Dec 13 14:20:34 2016 +0100
libacpi: update FADT layout to support version 5
Update the structure of the FADT table to version 5, and use that version for
PVHv2 guests. Note that HVM guests will continue to use FADT 4. In order to do
this, add a new field to acpi_config that contains the ACPI revision to use by
libacpi. Note that currently this only applies to the FADT.
Signed-off-by: Roger Pau Monné <roger.pau@citrix.com>
Acked-by: Wei Liu <wei.liu2@citrix.com>
Reviewed-by: Jan Beulich <jbeulich@suse.com>
(qemu changes not included)
[-- Attachment #2: Type: text/plain, Size: 127 bytes --]
_______________________________________________
Xen-devel mailing list
Xen-devel@lists.xen.org
https://lists.xen.org/xen-devel
^ permalink raw reply [flat|nested] only message in thread
only message in thread, other threads:[~2016-12-13 18:00 UTC | newest]
Thread overview: (only message) (download: mbox.gz follow: Atom feed
-- links below jump to the message on this page --
2016-12-13 18:00 [xen-unstable-smoke test] 103277: regressions - FAIL osstest service owner
This is a public inbox, see mirroring instructions
for how to clone and mirror all data and code used for this inbox;
as well as URLs for NNTP newsgroup(s).