From mboxrd@z Thu Jan 1 00:00:00 1970 From: osstest service owner Subject: [xen-unstable-smoke test] 103277: regressions - FAIL Date: Tue, 13 Dec 2016 18:00:15 +0000 Message-ID: Mime-Version: 1.0 Content-Type: multipart/mixed; boundary="===============0398191860890034260==" Return-path: List-Unsubscribe: , List-Post: List-Help: List-Subscribe: , Errors-To: xen-devel-bounces@lists.xen.org Sender: "Xen-devel" To: xen-devel@lists.xensource.com, osstest-admin@xenproject.org List-Id: xen-devel@lists.xenproject.org --===============0398191860890034260== Content-Type: text/plain flight 103277 xen-unstable-smoke real [real] http://logs.test-lab.xenproject.org/osstest/logs/103277/ Regressions :-( Tests which did not succeed and are blocking, including tests which could not be run: build-amd64 5 xen-build fail REGR. vs. 103265 Tests which did not succeed, but are not blocking: test-amd64-amd64-libvirt 1 build-check(1) blocked n/a build-amd64-libvirt 1 build-check(1) blocked n/a test-amd64-amd64-xl-qemuu-debianhvm-i386 1 build-check(1) blocked n/a test-armhf-armhf-xl 12 migrate-support-check fail never pass test-armhf-armhf-xl 13 saverestore-support-check fail never pass version targeted for testing: xen 7a0c70482580234868fcc53b8d72e31966dc7c52 baseline version: xen 7ff99b232e0f91a5189f429498868bfccf8d7154 Last test of basis 103265 2016-12-13 13:14:15 Z 0 days Testing same since 103277 2016-12-13 16:03:53 Z 0 days 1 attempts ------------------------------------------------------------ People who touched revisions under test: Kevin Tian Luwei Kang Roger Pau Monné Wei Liu jobs: build-amd64 fail build-armhf pass build-amd64-libvirt blocked test-armhf-armhf-xl pass test-amd64-amd64-xl-qemuu-debianhvm-i386 blocked test-amd64-amd64-libvirt blocked ------------------------------------------------------------ sg-report-flight on osstest.test-lab.xenproject.org logs: /home/logs/logs images: /home/logs/images Logs, config files, etc. are available at http://logs.test-lab.xenproject.org/osstest/logs Explanation of these reports, and of osstest in general, is at http://xenbits.xen.org/gitweb/?p=osstest.git;a=blob;f=README.email;hb=master http://xenbits.xen.org/gitweb/?p=osstest.git;a=blob;f=README;hb=master Test harness code can be found at http://xenbits.xen.org/gitweb?p=osstest.git;a=summary Not pushing. ------------------------------------------------------------ commit 7a0c70482580234868fcc53b8d72e31966dc7c52 Author: Luwei Kang Date: Tue Dec 13 14:21:26 2016 +0100 x86/VPMU: clear the overflow status of which counter happened to overflow Just set the corresponding bits of counters which happened to overflow, rather than setting all the available bits of IA32_PERF_GLOBAL_OVF_CTRL when pmu interrupt happened. Signed-off-by: Luwei Kang Acked-by: Kevin Tian Reviewed-by: Jan Beulich commit e20c3eb8dd62dafab6c1318a13394da4028b3d33 Author: Roger Pau Monné Date: Tue Dec 13 14:20:55 2016 +0100 libacpi: announce that PVHv2 has no CMOS RTC in FADT At the moment this flag is unconditionally set for PVHv2 domains. Note that using this boot flag requires that the FADT table revision is at least 5. Reported-by: Jan Beulich Signed-off-by: Roger Pau Monné Reviewed-by: Jan Beulich commit dfb9d895b0a2ee37948f8704ac1dcaa1711f591e Author: Roger Pau Monné Date: Tue Dec 13 14:20:34 2016 +0100 libacpi: update FADT layout to support version 5 Update the structure of the FADT table to version 5, and use that version for PVHv2 guests. Note that HVM guests will continue to use FADT 4. In order to do this, add a new field to acpi_config that contains the ACPI revision to use by libacpi. Note that currently this only applies to the FADT. Signed-off-by: Roger Pau Monné Acked-by: Wei Liu Reviewed-by: Jan Beulich (qemu changes not included) --===============0398191860890034260== Content-Type: text/plain; charset="utf-8" MIME-Version: 1.0 Content-Transfer-Encoding: base64 Content-Disposition: inline X19fX19fX19fX19fX19fX19fX19fX19fX19fX19fX19fX19fX19fX19fX19fX18KWGVuLWRldmVs IG1haWxpbmcgbGlzdApYZW4tZGV2ZWxAbGlzdHMueGVuLm9yZwpodHRwczovL2xpc3RzLnhlbi5v cmcveGVuLWRldmVsCg== --===============0398191860890034260==--