From mboxrd@z Thu Jan 1 00:00:00 1970 From: osstest service owner Subject: [xen-unstable-smoke test] 103325: regressions - FAIL Date: Wed, 14 Dec 2016 12:05:29 +0000 Message-ID: Mime-Version: 1.0 Content-Type: multipart/mixed; boundary="===============1773389042964233980==" Return-path: List-Unsubscribe: , List-Post: List-Help: List-Subscribe: , Errors-To: xen-devel-bounces@lists.xen.org Sender: "Xen-devel" To: xen-devel@lists.xensource.com, osstest-admin@xenproject.org List-Id: xen-devel@lists.xenproject.org --===============1773389042964233980== Content-Type: text/plain flight 103325 xen-unstable-smoke real [real] http://logs.test-lab.xenproject.org/osstest/logs/103325/ Regressions :-( Tests which did not succeed and are blocking, including tests which could not be run: build-amd64-libvirt 5 libvirt-build fail REGR. vs. 103284 Tests which did not succeed, but are not blocking: test-amd64-amd64-libvirt 1 build-check(1) blocked n/a test-armhf-armhf-xl 12 migrate-support-check fail never pass test-armhf-armhf-xl 13 saverestore-support-check fail never pass version targeted for testing: xen 1035fe9b160bf298985296a6c73f2ab3d1ae55c5 baseline version: xen fc9229c4bb35c5474fbc67f78e628dcbcc90afc5 Last test of basis 103284 2016-12-13 19:03:56 Z 0 days Testing same since 103292 2016-12-13 22:19:08 Z 0 days 5 attempts ------------------------------------------------------------ People who touched revisions under test: Cédric Bosdonnat Ian Jackson Stefano Stabellini Wei Liu jobs: build-amd64 pass build-armhf pass build-amd64-libvirt fail test-armhf-armhf-xl pass test-amd64-amd64-xl-qemuu-debianhvm-i386 pass test-amd64-amd64-libvirt blocked ------------------------------------------------------------ sg-report-flight on osstest.test-lab.xenproject.org logs: /home/logs/logs images: /home/logs/images Logs, config files, etc. are available at http://logs.test-lab.xenproject.org/osstest/logs Explanation of these reports, and of osstest in general, is at http://xenbits.xen.org/gitweb/?p=osstest.git;a=blob;f=README.email;hb=master http://xenbits.xen.org/gitweb/?p=osstest.git;a=blob;f=README;hb=master Test harness code can be found at http://xenbits.xen.org/gitweb?p=osstest.git;a=summary Not pushing. ------------------------------------------------------------ commit 1035fe9b160bf298985296a6c73f2ab3d1ae55c5 Author: Cédric Bosdonnat Date: Tue Dec 13 17:31:52 2016 +0100 libxl: QED disks support Qdisk supports qcow and qcow2, extend it to also support qed disk format. Signed-off-by: Cédric Bosdonnat [ wei: regenerate libxlu_disk_l.{c,h} ] Acked-by: Wei Liu Acked-by: Ian Jackson commit 9963caae97ad140fa207c3c61a9442b417afc1e9 Author: Stefano Stabellini Date: Tue Dec 13 11:08:39 2016 -0800 fix LDRB Thumb2 decoding Rt is four bit at offset 12, not three. See see encoding T2 for LDRB A8.8.70 in ARM DDI 0406C.c Suggested-by: Julien Grall Signed-off-by: Stefano Stabellini Reviewed-by: Julien Grall (qemu changes not included) --===============1773389042964233980== Content-Type: text/plain; charset="utf-8" MIME-Version: 1.0 Content-Transfer-Encoding: base64 Content-Disposition: inline X19fX19fX19fX19fX19fX19fX19fX19fX19fX19fX19fX19fX19fX19fX19fX18KWGVuLWRldmVs IG1haWxpbmcgbGlzdApYZW4tZGV2ZWxAbGlzdHMueGVuLm9yZwpodHRwczovL2xpc3RzLnhlbi5v cmcveGVuLWRldmVsCg== --===============1773389042964233980==--