From: osstest service owner <osstest-admin@xenproject.org>
To: xen-devel@lists.xensource.com, osstest-admin@xenproject.org
Subject: [ovmf test] 103411: regressions - FAIL
Date: Fri, 16 Dec 2016 20:28:37 +0000 [thread overview]
Message-ID: <osstest-103411-mainreport@xen.org> (raw)
flight 103411 ovmf real [real]
http://logs.test-lab.xenproject.org/osstest/logs/103411/
Regressions :-(
Tests which did not succeed and are blocking,
including tests which could not be run:
test-amd64-i386-xl-qemuu-ovmf-amd64 17 guest-start/debianhvm.repeat fail REGR. vs. 103347
version targeted for testing:
ovmf 16296a126c99174ad27a6d78229df70e62049310
baseline version:
ovmf aaa61995af9e0b65c37bdad6796867760fa1d5fe
Last test of basis 103347 2016-12-14 16:28:50 Z 2 days
Testing same since 103411 2016-12-15 15:56:32 Z 1 days 1 attempts
------------------------------------------------------------
People who touched revisions under test:
Ard Biesheuvel <ard.biesheuvel@linaro.org>
Marcin Wojtas <mw@semihalf.com>
jobs:
build-amd64-xsm pass
build-i386-xsm pass
build-amd64 pass
build-i386 pass
build-amd64-libvirt pass
build-i386-libvirt pass
build-amd64-pvops pass
build-i386-pvops pass
test-amd64-amd64-xl-qemuu-ovmf-amd64 pass
test-amd64-i386-xl-qemuu-ovmf-amd64 fail
------------------------------------------------------------
sg-report-flight on osstest.test-lab.xenproject.org
logs: /home/logs/logs
images: /home/logs/images
Logs, config files, etc. are available at
http://logs.test-lab.xenproject.org/osstest/logs
Explanation of these reports, and of osstest in general, is at
http://xenbits.xen.org/gitweb/?p=osstest.git;a=blob;f=README.email;hb=master
http://xenbits.xen.org/gitweb/?p=osstest.git;a=blob;f=README;hb=master
Test harness code can be found at
http://xenbits.xen.org/gitweb?p=osstest.git;a=summary
Not pushing.
------------------------------------------------------------
commit 16296a126c99174ad27a6d78229df70e62049310
Author: Ard Biesheuvel <ard.biesheuvel@linaro.org>
Date: Fri Dec 9 15:04:34 2016 +0000
MdeModulePkg/NonDiscoverablePciDeviceDxe: add support for non-coherent DMA
Add support for non-coherent DMA, either by performing explicit cache
maintenance when DMA mappings are aligned to the CPU's DMA buffer alignment,
or by bounce buffering via uncached mappings otherwise.
Contributed-under: TianoCore Contribution Agreement 1.0
Signed-off-by: Ard Biesheuvel <ard.biesheuvel@linaro.org>
Tested-by: Marcin Wojtas <mw@semihalf.com>
Reviewed-by: Ruiyu Ni <ruiyu.ni@intel.com>
_______________________________________________
Xen-devel mailing list
Xen-devel@lists.xen.org
https://lists.xen.org/xen-devel
reply other threads:[~2016-12-16 20:28 UTC|newest]
Thread overview: [no followups] expand[flat|nested] mbox.gz Atom feed
Reply instructions:
You may reply publicly to this message via plain-text email
using any one of the following methods:
* Save the following mbox file, import it into your mail client,
and reply-to-all from there: mbox
Avoid top-posting and favor interleaved quoting:
https://en.wikipedia.org/wiki/Posting_style#Interleaved_style
* Reply using the --to, --cc, and --in-reply-to
switches of git-send-email(1):
git send-email \
--in-reply-to=osstest-103411-mainreport@xen.org \
--to=osstest-admin@xenproject.org \
--cc=xen-devel@lists.xensource.com \
/path/to/YOUR_REPLY
https://kernel.org/pub/software/scm/git/docs/git-send-email.html
* If your mail client supports setting the In-Reply-To header
via mailto: links, try the mailto: link
Be sure your reply has a Subject: header at the top and a blank line
before the message body.
This is a public inbox, see mirroring instructions
for how to clone and mirror all data and code used for this inbox;
as well as URLs for NNTP newsgroup(s).