xen-devel.lists.xenproject.org archive mirror
 help / color / mirror / Atom feed
* [xen-unstable-smoke test] 103412: regressions - FAIL
@ 2016-12-15 17:42 osstest service owner
  0 siblings, 0 replies; only message in thread
From: osstest service owner @ 2016-12-15 17:42 UTC (permalink / raw)
  To: xen-devel, osstest-admin

[-- Attachment #1: Type: text/plain, Size: 2787 bytes --]

flight 103412 xen-unstable-smoke real [real]
http://logs.test-lab.xenproject.org/osstest/logs/103412/

Regressions :-(

Tests which did not succeed and are blocking,
including tests which could not be run:
 build-amd64-libvirt           5 libvirt-build            fail REGR. vs. 103284

Tests which did not succeed, but are not blocking:
 test-amd64-amd64-libvirt      1 build-check(1)               blocked  n/a
 test-armhf-armhf-xl          12 migrate-support-check        fail   never pass
 test-armhf-armhf-xl          13 saverestore-support-check    fail   never pass

version targeted for testing:
 xen                  6e616a3cef4d782253787904bf3d641112eafa14
baseline version:
 xen                  fc9229c4bb35c5474fbc67f78e628dcbcc90afc5

Last test of basis   103284  2016-12-13 19:03:56 Z    1 days
Failing since        103292  2016-12-13 22:19:08 Z    1 days   16 attempts
Testing same since   103401  2016-12-15 11:15:56 Z    0 days    3 attempts

------------------------------------------------------------
People who touched revisions under test:
  Andrew Cooper <andrew.cooper3@citrix.com>
  Cédric Bosdonnat <cbosdonnat@suse.com>
  Haozhong Zhang <haozhong.zhang@intel.com>
  Ian Jackson <ian.jackson@eu.citrix.com>
  Jan Beulich <jbeulich@suse.com>
  Juergen Gross <jgross@suse.com>
  Julien Grall <julien.grall@arm.com>
  Kevin Tian <kevin.tian@intel.com>
  Konrad Rzeszutek Wilk <konrad.wilk@oracle.com>
  Razvan Cojocaru <rcojocaru@bitdefender.com>
  Ross Lagerwall <ross.lagerwall@citrix.com>
  Stefano Stabellini <sstabellini@kernel.org>
  Suravee Suthikulpanit <suravee.suthikulpanit@amd.com>
  Tamas K Lengyel <tamas@tklengyel.com>
  Tim Deegan <tim@xen.org>
  Wei Liu <wei.liu2@citrix.com>

jobs:
 build-amd64                                                  pass    
 build-armhf                                                  pass    
 build-amd64-libvirt                                          fail    
 test-armhf-armhf-xl                                          pass    
 test-amd64-amd64-xl-qemuu-debianhvm-i386                     pass    
 test-amd64-amd64-libvirt                                     blocked 


------------------------------------------------------------
sg-report-flight on osstest.test-lab.xenproject.org
logs: /home/logs/logs
images: /home/logs/images

Logs, config files, etc. are available at
    http://logs.test-lab.xenproject.org/osstest/logs

Explanation of these reports, and of osstest in general, is at
    http://xenbits.xen.org/gitweb/?p=osstest.git;a=blob;f=README.email;hb=master
    http://xenbits.xen.org/gitweb/?p=osstest.git;a=blob;f=README;hb=master

Test harness code can be found at
    http://xenbits.xen.org/gitweb?p=osstest.git;a=summary


Not pushing.

(No revision log; it would be 520 lines long.)


[-- Attachment #2: Type: text/plain, Size: 127 bytes --]

_______________________________________________
Xen-devel mailing list
Xen-devel@lists.xen.org
https://lists.xen.org/xen-devel

^ permalink raw reply	[flat|nested] only message in thread

only message in thread, other threads:[~2016-12-15 17:42 UTC | newest]

Thread overview: (only message) (download: mbox.gz follow: Atom feed
-- links below jump to the message on this page --
2016-12-15 17:42 [xen-unstable-smoke test] 103412: regressions - FAIL osstest service owner

This is a public inbox, see mirroring instructions
for how to clone and mirror all data and code used for this inbox;
as well as URLs for NNTP newsgroup(s).