From mboxrd@z Thu Jan 1 00:00:00 1970 From: osstest service owner Subject: [xen-unstable-smoke test] 103470: regressions - FAIL Date: Fri, 16 Dec 2016 17:26:53 +0000 Message-ID: Mime-Version: 1.0 Content-Type: multipart/mixed; boundary="===============2240934603320714608==" Return-path: List-Unsubscribe: , List-Post: List-Help: List-Subscribe: , Errors-To: xen-devel-bounces@lists.xen.org Sender: "Xen-devel" To: xen-devel@lists.xensource.com, osstest-admin@xenproject.org List-Id: xen-devel@lists.xenproject.org --===============2240934603320714608== Content-Type: text/plain flight 103470 xen-unstable-smoke real [real] http://logs.test-lab.xenproject.org/osstest/logs/103470/ Regressions :-( Tests which did not succeed and are blocking, including tests which could not be run: build-amd64-libvirt 5 libvirt-build fail REGR. vs. 103284 Tests which did not succeed, but are not blocking: test-amd64-amd64-libvirt 1 build-check(1) blocked n/a test-armhf-armhf-xl 12 migrate-support-check fail never pass test-armhf-armhf-xl 13 saverestore-support-check fail never pass version targeted for testing: xen d03eda9de93708123bfb5449ce80f69eca57303e baseline version: xen fc9229c4bb35c5474fbc67f78e628dcbcc90afc5 Last test of basis 103284 2016-12-13 19:03:56 Z 2 days Failing since 103292 2016-12-13 22:19:08 Z 2 days 24 attempts Testing same since 103470 2016-12-16 15:02:29 Z 0 days 1 attempts ------------------------------------------------------------ People who touched revisions under test: Andrew Cooper Anshul Makkar Cédric Bosdonnat Daniel De Graaf Edgar E. Iglesias Haozhong Zhang Ian Jackson Jan Beulich Juergen Gross Julien Grall Kevin Tian Konrad Rzeszutek Wilk Razvan Cojocaru Ross Lagerwall Stefano Stabellini Suravee Suthikulpanit Tamas K Lengyel Tim Deegan Wei Liu jobs: build-amd64 pass build-armhf pass build-amd64-libvirt fail test-armhf-armhf-xl pass test-amd64-amd64-xl-qemuu-debianhvm-i386 pass test-amd64-amd64-libvirt blocked ------------------------------------------------------------ sg-report-flight on osstest.test-lab.xenproject.org logs: /home/logs/logs images: /home/logs/images Logs, config files, etc. are available at http://logs.test-lab.xenproject.org/osstest/logs Explanation of these reports, and of osstest in general, is at http://xenbits.xen.org/gitweb/?p=osstest.git;a=blob;f=README.email;hb=master http://xenbits.xen.org/gitweb/?p=osstest.git;a=blob;f=README;hb=master Test harness code can be found at http://xenbits.xen.org/gitweb?p=osstest.git;a=summary Not pushing. (No revision log; it would be 756 lines long.) --===============2240934603320714608== Content-Type: text/plain; charset="utf-8" MIME-Version: 1.0 Content-Transfer-Encoding: base64 Content-Disposition: inline X19fX19fX19fX19fX19fX19fX19fX19fX19fX19fX19fX19fX19fX19fX19fX18KWGVuLWRldmVs IG1haWxpbmcgbGlzdApYZW4tZGV2ZWxAbGlzdHMueGVuLm9yZwpodHRwczovL2xpc3RzLnhlbi5v cmcveGVuLWRldmVsCg== --===============2240934603320714608==--