xen-devel.lists.xenproject.org archive mirror
 help / color / mirror / Atom feed
* [xen-unstable-smoke test] 103503: regressions - FAIL
@ 2016-12-16 23:45 osstest service owner
  0 siblings, 0 replies; only message in thread
From: osstest service owner @ 2016-12-16 23:45 UTC (permalink / raw)
  To: xen-devel, osstest-admin

flight 103503 xen-unstable-smoke real [real]
http://logs.test-lab.xenproject.org/osstest/logs/103503/

Regressions :-(

Tests which did not succeed and are blocking,
including tests which could not be run:
 test-armhf-armhf-xl           4 host-ping-check-native   fail REGR. vs. 103481

Tests which did not succeed, but are not blocking:
 test-amd64-amd64-libvirt     12 migrate-support-check        fail   never pass

version targeted for testing:
 xen                  fa25f10f2af877ed6bfa2ddce3d321ff61268c13
baseline version:
 xen                  08ccb46924385c833bd0da9e087fb6b96fa76849

Last test of basis   103481  2016-12-16 18:13:02 Z    0 days
Testing same since   103503  2016-12-16 21:55:21 Z    0 days    1 attempts

------------------------------------------------------------
People who touched revisions under test:
  Bhupinder Thakur <bhupinder.thakur@linaro.org>
  Stefano Stabellini <sstabellini@kernel.org>

jobs:
 build-amd64                                                  pass    
 build-armhf                                                  pass    
 build-amd64-libvirt                                          pass    
 test-armhf-armhf-xl                                          fail    
 test-amd64-amd64-xl-qemuu-debianhvm-i386                     pass    
 test-amd64-amd64-libvirt                                     pass    


------------------------------------------------------------
sg-report-flight on osstest.test-lab.xenproject.org
logs: /home/logs/logs
images: /home/logs/images

Logs, config files, etc. are available at
    http://logs.test-lab.xenproject.org/osstest/logs

Explanation of these reports, and of osstest in general, is at
    http://xenbits.xen.org/gitweb/?p=osstest.git;a=blob;f=README.email;hb=master
    http://xenbits.xen.org/gitweb/?p=osstest.git;a=blob;f=README;hb=master

Test harness code can be found at
    http://xenbits.xen.org/gitweb?p=osstest.git;a=summary


Not pushing.

------------------------------------------------------------
commit fa25f10f2af877ed6bfa2ddce3d321ff61268c13
Author: Bhupinder Thakur <bhupinder.thakur@linaro.org>
Date:   Fri Dec 16 12:46:28 2016 +0530

    xen/arm: Add support for 16 bit VMIDs
    
    VMID space is increased to 16-bits from 8-bits in ARMv8 8.1 revision.
    This allows more than 256 VMs to be supported by Xen.
    
    This change adds support for 16-bit VMIDs in Xen based on whether the
    architecture supports it.
    
    Signed-off-by: Bhupinder Thakur <bhupinder.thakur@linaro.org>
    Signed-off-by: Stefano Stabellini <sstabellini@kernel.org>
    Reviewed-by: Julien Grall <julien.grall@arm.com>

commit 3ca8573f8b81b2ff8d14c0fb29260420f868ab7a
Author: Bhupinder Thakur <bhupinder.thakur@linaro.org>
Date:   Fri Dec 16 12:46:27 2016 +0530

    xen/arm: Move p2m_vmid_allocator_init() inside setup_virt_paging()
    
    Since VMIDs are related to 2nd stage address translation, it makes more sense
    to move the call to p2m_vmid_allocator_init(), which initializes the vmid
    allocation bitmap, inside setup_virt_paging(), where 2nd stage address translation
    is set up.
    
    Signed-off-by: Bhupinder Thakur <bhupinder.thakur@linaro.org>
    Signed-off-by: Stefano Stabellini <sstabellini@kernel.org>
    Reviewed-by: Julien Grall <julien.grall@arm.com>
(qemu changes not included)

_______________________________________________
Xen-devel mailing list
Xen-devel@lists.xen.org
https://lists.xen.org/xen-devel

^ permalink raw reply	[flat|nested] only message in thread

only message in thread, other threads:[~2016-12-16 23:45 UTC | newest]

Thread overview: (only message) (download: mbox.gz follow: Atom feed
-- links below jump to the message on this page --
2016-12-16 23:45 [xen-unstable-smoke test] 103503: regressions - FAIL osstest service owner

This is a public inbox, see mirroring instructions
for how to clone and mirror all data and code used for this inbox;
as well as URLs for NNTP newsgroup(s).