From mboxrd@z Thu Jan 1 00:00:00 1970 From: osstest service owner Subject: [xen-unstable test] 103747: regressions - trouble: broken/fail/pass Date: Tue, 20 Dec 2016 00:51:25 +0000 Message-ID: Mime-Version: 1.0 Content-Type: multipart/mixed; boundary="===============8664624020296346552==" Return-path: List-Unsubscribe: , List-Post: List-Help: List-Subscribe: , Errors-To: xen-devel-bounces@lists.xen.org Sender: "Xen-devel" To: xen-devel@lists.xensource.com, osstest-admin@xenproject.org List-Id: xen-devel@lists.xenproject.org --===============8664624020296346552== Content-Type: text/plain flight 103747 xen-unstable real [real] http://logs.test-lab.xenproject.org/osstest/logs/103747/ Regressions :-( Tests which did not succeed and are blocking, including tests which could not be run: test-amd64-amd64-qemuu-nested-intel 16 debian-hvm-install/l1/l2 fail REGR. vs. 103466 test-amd64-amd64-i386-pvgrub 6 xen-boot fail in 103659 REGR. vs. 103466 test-amd64-amd64-xl-qemuu-win7-amd64 6 xen-boot fail in 103659 REGR. vs. 103466 test-amd64-amd64-xl-qemuu-debianhvm-amd64 6 xen-boot fail in 103659 REGR. vs. 103466 test-amd64-i386-xl-qemuu-ovmf-amd64 6 xen-boot fail in 103659 REGR. vs. 103466 test-amd64-amd64-libvirt-qemuu-debianhvm-amd64-xsm 6 xen-boot fail in 103659 REGR. vs. 103466 test-xtf-amd64-amd64-3 6 xen-boot fail in 103741 REGR. vs. 103466 Tests which are failing intermittently (not blocking): test-xtf-amd64-amd64-4 3 host-install(3) broken pass in 103659 test-amd64-amd64-xl-qemut-debianhvm-amd64 3 host-install(3) broken pass in 103659 test-amd64-amd64-xl-rtds 3 host-install(3) broken pass in 103659 test-amd64-amd64-xl-qemuu-win7-amd64 3 host-install(3) broken pass in 103659 test-amd64-amd64-i386-pvgrub 3 host-install(3) broken pass in 103659 test-amd64-amd64-xl-qemut-stubdom-debianhvm-amd64-xsm 3 host-install(3) broken pass in 103737 test-amd64-i386-qemuu-rhel6hvm-amd 3 host-install(3) broken pass in 103737 test-amd64-amd64-xl 3 host-install(3) broken pass in 103737 test-amd64-amd64-xl-xsm 3 host-install(3) broken pass in 103737 test-amd64-amd64-xl-qemuu-debianhvm-amd64 3 host-install(3) broken pass in 103737 test-amd64-i386-xl-qemuu-ovmf-amd64 3 host-install(3) broken pass in 103737 test-amd64-amd64-libvirt-qemuu-debianhvm-amd64-xsm 3 host-install(3) broken pass in 103737 test-xtf-amd64-amd64-3 3 host-install(3) broken pass in 103741 test-amd64-i386-qemut-rhel6hvm-amd 3 host-install(3) broken pass in 103741 test-amd64-amd64-xl-qemut-debianhvm-amd64-xsm 3 host-install(3) broken pass in 103741 test-amd64-i386-libvirt-qemuu-debianhvm-amd64-xsm 3 host-install(3) broken pass in 103741 test-xtf-amd64-amd64-4 6 xen-boot fail in 103540 pass in 103659 test-armhf-armhf-libvirt-raw 4 host-ping-check-native fail in 103540 pass in 103747 test-amd64-amd64-xl-qemut-debianhvm-amd64 6 xen-boot fail in 103659 pass in 103540 test-amd64-amd64-xl 6 xen-boot fail in 103659 pass in 103540 test-amd64-amd64-xl-xsm 6 xen-boot fail in 103659 pass in 103540 test-xtf-amd64-amd64-5 6 xen-boot fail in 103659 pass in 103747 test-amd64-amd64-xl-qemuu-debianhvm-amd64-xsm 11 saverestore-support-check fail in 103659 pass in 103747 test-armhf-armhf-xl-vhd 9 debian-di-install fail in 103659 pass in 103747 test-amd64-amd64-xl-qemut-stubdom-debianhvm-amd64-xsm 6 xen-boot fail in 103737 pass in 103659 test-amd64-i386-qemuu-rhel6hvm-amd 6 xen-boot fail in 103737 pass in 103659 test-amd64-amd64-xl-qemut-debianhvm-amd64-xsm 6 xen-boot fail in 103741 pass in 103659 test-armhf-armhf-libvirt 6 xen-boot fail in 103741 pass in 103747 test-amd64-i386-xl-qemut-winxpsp3-vcpus1 17 guest-start/win.repeat fail in 103741 pass in 103747 Regressions which are regarded as allowable (not blocking): test-armhf-armhf-xl-rtds 11 guest-start fail in 103540 like 103466 test-amd64-amd64-xl-rtds 6 xen-boot fail in 103659 REGR. vs. 103466 test-armhf-armhf-xl-rtds 15 guest-start/debian.repeat fail in 103737 like 103394 test-armhf-armhf-libvirt-raw 12 saverestore-support-check fail like 103394 test-armhf-armhf-libvirt-xsm 13 saverestore-support-check fail like 103466 test-armhf-armhf-libvirt-qcow2 12 saverestore-support-check fail like 103466 test-amd64-amd64-xl-qemut-win7-amd64 16 guest-stop fail like 103466 test-amd64-i386-xl-qemuu-win7-amd64 16 guest-stop fail like 103466 test-armhf-armhf-libvirt 13 saverestore-support-check fail like 103466 test-amd64-i386-xl-qemut-win7-amd64 16 guest-stop fail like 103466 Tests which did not succeed, but are not blocking: test-amd64-i386-libvirt-qemuu-debianhvm-amd64-xsm 10 migrate-support-check fail in 103741 never pass test-amd64-amd64-libvirt-xsm 12 migrate-support-check fail never pass test-amd64-amd64-xl-pvh-amd 11 guest-start fail never pass test-amd64-amd64-libvirt 12 migrate-support-check fail never pass test-amd64-amd64-xl-pvh-intel 11 guest-start fail never pass test-amd64-i386-libvirt-xsm 12 migrate-support-check fail never pass test-amd64-amd64-libvirt-vhd 11 migrate-support-check fail never pass test-armhf-armhf-xl-xsm 12 migrate-support-check fail never pass test-armhf-armhf-xl-xsm 13 saverestore-support-check fail never pass test-armhf-armhf-xl 12 migrate-support-check fail never pass test-armhf-armhf-xl 13 saverestore-support-check fail never pass test-amd64-amd64-qemuu-nested-amd 16 debian-hvm-install/l1/l2 fail never pass test-amd64-i386-libvirt 12 migrate-support-check fail never pass test-armhf-armhf-libvirt-xsm 12 migrate-support-check fail never pass test-armhf-armhf-xl-credit2 12 migrate-support-check fail never pass test-armhf-armhf-xl-credit2 13 saverestore-support-check fail never pass test-armhf-armhf-xl-cubietruck 12 migrate-support-check fail never pass test-armhf-armhf-xl-cubietruck 13 saverestore-support-check fail never pass test-armhf-armhf-xl-multivcpu 12 migrate-support-check fail never pass test-armhf-armhf-xl-multivcpu 13 saverestore-support-check fail never pass test-armhf-armhf-libvirt-qcow2 11 migrate-support-check fail never pass test-armhf-armhf-libvirt-raw 11 migrate-support-check fail never pass test-armhf-armhf-xl-arndale 12 migrate-support-check fail never pass test-armhf-armhf-libvirt 12 migrate-support-check fail never pass test-armhf-armhf-xl-arndale 13 saverestore-support-check fail never pass test-armhf-armhf-xl-rtds 12 migrate-support-check fail never pass test-armhf-armhf-xl-rtds 13 saverestore-support-check fail never pass test-armhf-armhf-xl-vhd 11 migrate-support-check fail never pass test-armhf-armhf-xl-vhd 12 saverestore-support-check fail never pass version targeted for testing: xen fa25f10f2af877ed6bfa2ddce3d321ff61268c13 baseline version: xen fc9229c4bb35c5474fbc67f78e628dcbcc90afc5 Last test of basis 103466 2016-12-16 13:24:29 Z 3 days Testing same since 103540 2016-12-17 16:30:58 Z 2 days 5 attempts ------------------------------------------------------------ People who touched revisions under test: Andrew Cooper Anshul Makkar Bhupinder Thakur Boris Ostrovsky Cédric Bosdonnat Daniel De Graaf Edgar E. Iglesias Haozhong Zhang Ian Jackson Jan Beulich Juergen Gross Julien Grall Kevin Tian Konrad Rzeszutek Wilk Razvan Cojocaru Ross Lagerwall Stefano Stabellini Suravee Suthikulpanit Tamas K Lengyel Tim Deegan Wei Liu jobs: build-amd64-xsm pass build-armhf-xsm pass build-i386-xsm pass build-amd64-xtf pass build-amd64 pass build-armhf pass build-i386 pass build-amd64-libvirt pass build-armhf-libvirt pass build-i386-libvirt pass build-amd64-oldkern pass build-i386-oldkern pass build-amd64-prev pass build-i386-prev pass build-amd64-pvops pass build-armhf-pvops pass build-i386-pvops pass build-amd64-rumprun pass build-i386-rumprun pass test-xtf-amd64-amd64-1 pass test-xtf-amd64-amd64-2 pass test-xtf-amd64-amd64-3 broken test-xtf-amd64-amd64-4 broken test-xtf-amd64-amd64-5 pass test-amd64-amd64-xl broken test-armhf-armhf-xl pass test-amd64-i386-xl pass test-amd64-amd64-xl-qemut-debianhvm-amd64-xsm broken test-amd64-i386-xl-qemut-debianhvm-amd64-xsm pass test-amd64-amd64-libvirt-qemuu-debianhvm-amd64-xsm broken test-amd64-i386-libvirt-qemuu-debianhvm-amd64-xsm broken test-amd64-amd64-xl-qemuu-debianhvm-amd64-xsm pass test-amd64-i386-xl-qemuu-debianhvm-amd64-xsm pass test-amd64-amd64-xl-qemut-stubdom-debianhvm-amd64-xsm broken test-amd64-i386-xl-qemut-stubdom-debianhvm-amd64-xsm pass test-amd64-amd64-libvirt-xsm pass test-armhf-armhf-libvirt-xsm pass test-amd64-i386-libvirt-xsm pass test-amd64-amd64-xl-xsm broken test-armhf-armhf-xl-xsm pass test-amd64-i386-xl-xsm pass test-amd64-amd64-qemuu-nested-amd fail test-amd64-amd64-xl-pvh-amd fail test-amd64-i386-qemut-rhel6hvm-amd broken test-amd64-i386-qemuu-rhel6hvm-amd broken test-amd64-amd64-xl-qemut-debianhvm-amd64 broken test-amd64-i386-xl-qemut-debianhvm-amd64 pass test-amd64-amd64-xl-qemuu-debianhvm-amd64 broken test-amd64-i386-xl-qemuu-debianhvm-amd64 pass test-amd64-i386-freebsd10-amd64 pass test-amd64-amd64-xl-qemuu-ovmf-amd64 pass test-amd64-i386-xl-qemuu-ovmf-amd64 broken test-amd64-amd64-rumprun-amd64 pass test-amd64-amd64-xl-qemut-win7-amd64 fail test-amd64-i386-xl-qemut-win7-amd64 fail test-amd64-amd64-xl-qemuu-win7-amd64 broken test-amd64-i386-xl-qemuu-win7-amd64 fail test-armhf-armhf-xl-arndale pass test-amd64-amd64-xl-credit2 pass test-armhf-armhf-xl-credit2 pass test-armhf-armhf-xl-cubietruck pass test-amd64-i386-freebsd10-i386 pass test-amd64-i386-rumprun-i386 pass test-amd64-amd64-qemuu-nested-intel fail test-amd64-amd64-xl-pvh-intel fail test-amd64-i386-qemut-rhel6hvm-intel pass test-amd64-i386-qemuu-rhel6hvm-intel pass test-amd64-amd64-libvirt pass test-armhf-armhf-libvirt pass test-amd64-i386-libvirt pass test-amd64-amd64-migrupgrade pass test-amd64-i386-migrupgrade pass test-amd64-amd64-xl-multivcpu pass test-armhf-armhf-xl-multivcpu pass test-amd64-amd64-pair pass test-amd64-i386-pair pass test-amd64-amd64-libvirt-pair pass test-amd64-i386-libvirt-pair pass test-amd64-amd64-amd64-pvgrub pass test-amd64-amd64-i386-pvgrub broken test-amd64-amd64-pygrub pass test-armhf-armhf-libvirt-qcow2 pass test-amd64-amd64-xl-qcow2 pass test-armhf-armhf-libvirt-raw pass test-amd64-i386-xl-raw pass test-amd64-amd64-xl-rtds broken test-armhf-armhf-xl-rtds pass test-amd64-i386-xl-qemut-winxpsp3-vcpus1 pass test-amd64-i386-xl-qemuu-winxpsp3-vcpus1 pass test-amd64-amd64-libvirt-vhd pass test-armhf-armhf-xl-vhd pass test-amd64-amd64-xl-qemut-winxpsp3 pass test-amd64-i386-xl-qemut-winxpsp3 pass test-amd64-amd64-xl-qemuu-winxpsp3 pass test-amd64-i386-xl-qemuu-winxpsp3 pass ------------------------------------------------------------ sg-report-flight on osstest.test-lab.xenproject.org logs: /home/logs/logs images: /home/logs/images Logs, config files, etc. are available at http://logs.test-lab.xenproject.org/osstest/logs Explanation of these reports, and of osstest in general, is at http://xenbits.xen.org/gitweb/?p=osstest.git;a=blob;f=README.email;hb=master http://xenbits.xen.org/gitweb/?p=osstest.git;a=blob;f=README;hb=master Test harness code can be found at http://xenbits.xen.org/gitweb?p=osstest.git;a=summary broken-step test-xtf-amd64-amd64-3 host-install(3) broken-step test-xtf-amd64-amd64-4 host-install(3) broken-step test-amd64-amd64-xl-qemut-debianhvm-amd64 host-install(3) broken-step test-amd64-i386-qemut-rhel6hvm-amd host-install(3) broken-step test-amd64-amd64-xl-rtds host-install(3) broken-step test-amd64-amd64-xl-qemut-stubdom-debianhvm-amd64-xsm host-install(3) broken-step test-amd64-i386-qemuu-rhel6hvm-amd host-install(3) broken-step test-amd64-amd64-xl-qemuu-win7-amd64 host-install(3) broken-step test-amd64-amd64-xl host-install(3) broken-step test-amd64-amd64-i386-pvgrub host-install(3) broken-step test-amd64-amd64-xl-xsm host-install(3) broken-step test-amd64-amd64-xl-qemut-debianhvm-amd64-xsm host-install(3) broken-step test-amd64-amd64-xl-qemuu-debianhvm-amd64 host-install(3) broken-step test-amd64-i386-libvirt-qemuu-debianhvm-amd64-xsm host-install(3) broken-step test-amd64-i386-xl-qemuu-ovmf-amd64 host-install(3) broken-step test-amd64-amd64-libvirt-qemuu-debianhvm-amd64-xsm host-install(3) Not pushing. (No revision log; it would be 819 lines long.) --===============8664624020296346552== Content-Type: text/plain; charset="utf-8" MIME-Version: 1.0 Content-Transfer-Encoding: base64 Content-Disposition: inline X19fX19fX19fX19fX19fX19fX19fX19fX19fX19fX19fX19fX19fX19fX19fX18KWGVuLWRldmVs IG1haWxpbmcgbGlzdApYZW4tZGV2ZWxAbGlzdHMueGVuLm9yZwpodHRwczovL2xpc3RzLnhlbi5v cmcveGVuLWRldmVsCg== --===============8664624020296346552==--