* [xen-unstable-smoke test] 103751: trouble: broken/pass
@ 2016-12-19 18:40 osstest service owner
0 siblings, 0 replies; only message in thread
From: osstest service owner @ 2016-12-19 18:40 UTC (permalink / raw)
To: xen-devel, osstest-admin
flight 103751 xen-unstable-smoke real [real]
http://logs.test-lab.xenproject.org/osstest/logs/103751/
Failures and problems with tests :-(
Tests which did not succeed and are blocking,
including tests which could not be run:
test-amd64-amd64-libvirt 3 host-install(3) broken REGR. vs. 103746
Tests which did not succeed, but are not blocking:
test-armhf-armhf-xl 12 migrate-support-check fail never pass
test-armhf-armhf-xl 13 saverestore-support-check fail never pass
version targeted for testing:
xen b9a8061bc28930b0c922a5d828447c52e4e873c2
baseline version:
xen 7469686ccc959765542cd10551f9bd7a602f2cbd
Last test of basis 103746 2016-12-19 11:02:18 Z 0 days
Testing same since 103751 2016-12-19 16:01:58 Z 0 days 1 attempts
------------------------------------------------------------
People who touched revisions under test:
Andrew Cooper <andrew.cooper3@citrix.com>
jobs:
build-amd64 pass
build-armhf pass
build-amd64-libvirt pass
test-armhf-armhf-xl pass
test-amd64-amd64-xl-qemuu-debianhvm-i386 pass
test-amd64-amd64-libvirt broken
------------------------------------------------------------
sg-report-flight on osstest.test-lab.xenproject.org
logs: /home/logs/logs
images: /home/logs/images
Logs, config files, etc. are available at
http://logs.test-lab.xenproject.org/osstest/logs
Explanation of these reports, and of osstest in general, is at
http://xenbits.xen.org/gitweb/?p=osstest.git;a=blob;f=README.email;hb=master
http://xenbits.xen.org/gitweb/?p=osstest.git;a=blob;f=README;hb=master
Test harness code can be found at
http://xenbits.xen.org/gitweb?p=osstest.git;a=summary
broken-step test-amd64-amd64-libvirt host-install(3)
Not pushing.
------------------------------------------------------------
commit b9a8061bc28930b0c922a5d828447c52e4e873c2
Author: Andrew Cooper <andrew.cooper3@citrix.com>
Date: Sun Dec 18 15:42:59 2016 +0000
x86/emul: Correct the handling of eflags with SYSCALL
A singlestep #DB is determined by the resulting eflags value from the
execution of SYSCALL, not the original eflags value.
By using the original eflags value, we negate the guest kernels attempt to
protect itself from a privilege escalation by masking TF.
(re)introduce a singlestep boolean, defaulting to the original eflags state,
but have the SYSCALL emulation recalculate it after masking has occurred.
This is XSA-204
Signed-off-by: Andrew Cooper <andrew.cooper3@citrix.com>
Reviewed-by: Jan Beulich <jbeulich@suse.com>
(qemu changes not included)
_______________________________________________
Xen-devel mailing list
Xen-devel@lists.xen.org
https://lists.xen.org/xen-devel
^ permalink raw reply [flat|nested] only message in thread
only message in thread, other threads:[~2016-12-19 18:40 UTC | newest]
Thread overview: (only message) (download: mbox.gz follow: Atom feed
-- links below jump to the message on this page --
2016-12-19 18:40 [xen-unstable-smoke test] 103751: trouble: broken/pass osstest service owner
This is a public inbox, see mirroring instructions
for how to clone and mirror all data and code used for this inbox;
as well as URLs for NNTP newsgroup(s).