From: osstest service owner <osstest-admin@xenproject.org>
To: xen-devel@lists.xensource.com, osstest-admin@xenproject.org
Subject: [xen-4.6-testing test] 103753: regressions - trouble: broken/fail/pass
Date: Tue, 20 Dec 2016 03:52:19 +0000 [thread overview]
Message-ID: <osstest-103753-mainreport@xen.org> (raw)
flight 103753 xen-4.6-testing real [real]
http://logs.test-lab.xenproject.org/osstest/logs/103753/
Regressions :-(
Tests which did not succeed and are blocking,
including tests which could not be run:
test-xtf-amd64-amd64-2 3 host-install(3) broken REGR. vs. 103407
test-amd64-amd64-xl-qemut-winxpsp3 3 host-install(3) broken REGR. vs. 103407
test-amd64-amd64-amd64-pvgrub 3 host-install(3) broken REGR. vs. 103407
test-amd64-i386-freebsd10-i386 3 host-install(3) broken REGR. vs. 103407
test-amd64-i386-xl-xsm 3 host-install(3) broken REGR. vs. 103407
test-xtf-amd64-amd64-5 3 host-install(3) broken REGR. vs. 103407
test-amd64-i386-xl-qemuu-debianhvm-amd64-xsm 3 host-install(3) broken REGR. vs. 103407
test-amd64-amd64-libvirt-xsm 3 host-install(3) broken REGR. vs. 103407
test-amd64-amd64-libvirt-qemuu-debianhvm-amd64-xsm 3 host-install(3) broken REGR. vs. 103407
test-amd64-amd64-xl-qemuu-ovmf-amd64 3 host-install(3) broken REGR. vs. 103407
test-amd64-amd64-xl-qcow2 3 host-install(3) broken REGR. vs. 103407
test-armhf-armhf-xl-arndale 3 host-install(3) broken REGR. vs. 103407
test-amd64-i386-pair 7 xen-install/src_host fail REGR. vs. 103407
test-amd64-i386-pair 8 xen-install/dst_host fail REGR. vs. 103407
test-amd64-i386-freebsd10-amd64 10 guest-start fail REGR. vs. 103407
test-amd64-amd64-libvirt 10 debian-fixup fail REGR. vs. 103407
test-amd64-i386-xl-qemut-debianhvm-amd64-xsm 9 debian-hvm-install fail REGR. vs. 103407
test-amd64-amd64-xl-credit2 11 guest-start fail REGR. vs. 103407
test-amd64-i386-qemut-rhel6hvm-amd 9 redhat-install fail REGR. vs. 103407
test-amd64-i386-qemut-rhel6hvm-intel 9 redhat-install fail REGR. vs. 103407
test-amd64-i386-xl-qemuu-ovmf-amd64 9 debian-hvm-install fail REGR. vs. 103407
test-xtf-amd64-amd64-4 54 xtf/test-pv32pae-livepatch-priv-check fail REGR. vs. 103407
test-amd64-i386-qemuu-rhel6hvm-amd 9 redhat-install fail REGR. vs. 103407
test-armhf-armhf-xl-multivcpu 15 guest-start/debian.repeat fail REGR. vs. 103407
test-amd64-amd64-xl-qemuu-win7-amd64 15 guest-localmigrate/x10 fail REGR. vs. 103407
test-armhf-armhf-libvirt-qcow2 9 debian-di-install fail REGR. vs. 103407
test-armhf-armhf-libvirt 15 guest-start/debian.repeat fail REGR. vs. 103407
test-armhf-armhf-xl-credit2 9 debian-install fail REGR. vs. 103407
test-amd64-amd64-libvirt-vhd 16 guest-start/debian.repeat fail REGR. vs. 103407
Regressions which are regarded as allowable (not blocking):
test-amd64-amd64-rumprun-amd64 16 rumprun-demo-xenstorels/xenstorels.repeat fail REGR. vs. 103407
test-armhf-armhf-xl-rtds 15 guest-start/debian.repeat fail blocked in 103407
test-armhf-armhf-libvirt 13 saverestore-support-check fail like 103407
test-armhf-armhf-libvirt-xsm 13 saverestore-support-check fail like 103407
test-amd64-i386-xl-qemut-win7-amd64 16 guest-stop fail like 103407
test-amd64-i386-xl-qemuu-win7-amd64 16 guest-stop fail like 103407
test-armhf-armhf-libvirt-raw 12 saverestore-support-check fail like 103407
test-amd64-amd64-xl-qemut-win7-amd64 16 guest-stop fail like 103407
Tests which did not succeed, but are not blocking:
test-amd64-i386-libvirt-xsm 12 migrate-support-check fail never pass
test-xtf-amd64-amd64-1 61 xtf/test-pv32pae-xsa-194 fail never pass
test-amd64-amd64-xl-pvh-amd 11 guest-start fail never pass
test-amd64-i386-libvirt 12 migrate-support-check fail never pass
test-xtf-amd64-amd64-3 61 xtf/test-pv32pae-xsa-194 fail never pass
test-amd64-i386-libvirt-qemuu-debianhvm-amd64-xsm 10 migrate-support-check fail never pass
test-amd64-amd64-xl-pvh-intel 11 guest-start fail never pass
test-armhf-armhf-xl-multivcpu 12 migrate-support-check fail never pass
test-armhf-armhf-xl-multivcpu 13 saverestore-support-check fail never pass
test-amd64-amd64-qemuu-nested-amd 16 debian-hvm-install/l1/l2 fail never pass
test-armhf-armhf-libvirt 12 migrate-support-check fail never pass
test-armhf-armhf-xl 12 migrate-support-check fail never pass
test-armhf-armhf-xl 13 saverestore-support-check fail never pass
test-amd64-amd64-libvirt-vhd 11 migrate-support-check fail never pass
test-armhf-armhf-libvirt-xsm 12 migrate-support-check fail never pass
test-armhf-armhf-xl-rtds 12 migrate-support-check fail never pass
test-armhf-armhf-xl-rtds 13 saverestore-support-check fail never pass
test-armhf-armhf-xl-vhd 11 migrate-support-check fail never pass
test-armhf-armhf-xl-vhd 12 saverestore-support-check fail never pass
test-armhf-armhf-xl-xsm 12 migrate-support-check fail never pass
test-armhf-armhf-xl-xsm 13 saverestore-support-check fail never pass
test-armhf-armhf-libvirt-raw 11 migrate-support-check fail never pass
test-armhf-armhf-xl-cubietruck 12 migrate-support-check fail never pass
test-armhf-armhf-xl-cubietruck 13 saverestore-support-check fail never pass
version targeted for testing:
xen aa281a16db9a46911c78a30998c555515810aa8b
baseline version:
xen ac699ed4c45a4ea4f93d366b9185d62795ffdf48
Last test of basis 103407 2016-12-15 14:12:39 Z 4 days
Testing same since 103753 2016-12-19 16:14:12 Z 0 days 1 attempts
------------------------------------------------------------
People who touched revisions under test:
Andrew Cooper <andrew.cooper3@citrix.com>
jobs:
build-amd64-xsm pass
build-armhf-xsm pass
build-i386-xsm pass
build-amd64-xtf pass
build-amd64 pass
build-armhf pass
build-i386 pass
build-amd64-libvirt pass
build-armhf-libvirt pass
build-i386-libvirt pass
build-amd64-prev pass
build-i386-prev pass
build-amd64-pvops pass
build-armhf-pvops pass
build-i386-pvops pass
build-amd64-rumprun pass
build-i386-rumprun pass
test-xtf-amd64-amd64-1 pass
test-xtf-amd64-amd64-2 broken
test-xtf-amd64-amd64-3 pass
test-xtf-amd64-amd64-4 pass
test-xtf-amd64-amd64-5 broken
test-amd64-amd64-xl pass
test-armhf-armhf-xl pass
test-amd64-i386-xl pass
test-amd64-amd64-xl-qemut-debianhvm-amd64-xsm pass
test-amd64-i386-xl-qemut-debianhvm-amd64-xsm fail
test-amd64-amd64-libvirt-qemuu-debianhvm-amd64-xsm broken
test-amd64-i386-libvirt-qemuu-debianhvm-amd64-xsm pass
test-amd64-amd64-xl-qemuu-debianhvm-amd64-xsm pass
test-amd64-i386-xl-qemuu-debianhvm-amd64-xsm broken
test-amd64-amd64-xl-qemut-stubdom-debianhvm-amd64-xsm pass
test-amd64-i386-xl-qemut-stubdom-debianhvm-amd64-xsm pass
test-amd64-amd64-libvirt-xsm broken
test-armhf-armhf-libvirt-xsm pass
test-amd64-i386-libvirt-xsm pass
test-amd64-amd64-xl-xsm pass
test-armhf-armhf-xl-xsm pass
test-amd64-i386-xl-xsm broken
test-amd64-amd64-qemuu-nested-amd fail
test-amd64-amd64-xl-pvh-amd fail
test-amd64-i386-qemut-rhel6hvm-amd fail
test-amd64-i386-qemuu-rhel6hvm-amd fail
test-amd64-amd64-xl-qemut-debianhvm-amd64 pass
test-amd64-i386-xl-qemut-debianhvm-amd64 pass
test-amd64-amd64-xl-qemuu-debianhvm-amd64 pass
test-amd64-i386-xl-qemuu-debianhvm-amd64 pass
test-amd64-i386-freebsd10-amd64 fail
test-amd64-amd64-xl-qemuu-ovmf-amd64 broken
test-amd64-i386-xl-qemuu-ovmf-amd64 fail
test-amd64-amd64-rumprun-amd64 fail
test-amd64-amd64-xl-qemut-win7-amd64 fail
test-amd64-i386-xl-qemut-win7-amd64 fail
test-amd64-amd64-xl-qemuu-win7-amd64 fail
test-amd64-i386-xl-qemuu-win7-amd64 fail
test-armhf-armhf-xl-arndale broken
test-amd64-amd64-xl-credit2 fail
test-armhf-armhf-xl-credit2 fail
test-armhf-armhf-xl-cubietruck pass
test-amd64-i386-freebsd10-i386 broken
test-amd64-i386-rumprun-i386 pass
test-amd64-amd64-qemuu-nested-intel pass
test-amd64-amd64-xl-pvh-intel fail
test-amd64-i386-qemut-rhel6hvm-intel fail
test-amd64-i386-qemuu-rhel6hvm-intel pass
test-amd64-amd64-libvirt fail
test-armhf-armhf-libvirt fail
test-amd64-i386-libvirt pass
test-amd64-amd64-migrupgrade pass
test-amd64-i386-migrupgrade pass
test-amd64-amd64-xl-multivcpu pass
test-armhf-armhf-xl-multivcpu fail
test-amd64-amd64-pair pass
test-amd64-i386-pair fail
test-amd64-amd64-libvirt-pair pass
test-amd64-i386-libvirt-pair pass
test-amd64-amd64-amd64-pvgrub broken
test-amd64-amd64-i386-pvgrub pass
test-amd64-amd64-pygrub pass
test-armhf-armhf-libvirt-qcow2 fail
test-amd64-amd64-xl-qcow2 broken
test-armhf-armhf-libvirt-raw pass
test-amd64-i386-xl-raw pass
test-amd64-amd64-xl-rtds pass
test-armhf-armhf-xl-rtds fail
test-amd64-i386-xl-qemut-winxpsp3-vcpus1 pass
test-amd64-i386-xl-qemuu-winxpsp3-vcpus1 pass
test-amd64-amd64-libvirt-vhd fail
test-armhf-armhf-xl-vhd pass
test-amd64-amd64-xl-qemut-winxpsp3 broken
test-amd64-i386-xl-qemut-winxpsp3 pass
test-amd64-amd64-xl-qemuu-winxpsp3 pass
test-amd64-i386-xl-qemuu-winxpsp3 pass
------------------------------------------------------------
sg-report-flight on osstest.test-lab.xenproject.org
logs: /home/logs/logs
images: /home/logs/images
Logs, config files, etc. are available at
http://logs.test-lab.xenproject.org/osstest/logs
Explanation of these reports, and of osstest in general, is at
http://xenbits.xen.org/gitweb/?p=osstest.git;a=blob;f=README.email;hb=master
http://xenbits.xen.org/gitweb/?p=osstest.git;a=blob;f=README;hb=master
Test harness code can be found at
http://xenbits.xen.org/gitweb?p=osstest.git;a=summary
broken-step test-xtf-amd64-amd64-2 host-install(3)
broken-step test-amd64-amd64-xl-qemut-winxpsp3 host-install(3)
broken-step test-amd64-amd64-amd64-pvgrub host-install(3)
broken-step test-amd64-i386-freebsd10-i386 host-install(3)
broken-step test-amd64-i386-xl-xsm host-install(3)
broken-step test-xtf-amd64-amd64-5 host-install(3)
broken-step test-amd64-i386-xl-qemuu-debianhvm-amd64-xsm host-install(3)
broken-step test-amd64-amd64-libvirt-xsm host-install(3)
broken-step test-amd64-amd64-libvirt-qemuu-debianhvm-amd64-xsm host-install(3)
broken-step test-amd64-amd64-xl-qemuu-ovmf-amd64 host-install(3)
broken-step test-amd64-amd64-xl-qcow2 host-install(3)
broken-step test-armhf-armhf-xl-arndale host-install(3)
Not pushing.
------------------------------------------------------------
commit aa281a16db9a46911c78a30998c555515810aa8b
Author: Andrew Cooper <andrew.cooper3@citrix.com>
Date: Sun Dec 18 15:42:59 2016 +0000
x86/emul: Correct the handling of eflags with SYSCALL
A singlestep #DB is determined by the resulting eflags value from the
execution of SYSCALL, not the original eflags value.
By using the original eflags value, we negate the guest kernels attempt to
protect itself from a privilege escalation by masking TF.
Introduce a tf boolean and have the SYSCALL emulation recalculate it
after the instruction is complete.
This is XSA-204
Signed-off-by: Andrew Cooper <andrew.cooper3@citrix.com>
Reviewed-by: Jan Beulich <jbeulich@suse.com>
(qemu changes not included)
_______________________________________________
Xen-devel mailing list
Xen-devel@lists.xen.org
https://lists.xen.org/xen-devel
reply other threads:[~2016-12-20 3:52 UTC|newest]
Thread overview: [no followups] expand[flat|nested] mbox.gz Atom feed
Reply instructions:
You may reply publicly to this message via plain-text email
using any one of the following methods:
* Save the following mbox file, import it into your mail client,
and reply-to-all from there: mbox
Avoid top-posting and favor interleaved quoting:
https://en.wikipedia.org/wiki/Posting_style#Interleaved_style
* Reply using the --to, --cc, and --in-reply-to
switches of git-send-email(1):
git send-email \
--in-reply-to=osstest-103753-mainreport@xen.org \
--to=osstest-admin@xenproject.org \
--cc=xen-devel@lists.xensource.com \
/path/to/YOUR_REPLY
https://kernel.org/pub/software/scm/git/docs/git-send-email.html
* If your mail client supports setting the In-Reply-To header
via mailto: links, try the mailto: link
Be sure your reply has a Subject: header at the top and a blank line
before the message body.
This is a public inbox, see mirroring instructions
for how to clone and mirror all data and code used for this inbox;
as well as URLs for NNTP newsgroup(s).