From: osstest service owner <osstest-admin@xenproject.org>
To: xen-devel@lists.xensource.com, osstest-admin@xenproject.org
Subject: [xen-4.5-testing test] 103755: trouble: broken/fail/pass
Date: Tue, 20 Dec 2016 08:00:56 +0000 [thread overview]
Message-ID: <osstest-103755-mainreport@xen.org> (raw)
flight 103755 xen-4.5-testing real [real]
http://logs.test-lab.xenproject.org/osstest/logs/103755/
Failures and problems with tests :-(
Tests which did not succeed and are blocking,
including tests which could not be run:
test-amd64-i386-xl-qemut-debianhvm-amd64 3 host-install(3) broken REGR. vs. 103398
test-amd64-amd64-amd64-pvgrub 3 host-install(3) broken REGR. vs. 103398
test-amd64-amd64-libvirt 3 host-install(3) broken REGR. vs. 103398
test-amd64-i386-xl 3 host-install(3) broken REGR. vs. 103398
test-amd64-i386-xl-qemuu-debianhvm-amd64 3 host-install(3) broken REGR. vs. 103398
test-amd64-amd64-xl-multivcpu 3 host-install(3) broken REGR. vs. 103398
test-amd64-i386-qemut-rhel6hvm-amd 3 host-install(3) broken REGR. vs. 103398
Regressions which are regarded as allowable (not blocking):
test-amd64-i386-xl-qemuu-win7-amd64 16 guest-stop fail like 103316
test-amd64-amd64-xl-rtds 6 xen-boot fail like 103398
test-xtf-amd64-amd64-2 52 leak-check/check fail like 103398
test-xtf-amd64-amd64-3 52 leak-check/check fail like 103398
test-xtf-amd64-amd64-1 52 leak-check/check fail like 103398
test-armhf-armhf-libvirt 13 saverestore-support-check fail like 103398
test-xtf-amd64-amd64-4 52 leak-check/check fail like 103398
test-xtf-amd64-amd64-5 52 leak-check/check fail like 103398
test-armhf-armhf-xl-rtds 11 guest-start fail like 103398
test-amd64-i386-xl-qemut-win7-amd64 16 guest-stop fail like 103398
test-amd64-amd64-xl-qemut-win7-amd64 16 guest-stop fail like 103398
test-amd64-amd64-xl-qemuu-win7-amd64 16 guest-stop fail like 103398
test-amd64-i386-xl-qemuu-winxpsp3-vcpus1 15 guest-localmigrate/x10 fail like 103398
Tests which did not succeed, but are not blocking:
test-xtf-amd64-amd64-2 18 xtf/test-hvm32-cpuid-faulting fail never pass
test-xtf-amd64-amd64-2 29 xtf/test-hvm32pae-cpuid-faulting fail never pass
test-amd64-amd64-xl-pvh-intel 11 guest-start fail never pass
test-xtf-amd64-amd64-2 35 xtf/test-hvm32pse-cpuid-faulting fail never pass
test-xtf-amd64-amd64-2 39 xtf/test-hvm64-cpuid-faulting fail never pass
test-xtf-amd64-amd64-4 18 xtf/test-hvm32-cpuid-faulting fail never pass
test-amd64-i386-libvirt 12 migrate-support-check fail never pass
test-xtf-amd64-amd64-4 29 xtf/test-hvm32pae-cpuid-faulting fail never pass
test-xtf-amd64-amd64-5 18 xtf/test-hvm32-cpuid-faulting fail never pass
test-xtf-amd64-amd64-1 18 xtf/test-hvm32-cpuid-faulting fail never pass
test-xtf-amd64-amd64-4 35 xtf/test-hvm32pse-cpuid-faulting fail never pass
test-xtf-amd64-amd64-4 39 xtf/test-hvm64-cpuid-faulting fail never pass
test-amd64-amd64-xl-pvh-amd 11 guest-start fail never pass
test-armhf-armhf-xl-arndale 12 migrate-support-check fail never pass
test-armhf-armhf-xl-arndale 13 saverestore-support-check fail never pass
test-xtf-amd64-amd64-2 51 xtf/test-hvm64-xsa-195 fail never pass
test-xtf-amd64-amd64-5 29 xtf/test-hvm32pae-cpuid-faulting fail never pass
test-xtf-amd64-amd64-5 35 xtf/test-hvm32pse-cpuid-faulting fail never pass
test-xtf-amd64-amd64-1 29 xtf/test-hvm32pae-cpuid-faulting fail never pass
test-xtf-amd64-amd64-5 39 xtf/test-hvm64-cpuid-faulting fail never pass
test-amd64-amd64-libvirt-vhd 11 migrate-support-check fail never pass
test-xtf-amd64-amd64-1 35 xtf/test-hvm32pse-cpuid-faulting fail never pass
test-xtf-amd64-amd64-1 39 xtf/test-hvm64-cpuid-faulting fail never pass
test-xtf-amd64-amd64-3 51 xtf/test-hvm64-xsa-195 fail never pass
test-amd64-amd64-qemuu-nested-amd 16 debian-hvm-install/l1/l2 fail never pass
test-armhf-armhf-xl-multivcpu 12 migrate-support-check fail never pass
test-armhf-armhf-xl-multivcpu 13 saverestore-support-check fail never pass
test-xtf-amd64-amd64-1 51 xtf/test-hvm64-xsa-195 fail never pass
test-armhf-armhf-xl-cubietruck 12 migrate-support-check fail never pass
test-armhf-armhf-xl-cubietruck 13 saverestore-support-check fail never pass
test-armhf-armhf-xl 12 migrate-support-check fail never pass
test-armhf-armhf-xl 13 saverestore-support-check fail never pass
test-xtf-amd64-amd64-4 51 xtf/test-hvm64-xsa-195 fail never pass
test-armhf-armhf-libvirt 12 migrate-support-check fail never pass
test-xtf-amd64-amd64-5 51 xtf/test-hvm64-xsa-195 fail never pass
test-armhf-armhf-xl-credit2 12 migrate-support-check fail never pass
test-armhf-armhf-xl-credit2 13 saverestore-support-check fail never pass
test-armhf-armhf-libvirt-raw 10 guest-start fail never pass
test-armhf-armhf-xl-vhd 10 guest-start fail never pass
test-armhf-armhf-libvirt-qcow2 10 guest-start fail never pass
version targeted for testing:
xen e3426e23cac566d508902fc5f49c8fc054111cf0
baseline version:
xen 37281bc8713723c287cb80cc6fe3f5e5f4e508c8
Last test of basis 103398 2016-12-15 10:53:14 Z 4 days
Testing same since 103755 2016-12-19 16:16:30 Z 0 days 1 attempts
------------------------------------------------------------
People who touched revisions under test:
Andrew Cooper <andrew.cooper3@citrix.com>
jobs:
build-amd64-xtf pass
build-amd64 pass
build-armhf pass
build-i386 pass
build-amd64-libvirt pass
build-armhf-libvirt pass
build-i386-libvirt pass
build-amd64-prev pass
build-i386-prev pass
build-amd64-pvops pass
build-armhf-pvops pass
build-i386-pvops pass
build-amd64-rumprun pass
build-i386-rumprun pass
test-xtf-amd64-amd64-1 fail
test-xtf-amd64-amd64-2 fail
test-xtf-amd64-amd64-3 fail
test-xtf-amd64-amd64-4 fail
test-xtf-amd64-amd64-5 fail
test-amd64-amd64-xl pass
test-armhf-armhf-xl pass
test-amd64-i386-xl broken
test-amd64-amd64-qemuu-nested-amd fail
test-amd64-amd64-xl-pvh-amd fail
test-amd64-i386-qemut-rhel6hvm-amd broken
test-amd64-i386-qemuu-rhel6hvm-amd pass
test-amd64-amd64-xl-qemut-debianhvm-amd64 pass
test-amd64-i386-xl-qemut-debianhvm-amd64 broken
test-amd64-amd64-xl-qemuu-debianhvm-amd64 pass
test-amd64-i386-xl-qemuu-debianhvm-amd64 broken
test-amd64-i386-freebsd10-amd64 pass
test-amd64-amd64-xl-qemuu-ovmf-amd64 pass
test-amd64-i386-xl-qemuu-ovmf-amd64 pass
test-amd64-amd64-rumprun-amd64 pass
test-amd64-amd64-xl-qemut-win7-amd64 fail
test-amd64-i386-xl-qemut-win7-amd64 fail
test-amd64-amd64-xl-qemuu-win7-amd64 fail
test-amd64-i386-xl-qemuu-win7-amd64 fail
test-armhf-armhf-xl-arndale pass
test-amd64-amd64-xl-credit2 pass
test-armhf-armhf-xl-credit2 pass
test-armhf-armhf-xl-cubietruck pass
test-amd64-i386-freebsd10-i386 pass
test-amd64-i386-rumprun-i386 pass
test-amd64-amd64-qemuu-nested-intel pass
test-amd64-amd64-xl-pvh-intel fail
test-amd64-i386-qemut-rhel6hvm-intel pass
test-amd64-i386-qemuu-rhel6hvm-intel pass
test-amd64-amd64-libvirt broken
test-armhf-armhf-libvirt pass
test-amd64-i386-libvirt pass
test-amd64-amd64-migrupgrade pass
test-amd64-i386-migrupgrade pass
test-amd64-amd64-xl-multivcpu broken
test-armhf-armhf-xl-multivcpu pass
test-amd64-amd64-pair pass
test-amd64-i386-pair pass
test-amd64-amd64-libvirt-pair pass
test-amd64-i386-libvirt-pair pass
test-amd64-amd64-amd64-pvgrub broken
test-amd64-amd64-i386-pvgrub pass
test-amd64-amd64-pygrub pass
test-armhf-armhf-libvirt-qcow2 fail
test-amd64-amd64-xl-qcow2 pass
test-armhf-armhf-libvirt-raw fail
test-amd64-i386-xl-raw pass
test-amd64-amd64-xl-rtds fail
test-armhf-armhf-xl-rtds fail
test-amd64-i386-xl-qemut-winxpsp3-vcpus1 pass
test-amd64-i386-xl-qemuu-winxpsp3-vcpus1 fail
test-amd64-amd64-libvirt-vhd pass
test-armhf-armhf-xl-vhd fail
test-amd64-amd64-xl-qemut-winxpsp3 pass
test-amd64-i386-xl-qemut-winxpsp3 pass
test-amd64-amd64-xl-qemuu-winxpsp3 pass
test-amd64-i386-xl-qemuu-winxpsp3 pass
------------------------------------------------------------
sg-report-flight on osstest.test-lab.xenproject.org
logs: /home/logs/logs
images: /home/logs/images
Logs, config files, etc. are available at
http://logs.test-lab.xenproject.org/osstest/logs
Explanation of these reports, and of osstest in general, is at
http://xenbits.xen.org/gitweb/?p=osstest.git;a=blob;f=README.email;hb=master
http://xenbits.xen.org/gitweb/?p=osstest.git;a=blob;f=README;hb=master
Test harness code can be found at
http://xenbits.xen.org/gitweb?p=osstest.git;a=summary
broken-step test-amd64-i386-xl-qemut-debianhvm-amd64 host-install(3)
broken-step test-amd64-amd64-amd64-pvgrub host-install(3)
broken-step test-amd64-amd64-libvirt host-install(3)
broken-step test-amd64-i386-xl host-install(3)
broken-step test-amd64-i386-xl-qemuu-debianhvm-amd64 host-install(3)
broken-step test-amd64-amd64-xl-multivcpu host-install(3)
broken-step test-amd64-i386-qemut-rhel6hvm-amd host-install(3)
Not pushing.
------------------------------------------------------------
commit e3426e23cac566d508902fc5f49c8fc054111cf0
Author: Andrew Cooper <andrew.cooper3@citrix.com>
Date: Sun Dec 18 15:42:59 2016 +0000
x86/emul: Correct the handling of eflags with SYSCALL
A singlestep #DB is determined by the resulting eflags value from the
execution of SYSCALL, not the original eflags value.
By using the original eflags value, we negate the guest kernels attempt to
protect itself from a privilege escalation by masking TF.
Introduce a tf boolean and have the SYSCALL emulation recalculate it
after the instruction is complete.
This is XSA-204
Signed-off-by: Andrew Cooper <andrew.cooper3@citrix.com>
Reviewed-by: Jan Beulich <jbeulich@suse.com>
(qemu changes not included)
_______________________________________________
Xen-devel mailing list
Xen-devel@lists.xen.org
https://lists.xen.org/xen-devel
reply other threads:[~2016-12-20 8:00 UTC|newest]
Thread overview: [no followups] expand[flat|nested] mbox.gz Atom feed
Reply instructions:
You may reply publicly to this message via plain-text email
using any one of the following methods:
* Save the following mbox file, import it into your mail client,
and reply-to-all from there: mbox
Avoid top-posting and favor interleaved quoting:
https://en.wikipedia.org/wiki/Posting_style#Interleaved_style
* Reply using the --to, --cc, and --in-reply-to
switches of git-send-email(1):
git send-email \
--in-reply-to=osstest-103755-mainreport@xen.org \
--to=osstest-admin@xenproject.org \
--cc=xen-devel@lists.xensource.com \
/path/to/YOUR_REPLY
https://kernel.org/pub/software/scm/git/docs/git-send-email.html
* If your mail client supports setting the In-Reply-To header
via mailto: links, try the mailto: link
Be sure your reply has a Subject: header at the top and a blank line
before the message body.
This is a public inbox, see mirroring instructions
for how to clone and mirror all data and code used for this inbox;
as well as URLs for NNTP newsgroup(s).