* [xen-unstable-smoke test] 103774: regressions - FAIL
@ 2016-12-20 15:43 osstest service owner
0 siblings, 0 replies; only message in thread
From: osstest service owner @ 2016-12-20 15:43 UTC (permalink / raw)
To: xen-devel, osstest-admin
flight 103774 xen-unstable-smoke real [real]
http://logs.test-lab.xenproject.org/osstest/logs/103774/
Regressions :-(
Tests which did not succeed and are blocking,
including tests which could not be run:
test-amd64-amd64-libvirt 17 guest-start/debian.repeat fail REGR. vs. 103771
Tests which did not succeed, but are not blocking:
test-amd64-amd64-libvirt 12 migrate-support-check fail never pass
test-armhf-armhf-xl 12 migrate-support-check fail never pass
test-armhf-armhf-xl 13 saverestore-support-check fail never pass
version targeted for testing:
xen 8867a48e058ab04bd269cab12ef4de5ee8ad5b7b
baseline version:
xen d6ac8e22c7c5525db1da79fd1d1f03ee6b557f0d
Last test of basis 103771 2016-12-20 09:02:14 Z 0 days
Testing same since 103774 2016-12-20 14:02:26 Z 0 days 1 attempts
------------------------------------------------------------
People who touched revisions under test:
Andrew Cooper <andrew.cooper3@citrix.com>
jobs:
build-amd64 pass
build-armhf pass
build-amd64-libvirt pass
test-armhf-armhf-xl pass
test-amd64-amd64-xl-qemuu-debianhvm-i386 pass
test-amd64-amd64-libvirt fail
------------------------------------------------------------
sg-report-flight on osstest.test-lab.xenproject.org
logs: /home/logs/logs
images: /home/logs/images
Logs, config files, etc. are available at
http://logs.test-lab.xenproject.org/osstest/logs
Explanation of these reports, and of osstest in general, is at
http://xenbits.xen.org/gitweb/?p=osstest.git;a=blob;f=README.email;hb=master
http://xenbits.xen.org/gitweb/?p=osstest.git;a=blob;f=README;hb=master
Test harness code can be found at
http://xenbits.xen.org/gitweb?p=osstest.git;a=summary
Not pushing.
------------------------------------------------------------
commit 8867a48e058ab04bd269cab12ef4de5ee8ad5b7b
Author: Andrew Cooper <andrew.cooper3@citrix.com>
Date: Mon Dec 19 12:05:20 2016 +0000
x86/hvm: Don't emulate all instructions hitting the #UD intercept
Having the instruction emulator fill in all #UDs when using FEP is unhelpful
when trying to test emulation behaviour against hardware.
Restrict emulation from the #UD intercept to the cross-vendor case, and when a
postive Forced Emulation Prefix has been identified.
Signed-off-by: Andrew Cooper <andrew.cooper3@citrix.com>
Reviewed-by: Jan Beulich <jbeulich@suse.com>
commit eafc8ad471de861132b15e3268f72517c128a298
Author: Andrew Cooper <andrew.cooper3@citrix.com>
Date: Mon Dec 19 10:19:29 2016 +0000
x86/emul: Don't opencode CR0_TS in CLTS handling
Also replace implicit 0 checks with X86EMUL_OKAY
Signed-off-by: Andrew Cooper <andrew.cooper3@citrix.com>
Reviewed-by: Jan Beulich <jbeulich@suse.com>
(qemu changes not included)
_______________________________________________
Xen-devel mailing list
Xen-devel@lists.xen.org
https://lists.xen.org/xen-devel
^ permalink raw reply [flat|nested] only message in thread
only message in thread, other threads:[~2016-12-20 15:43 UTC | newest]
Thread overview: (only message) (download: mbox.gz follow: Atom feed
-- links below jump to the message on this page --
2016-12-20 15:43 [xen-unstable-smoke test] 103774: regressions - FAIL osstest service owner
This is a public inbox, see mirroring instructions
for how to clone and mirror all data and code used for this inbox;
as well as URLs for NNTP newsgroup(s).