From: osstest service owner <osstest-admin@xenproject.org>
To: xen-devel@lists.xensource.com, osstest-admin@xenproject.org
Subject: [xen-4.5-testing test] 103791: regressions - trouble: broken/fail/pass
Date: Thu, 22 Dec 2016 12:01:10 +0000 [thread overview]
Message-ID: <osstest-103791-mainreport@xen.org> (raw)
flight 103791 xen-4.5-testing real [real]
http://logs.test-lab.xenproject.org/osstest/logs/103791/
Regressions :-(
Tests which did not succeed and are blocking,
including tests which could not be run:
test-amd64-amd64-migrupgrade 3 host-install/src_host(3) broken REGR. vs. 103770
test-amd64-amd64-libvirt-pair 4 host-install/dst_host(4) broken REGR. vs. 103770
test-amd64-i386-xl-qemuu-winxpsp3 15 guest-localmigrate/x10 fail REGR. vs. 103770
Regressions which are regarded as allowable (not blocking):
test-amd64-i386-xl-qemut-win7-amd64 3 host-install(3) broken like 103770
test-amd64-amd64-xl-qemuu-win7-amd64 3 host-install(3) broken like 103770
test-amd64-i386-xl-qemuu-win7-amd64 16 guest-stop fail like 103755
test-xtf-amd64-amd64-3 53 leak-check/check fail like 103770
test-amd64-amd64-xl-rtds 6 xen-boot fail like 103770
test-xtf-amd64-amd64-2 53 leak-check/check fail like 103770
test-xtf-amd64-amd64-1 53 leak-check/check fail like 103770
test-armhf-armhf-libvirt 13 saverestore-support-check fail like 103770
test-xtf-amd64-amd64-4 53 leak-check/check fail like 103770
test-xtf-amd64-amd64-5 53 leak-check/check fail like 103770
test-armhf-armhf-xl-rtds 11 guest-start fail like 103770
test-amd64-amd64-xl-qemut-win7-amd64 16 guest-stop fail like 103770
Tests which did not succeed, but are not blocking:
test-xtf-amd64-amd64-2 18 xtf/test-hvm32-cpuid-faulting fail never pass
test-amd64-amd64-xl-pvh-intel 11 guest-start fail never pass
test-xtf-amd64-amd64-2 30 xtf/test-hvm32pae-cpuid-faulting fail never pass
test-amd64-i386-libvirt 12 migrate-support-check fail never pass
test-xtf-amd64-amd64-1 18 xtf/test-hvm32-cpuid-faulting fail never pass
test-xtf-amd64-amd64-2 36 xtf/test-hvm32pse-cpuid-faulting fail never pass
test-xtf-amd64-amd64-2 40 xtf/test-hvm64-cpuid-faulting fail never pass
test-xtf-amd64-amd64-4 18 xtf/test-hvm32-cpuid-faulting fail never pass
test-amd64-amd64-libvirt 12 migrate-support-check fail never pass
test-amd64-amd64-xl-pvh-amd 11 guest-start fail never pass
test-xtf-amd64-amd64-4 30 xtf/test-hvm32pae-cpuid-faulting fail never pass
test-xtf-amd64-amd64-5 18 xtf/test-hvm32-cpuid-faulting fail never pass
test-xtf-amd64-amd64-4 36 xtf/test-hvm32pse-cpuid-faulting fail never pass
test-xtf-amd64-amd64-4 40 xtf/test-hvm64-cpuid-faulting fail never pass
test-xtf-amd64-amd64-3 52 xtf/test-hvm64-xsa-195 fail never pass
test-armhf-armhf-xl-arndale 12 migrate-support-check fail never pass
test-armhf-armhf-xl-arndale 13 saverestore-support-check fail never pass
test-amd64-amd64-libvirt-vhd 11 migrate-support-check fail never pass
test-xtf-amd64-amd64-2 52 xtf/test-hvm64-xsa-195 fail never pass
test-xtf-amd64-amd64-5 30 xtf/test-hvm32pae-cpuid-faulting fail never pass
test-xtf-amd64-amd64-5 36 xtf/test-hvm32pse-cpuid-faulting fail never pass
test-xtf-amd64-amd64-1 30 xtf/test-hvm32pae-cpuid-faulting fail never pass
test-xtf-amd64-amd64-5 40 xtf/test-hvm64-cpuid-faulting fail never pass
test-xtf-amd64-amd64-1 36 xtf/test-hvm32pse-cpuid-faulting fail never pass
test-xtf-amd64-amd64-1 40 xtf/test-hvm64-cpuid-faulting fail never pass
test-amd64-amd64-qemuu-nested-amd 16 debian-hvm-install/l1/l2 fail never pass
test-armhf-armhf-xl-multivcpu 12 migrate-support-check fail never pass
test-armhf-armhf-xl-multivcpu 13 saverestore-support-check fail never pass
test-xtf-amd64-amd64-1 52 xtf/test-hvm64-xsa-195 fail never pass
test-armhf-armhf-xl-cubietruck 12 migrate-support-check fail never pass
test-armhf-armhf-xl-cubietruck 13 saverestore-support-check fail never pass
test-armhf-armhf-xl 12 migrate-support-check fail never pass
test-armhf-armhf-xl 13 saverestore-support-check fail never pass
test-xtf-amd64-amd64-4 52 xtf/test-hvm64-xsa-195 fail never pass
test-armhf-armhf-libvirt 12 migrate-support-check fail never pass
test-xtf-amd64-amd64-5 52 xtf/test-hvm64-xsa-195 fail never pass
test-armhf-armhf-xl-credit2 12 migrate-support-check fail never pass
test-armhf-armhf-xl-credit2 13 saverestore-support-check fail never pass
test-armhf-armhf-libvirt-qcow2 10 guest-start fail never pass
test-armhf-armhf-libvirt-raw 10 guest-start fail never pass
test-armhf-armhf-xl-vhd 10 guest-start fail never pass
version targeted for testing:
xen 0bd7faf010631d5bbebd2cf81c75a5f9ef635c51
baseline version:
xen e3426e23cac566d508902fc5f49c8fc054111cf0
Last test of basis 103770 2016-12-20 08:02:53 Z 2 days
Testing same since 103791 2016-12-21 17:09:09 Z 0 days 1 attempts
------------------------------------------------------------
People who touched revisions under test:
Jan Beulich <jbeulich@suse.com>
jobs:
build-amd64-xtf pass
build-amd64 pass
build-armhf pass
build-i386 pass
build-amd64-libvirt pass
build-armhf-libvirt pass
build-i386-libvirt pass
build-amd64-prev pass
build-i386-prev pass
build-amd64-pvops pass
build-armhf-pvops pass
build-i386-pvops pass
build-amd64-rumprun pass
build-i386-rumprun pass
test-xtf-amd64-amd64-1 fail
test-xtf-amd64-amd64-2 fail
test-xtf-amd64-amd64-3 fail
test-xtf-amd64-amd64-4 fail
test-xtf-amd64-amd64-5 fail
test-amd64-amd64-xl pass
test-armhf-armhf-xl pass
test-amd64-i386-xl pass
test-amd64-amd64-qemuu-nested-amd fail
test-amd64-amd64-xl-pvh-amd fail
test-amd64-i386-qemut-rhel6hvm-amd pass
test-amd64-i386-qemuu-rhel6hvm-amd pass
test-amd64-amd64-xl-qemut-debianhvm-amd64 pass
test-amd64-i386-xl-qemut-debianhvm-amd64 pass
test-amd64-amd64-xl-qemuu-debianhvm-amd64 pass
test-amd64-i386-xl-qemuu-debianhvm-amd64 pass
test-amd64-i386-freebsd10-amd64 pass
test-amd64-amd64-xl-qemuu-ovmf-amd64 pass
test-amd64-i386-xl-qemuu-ovmf-amd64 pass
test-amd64-amd64-rumprun-amd64 pass
test-amd64-amd64-xl-qemut-win7-amd64 fail
test-amd64-i386-xl-qemut-win7-amd64 broken
test-amd64-amd64-xl-qemuu-win7-amd64 broken
test-amd64-i386-xl-qemuu-win7-amd64 fail
test-armhf-armhf-xl-arndale pass
test-amd64-amd64-xl-credit2 pass
test-armhf-armhf-xl-credit2 pass
test-armhf-armhf-xl-cubietruck pass
test-amd64-i386-freebsd10-i386 pass
test-amd64-i386-rumprun-i386 pass
test-amd64-amd64-qemuu-nested-intel pass
test-amd64-amd64-xl-pvh-intel fail
test-amd64-i386-qemut-rhel6hvm-intel pass
test-amd64-i386-qemuu-rhel6hvm-intel pass
test-amd64-amd64-libvirt pass
test-armhf-armhf-libvirt pass
test-amd64-i386-libvirt pass
test-amd64-amd64-migrupgrade broken
test-amd64-i386-migrupgrade pass
test-amd64-amd64-xl-multivcpu pass
test-armhf-armhf-xl-multivcpu pass
test-amd64-amd64-pair pass
test-amd64-i386-pair pass
test-amd64-amd64-libvirt-pair broken
test-amd64-i386-libvirt-pair pass
test-amd64-amd64-amd64-pvgrub pass
test-amd64-amd64-i386-pvgrub pass
test-amd64-amd64-pygrub pass
test-armhf-armhf-libvirt-qcow2 fail
test-amd64-amd64-xl-qcow2 pass
test-armhf-armhf-libvirt-raw fail
test-amd64-i386-xl-raw pass
test-amd64-amd64-xl-rtds fail
test-armhf-armhf-xl-rtds fail
test-amd64-i386-xl-qemut-winxpsp3-vcpus1 pass
test-amd64-i386-xl-qemuu-winxpsp3-vcpus1 pass
test-amd64-amd64-libvirt-vhd pass
test-armhf-armhf-xl-vhd fail
test-amd64-amd64-xl-qemut-winxpsp3 pass
test-amd64-i386-xl-qemut-winxpsp3 pass
test-amd64-amd64-xl-qemuu-winxpsp3 pass
test-amd64-i386-xl-qemuu-winxpsp3 fail
------------------------------------------------------------
sg-report-flight on osstest.test-lab.xenproject.org
logs: /home/logs/logs
images: /home/logs/images
Logs, config files, etc. are available at
http://logs.test-lab.xenproject.org/osstest/logs
Explanation of these reports, and of osstest in general, is at
http://xenbits.xen.org/gitweb/?p=osstest.git;a=blob;f=README.email;hb=master
http://xenbits.xen.org/gitweb/?p=osstest.git;a=blob;f=README;hb=master
Test harness code can be found at
http://xenbits.xen.org/gitweb?p=osstest.git;a=summary
broken-step test-amd64-i386-xl-qemut-win7-amd64 host-install(3)
broken-step test-amd64-amd64-migrupgrade host-install/src_host(3)
broken-step test-amd64-amd64-xl-qemuu-win7-amd64 host-install(3)
broken-step test-amd64-amd64-libvirt-pair host-install/dst_host(4)
Not pushing.
------------------------------------------------------------
commit 0bd7faf010631d5bbebd2cf81c75a5f9ef635c51
Author: Jan Beulich <jbeulich@suse.com>
Date: Wed Dec 21 17:47:08 2016 +0100
x86: force EFLAGS.IF on when exiting to PV guests
Guest kernels modifying instructions in the process of being emulated
for another of their vCPU-s may effect EFLAGS.IF to be cleared upon
next exiting to guest context, by converting the being emulated
instruction to CLI (at the right point in time). Prevent any such bad
effects by always forcing EFLAGS.IF on. And to cover hypothetical other
similar issues, also force EFLAGS.{IOPL,NT,VM} to zero.
This is CVE-2016-10024 / XSA-202.
Signed-off-by: Jan Beulich <jbeulich@suse.com>
Reviewed-by: Andrew Cooper <andrew.cooper3@citrix.com>
master commit: 0e47f92b072548800223f9a21ea051a017173915
master date: 2016-12-21 16:46:13 +0100
(qemu changes not included)
_______________________________________________
Xen-devel mailing list
Xen-devel@lists.xen.org
https://lists.xen.org/xen-devel
reply other threads:[~2016-12-22 12:01 UTC|newest]
Thread overview: [no followups] expand[flat|nested] mbox.gz Atom feed
Reply instructions:
You may reply publicly to this message via plain-text email
using any one of the following methods:
* Save the following mbox file, import it into your mail client,
and reply-to-all from there: mbox
Avoid top-posting and favor interleaved quoting:
https://en.wikipedia.org/wiki/Posting_style#Interleaved_style
* Reply using the --to, --cc, and --in-reply-to
switches of git-send-email(1):
git send-email \
--in-reply-to=osstest-103791-mainreport@xen.org \
--to=osstest-admin@xenproject.org \
--cc=xen-devel@lists.xensource.com \
/path/to/YOUR_REPLY
https://kernel.org/pub/software/scm/git/docs/git-send-email.html
* If your mail client supports setting the In-Reply-To header
via mailto: links, try the mailto: link
Be sure your reply has a Subject: header at the top and a blank line
before the message body.
This is a public inbox, see mirroring instructions
for how to clone and mirror all data and code used for this inbox;
as well as URLs for NNTP newsgroup(s).