* [xen-4.4-testing test] 103796: regressions - FAIL
@ 2016-12-22 20:13 osstest service owner
0 siblings, 0 replies; only message in thread
From: osstest service owner @ 2016-12-22 20:13 UTC (permalink / raw)
To: xen-devel, osstest-admin
flight 103796 xen-4.4-testing real [real]
http://logs.test-lab.xenproject.org/osstest/logs/103796/
Regressions :-(
Tests which did not succeed and are blocking,
including tests which could not be run:
test-amd64-amd64-xl-qemuu-winxpsp3 15 guest-localmigrate/x10 fail REGR. vs. 103782
Regressions which are regarded as allowable (not blocking):
test-armhf-armhf-xl-multivcpu 15 guest-start/debian.repeat fail like 103756
test-xtf-amd64-amd64-4 16 xtf/test-pv32pae-selftest fail like 103782
test-xtf-amd64-amd64-2 16 xtf/test-pv32pae-selftest fail like 103782
test-xtf-amd64-amd64-3 20 xtf/test-hvm32-invlpg~shadow fail like 103782
test-xtf-amd64-amd64-3 32 xtf/test-hvm32pae-invlpg~shadow fail like 103782
test-xtf-amd64-amd64-2 53 leak-check/check fail like 103782
test-xtf-amd64-amd64-3 43 xtf/test-hvm64-invlpg~shadow fail like 103782
test-xtf-amd64-amd64-5 53 leak-check/check fail like 103782
test-amd64-amd64-xl-qemuu-win7-amd64 16 guest-stop fail like 103782
test-xtf-amd64-amd64-4 53 leak-check/check fail like 103782
test-xtf-amd64-amd64-3 53 leak-check/check fail like 103782
test-xtf-amd64-amd64-1 53 leak-check/check fail like 103782
test-amd64-i386-xl-qemut-win7-amd64 16 guest-stop fail like 103782
Tests which did not succeed, but are not blocking:
test-amd64-amd64-rumprun-amd64 1 build-check(1) blocked n/a
test-amd64-i386-rumprun-i386 1 build-check(1) blocked n/a
test-xtf-amd64-amd64-4 10 xtf-fep fail never pass
test-xtf-amd64-amd64-4 18 xtf/test-hvm32-cpuid-faulting fail never pass
test-xtf-amd64-amd64-1 10 xtf-fep fail never pass
test-xtf-amd64-amd64-1 16 xtf/test-pv32pae-selftest fail never pass
build-i386-rumprun 7 xen-build fail never pass
test-xtf-amd64-amd64-4 30 xtf/test-hvm32pae-cpuid-faulting fail never pass
build-amd64-rumprun 7 xen-build fail never pass
test-amd64-i386-libvirt 12 migrate-support-check fail never pass
test-xtf-amd64-amd64-1 18 xtf/test-hvm32-cpuid-faulting fail never pass
test-xtf-amd64-amd64-5 10 xtf-fep fail never pass
test-xtf-amd64-amd64-2 10 xtf-fep fail never pass
test-xtf-amd64-amd64-2 18 xtf/test-hvm32-cpuid-faulting fail never pass
test-xtf-amd64-amd64-4 36 xtf/test-hvm32pse-cpuid-faulting fail never pass
test-amd64-amd64-libvirt 12 migrate-support-check fail never pass
test-xtf-amd64-amd64-1 30 xtf/test-hvm32pae-cpuid-faulting fail never pass
test-xtf-amd64-amd64-4 40 xtf/test-hvm64-cpuid-faulting fail never pass
test-xtf-amd64-amd64-2 30 xtf/test-hvm32pae-cpuid-faulting fail never pass
test-armhf-armhf-libvirt-qcow2 9 debian-di-install fail never pass
test-xtf-amd64-amd64-2 36 xtf/test-hvm32pse-cpuid-faulting fail never pass
test-xtf-amd64-amd64-2 40 xtf/test-hvm64-cpuid-faulting fail never pass
test-armhf-armhf-xl-vhd 9 debian-di-install fail never pass
test-xtf-amd64-amd64-1 36 xtf/test-hvm32pse-cpuid-faulting fail never pass
test-xtf-amd64-amd64-3 10 xtf-fep fail never pass
test-armhf-armhf-libvirt-raw 9 debian-di-install fail never pass
test-amd64-amd64-qemuu-nested-intel 16 debian-hvm-install/l1/l2 fail never pass
test-armhf-armhf-xl-arndale 12 migrate-support-check fail never pass
test-armhf-armhf-xl-arndale 13 saverestore-support-check fail never pass
test-xtf-amd64-amd64-2 52 xtf/test-hvm64-xsa-195 fail never pass
test-xtf-amd64-amd64-1 40 xtf/test-hvm64-cpuid-faulting fail never pass
test-armhf-armhf-xl 12 migrate-support-check fail never pass
test-xtf-amd64-amd64-5 52 xtf/test-hvm64-xsa-195 fail never pass
test-amd64-amd64-qemuu-nested-amd 16 debian-hvm-install/l1/l2 fail never pass
test-armhf-armhf-xl-credit2 12 migrate-support-check fail never pass
test-armhf-armhf-xl-credit2 13 saverestore-support-check fail never pass
test-armhf-armhf-xl 13 saverestore-support-check fail never pass
test-xtf-amd64-amd64-4 52 xtf/test-hvm64-xsa-195 fail never pass
test-xtf-amd64-amd64-3 52 xtf/test-hvm64-xsa-195 fail never pass
test-amd64-amd64-libvirt-vhd 11 migrate-support-check fail never pass
test-xtf-amd64-amd64-1 52 xtf/test-hvm64-xsa-195 fail never pass
test-armhf-armhf-xl-cubietruck 12 migrate-support-check fail never pass
test-armhf-armhf-xl-cubietruck 13 saverestore-support-check fail never pass
test-armhf-armhf-xl-multivcpu 12 migrate-support-check fail never pass
test-armhf-armhf-xl-multivcpu 13 saverestore-support-check fail never pass
test-amd64-i386-xend-qemut-winxpsp3 20 leak-check/check fail never pass
test-armhf-armhf-libvirt 11 guest-start fail never pass
version targeted for testing:
xen 394ddc2de62cbcaf9d28cc7373fde175e6ba3a5d
baseline version:
xen 5a343e41f55d23c74fa3bdf430dacfa47a1a74d7
Last test of basis 103782 2016-12-21 12:15:00 Z 1 days
Testing same since 103796 2016-12-21 22:39:40 Z 0 days 1 attempts
------------------------------------------------------------
People who touched revisions under test:
Jan Beulich <jbeulich@suse.com>
jobs:
build-amd64-xend pass
build-i386-xend pass
build-amd64-xtf pass
build-amd64 pass
build-armhf pass
build-i386 pass
build-amd64-libvirt pass
build-armhf-libvirt pass
build-i386-libvirt pass
build-amd64-pvops pass
build-armhf-pvops pass
build-i386-pvops pass
build-amd64-rumprun fail
build-i386-rumprun fail
test-xtf-amd64-amd64-1 fail
test-xtf-amd64-amd64-2 fail
test-xtf-amd64-amd64-3 fail
test-xtf-amd64-amd64-4 fail
test-xtf-amd64-amd64-5 fail
test-amd64-amd64-xl pass
test-armhf-armhf-xl pass
test-amd64-i386-xl pass
test-amd64-amd64-qemuu-nested-amd fail
test-amd64-i386-qemut-rhel6hvm-amd pass
test-amd64-i386-qemuu-rhel6hvm-amd pass
test-amd64-amd64-xl-qemut-debianhvm-amd64 pass
test-amd64-i386-xl-qemut-debianhvm-amd64 pass
test-amd64-amd64-xl-qemuu-debianhvm-amd64 pass
test-amd64-i386-xl-qemuu-debianhvm-amd64 pass
test-amd64-i386-freebsd10-amd64 pass
test-amd64-amd64-xl-qemuu-ovmf-amd64 pass
test-amd64-i386-xl-qemuu-ovmf-amd64 pass
test-amd64-amd64-rumprun-amd64 blocked
test-amd64-amd64-xl-qemut-win7-amd64 pass
test-amd64-i386-xl-qemut-win7-amd64 fail
test-amd64-amd64-xl-qemuu-win7-amd64 fail
test-amd64-i386-xl-qemuu-win7-amd64 pass
test-armhf-armhf-xl-arndale pass
test-amd64-amd64-xl-credit2 pass
test-armhf-armhf-xl-credit2 pass
test-armhf-armhf-xl-cubietruck pass
test-amd64-i386-freebsd10-i386 pass
test-amd64-i386-rumprun-i386 blocked
test-amd64-amd64-qemuu-nested-intel fail
test-amd64-i386-qemut-rhel6hvm-intel pass
test-amd64-i386-qemuu-rhel6hvm-intel pass
test-amd64-amd64-libvirt pass
test-armhf-armhf-libvirt fail
test-amd64-i386-libvirt pass
test-amd64-amd64-xl-multivcpu pass
test-armhf-armhf-xl-multivcpu fail
test-amd64-amd64-pair pass
test-amd64-i386-pair pass
test-amd64-amd64-libvirt-pair pass
test-amd64-i386-libvirt-pair pass
test-amd64-amd64-pv pass
test-amd64-i386-pv pass
test-amd64-amd64-amd64-pvgrub pass
test-amd64-amd64-i386-pvgrub pass
test-amd64-amd64-pygrub pass
test-armhf-armhf-libvirt-qcow2 fail
test-amd64-amd64-xl-qcow2 pass
test-armhf-armhf-libvirt-raw fail
test-amd64-i386-xl-raw pass
test-amd64-i386-xl-qemut-winxpsp3-vcpus1 pass
test-amd64-i386-xl-qemuu-winxpsp3-vcpus1 pass
test-amd64-amd64-libvirt-vhd pass
test-armhf-armhf-xl-vhd fail
test-amd64-i386-xend-qemut-winxpsp3 fail
test-amd64-amd64-xl-qemut-winxpsp3 pass
test-amd64-amd64-xl-qemuu-winxpsp3 fail
------------------------------------------------------------
sg-report-flight on osstest.test-lab.xenproject.org
logs: /home/logs/logs
images: /home/logs/images
Logs, config files, etc. are available at
http://logs.test-lab.xenproject.org/osstest/logs
Explanation of these reports, and of osstest in general, is at
http://xenbits.xen.org/gitweb/?p=osstest.git;a=blob;f=README.email;hb=master
http://xenbits.xen.org/gitweb/?p=osstest.git;a=blob;f=README;hb=master
Test harness code can be found at
http://xenbits.xen.org/gitweb?p=osstest.git;a=summary
Not pushing.
------------------------------------------------------------
commit 394ddc2de62cbcaf9d28cc7373fde175e6ba3a5d
Author: Jan Beulich <jbeulich@suse.com>
Date: Wed Dec 21 17:48:43 2016 +0100
x86: force EFLAGS.IF on when exiting to PV guests
Guest kernels modifying instructions in the process of being emulated
for another of their vCPU-s may effect EFLAGS.IF to be cleared upon
next exiting to guest context, by converting the being emulated
instruction to CLI (at the right point in time). Prevent any such bad
effects by always forcing EFLAGS.IF on. And to cover hypothetical other
similar issues, also force EFLAGS.{IOPL,NT,VM} to zero.
This is CVE-2016-10024 / XSA-202.
Signed-off-by: Jan Beulich <jbeulich@suse.com>
Reviewed-by: Andrew Cooper <andrew.cooper3@citrix.com>
master commit: 0e47f92b072548800223f9a21ea051a017173915
master date: 2016-12-21 16:46:13 +0100
========================================
_______________________________________________
Xen-devel mailing list
Xen-devel@lists.xen.org
https://lists.xen.org/xen-devel
^ permalink raw reply [flat|nested] only message in thread
only message in thread, other threads:[~2016-12-22 20:13 UTC | newest]
Thread overview: (only message) (download: mbox.gz follow: Atom feed
-- links below jump to the message on this page --
2016-12-22 20:13 [xen-4.4-testing test] 103796: regressions - FAIL osstest service owner
This is a public inbox, see mirroring instructions
for how to clone and mirror all data and code used for this inbox;
as well as URLs for NNTP newsgroup(s).