* [linux-3.18 test] 103983: tolerable FAIL - PUSHED
@ 2016-12-28 18:15 osstest service owner
0 siblings, 0 replies; only message in thread
From: osstest service owner @ 2016-12-28 18:15 UTC (permalink / raw)
To: xen-devel, osstest-admin
flight 103983 linux-3.18 real [real]
http://logs.test-lab.xenproject.org/osstest/logs/103983/
Failures :-/ but no regressions.
Regressions which are regarded as allowable (not blocking):
test-amd64-amd64-xl-qemut-win7-amd64 16 guest-stop fail like 101675
test-armhf-armhf-libvirt-xsm 13 saverestore-support-check fail like 101675
test-amd64-i386-xl-qemut-win7-amd64 16 guest-stop fail like 101675
test-armhf-armhf-libvirt-raw 12 saverestore-support-check fail like 101675
test-amd64-i386-xl-qemuu-win7-amd64 16 guest-stop fail like 101675
test-amd64-amd64-xl-rtds 9 debian-install fail like 101675
test-armhf-armhf-libvirt 13 saverestore-support-check fail like 101675
test-armhf-armhf-libvirt-qcow2 12 saverestore-support-check fail like 101675
test-amd64-amd64-xl-qemuu-win7-amd64 16 guest-stop fail like 101675
Tests which did not succeed, but are not blocking:
test-amd64-amd64-libvirt 12 migrate-support-check fail never pass
test-amd64-amd64-libvirt-xsm 12 migrate-support-check fail never pass
test-amd64-amd64-libvirt-qemuu-debianhvm-amd64-xsm 10 migrate-support-check fail never pass
test-amd64-i386-libvirt-qemuu-debianhvm-amd64-xsm 10 migrate-support-check fail never pass
test-amd64-i386-libvirt-xsm 12 migrate-support-check fail never pass
test-amd64-i386-libvirt 12 migrate-support-check fail never pass
test-armhf-armhf-xl-arndale 12 migrate-support-check fail never pass
test-armhf-armhf-xl-arndale 13 saverestore-support-check fail never pass
test-amd64-amd64-xl-pvh-amd 11 guest-start fail never pass
test-armhf-armhf-xl-multivcpu 12 migrate-support-check fail never pass
test-armhf-armhf-xl-multivcpu 13 saverestore-support-check fail never pass
test-armhf-armhf-libvirt-xsm 12 migrate-support-check fail never pass
test-armhf-armhf-xl-cubietruck 12 migrate-support-check fail never pass
test-armhf-armhf-xl-cubietruck 13 saverestore-support-check fail never pass
test-armhf-armhf-xl 12 migrate-support-check fail never pass
test-amd64-amd64-xl-pvh-intel 14 guest-saverestore fail never pass
test-amd64-amd64-libvirt-vhd 11 migrate-support-check fail never pass
test-armhf-armhf-xl 13 saverestore-support-check fail never pass
test-armhf-armhf-xl-credit2 12 migrate-support-check fail never pass
test-armhf-armhf-xl-credit2 13 saverestore-support-check fail never pass
test-armhf-armhf-libvirt-raw 11 migrate-support-check fail never pass
test-amd64-amd64-qemuu-nested-amd 16 debian-hvm-install/l1/l2 fail never pass
test-armhf-armhf-xl-xsm 12 migrate-support-check fail never pass
test-armhf-armhf-xl-xsm 13 saverestore-support-check fail never pass
test-armhf-armhf-xl-rtds 12 migrate-support-check fail never pass
test-armhf-armhf-libvirt 12 migrate-support-check fail never pass
test-armhf-armhf-xl-rtds 13 saverestore-support-check fail never pass
test-armhf-armhf-libvirt-qcow2 11 migrate-support-check fail never pass
test-armhf-armhf-xl-vhd 11 migrate-support-check fail never pass
test-armhf-armhf-xl-vhd 12 saverestore-support-check fail never pass
version targeted for testing:
linux 1e20e732ffa107e21f2089ce56e32d99b9229944
baseline version:
linux a6846cfd266b48af1ee7c3c19d5cb60477ca4469
Last test of basis 101675 2016-10-26 03:40:44 Z 63 days
Failing since 102732 2016-11-30 09:50:09 Z 28 days 30 attempts
Testing same since 103983 2016-12-28 03:30:38 Z 0 days 1 attempts
------------------------------------------------------------
People who touched revisions under test:
Adrian Hunter <adrian.hunter@intel.com>
Alan Stern <stern@rowland.harvard.edu>
Alex Deucher <alexander.deucher@amd.com>
Alexander Usyskin <alexander.usyskin@intel.com>
Andreas Gruenbacher <agruenba@redhat.com>
Andreas Gruenbacher <andreas.gruenbacher@gmail.com>
Andrew Morton <akpm@linux-foundation.org>
Andy Lutomirski <luto@kernel.org>
Boris Brezillon <boris.brezillon@free-electrons.com>
Brian Norris <computersforpeace@gmail.com>
Bryan Paluch <bryanpaluch@gmail.com>
Ching Huang <ching2048@areca.com.tw>
Chris Mason <clm@fb.com>
Dan Carpenter <dan.carpenter@oracle.com>
Darrick J. Wong <darrick.wong@oracle.com>
Dave Chinner <david@fromorbit.com>
David Howells <dhowells@redhat.com>
David S. Miller <davem@davemloft.net>
Dinesh Israni <ddi@datera.io>
Dmitry Torokhov <dmitry.torokhov@gmail.com>
Dmitry Vyukov <dvyukov@google.com>
Eric Dumazet <edumazet@google.com>
Ewan D. Milne <emilne@redhat.com>
Felipe Balbi <felipe.balbi@linux.intel.com>
Frank Haverkamp <haver@linux.vnet.ibm.com>
Frederic Barrat <fbarrat@linux.vnet.ibm.com>
Gerald Schaefer <gerald.schaefer@de.ibm.com>
Greg Kroah-Hartman <gregkh@linuxfoundation.org>
Haibo Chen <haibo.chen@nxp.com>
Helge Deller <deller@gmx.de>
Herbert Xu <herbert@gondor.apana.org.au>
Hugh Dickins <hughd@google.com>
Ian Munsie <imunsie@au1.ibm.com>
Ingo Molnar <mingo@kernel.org>
J. Bruce Fields <bfields@redhat.com>
Jaganath Kanakkassery <jaganath.k@samsung.com>
James Hogan <james.hogan@imgtec.com>
James Morris <james.l.morris@oracle.com>
Jan Kara <jack@suse.cz>
Jens Axboe <axboe@fb.com>
Jiri Slaby <jslaby@suse.cz>
Johan Hovold <johan@kernel.org>
Johannes Berg <johannes.berg@intel.com>
John David Anglin <dave.anglin@bell.net>
Joonwoo Park <joonwoop@codeaurora.org>
K. Y. Srinivasan <kys@microsoft.com>
Karl Beldan <kbeldan@baylibre.com>
Kashyap Desai <kashyap.desai@broadcom.com>
Li Zefan <lizefan@huawei.com>
Linus Torvalds <torvalds@linux-foundation.org>
Long Li <longli@microsoft.com>
Lucas Stach <dev@lynxeye.de>
Marc Kleine-Budde <mkl@pengutronix.de>
Marcel Hasler <mahasler@gmail.com>
Marcel Holtmann <marcel@holtmann.org>
Martin K. Petersen <martin.petersen@oracle.com>
Mathias Nyman <mathias.nyman@linux.intel.com>
Matt Redfearn <matt.redfearn@imgtec.com>
Michael Ellerman <mpe@ellerman.id.au>
Michael S. Tsirkin <mst@redhat.com>
Michal Hocko <mhocko@suse.com>
Michal Marek <mmarek@suse.com>
Mike Snitzer <snitzer@redhat.com>
Miklos Szeredi <mszeredi@redhat.com>
Ming Lei <tom.leiming@gmail.com>
Neal Cardwell <ncardwell@google.com>
NeilBrown <neilb@suse.com>
Nicholas Bellinger <nab@linux-iscsi.org>
Nixon Vincent <nixon.vincent@calsoftinc.com>
Ondrej Kozina <okozina@redhat.com>
Paolo Bonzini <pbonzini@redhat.com>
Patrick Scheuring <patrick.scheuring.dev@gmail.com>
Pawel Moll <pawel.moll@arm.com>
Philip Pettersson <philip.pettersson@gmail.com>
Richard Weinberger <richard@nod.at>
Ritesh Raj Sarraf <rrs@researchut.com>
Rob Clark <robdclark@gmail.com>
Roger Quadros <rogerq@ti.com>
Russell King <rmk+kernel@arm.linux.org.uk>
Sasha Levin <alexander.levin@verizon.com>
Scot Doyle <lkml14@scotdoyle.com>
Sebastian Andrzej Siewior <bigeasy@linutronix.de>
Segher Boessenkool <segher@kernel.crashing.org>
Sergei Miroshnichenko <sergeimir@emcraft.com>
Shaohua Li <shli@fb.com>
Sonny Jiang <sonny.jiang@amd.com>
Stefan Richter <stefanr@s5r6.in-berlin.de>
Stefan Tauner <stefan.tauner@technikum-wien.at>
Sudeep Holla <sudeep.holla@arm.com>
Sumit Saxena <sumit.saxena@broadcom.com>
Taesoo Kim <tsgatesv@gmail.com>
Takashi Iwai <tiwai@suse.de>
tang.junhui <tang.junhui@zte.com.cn>
Tejun Heo <tj@kernel.org>
Theodore Ts'o <tytso@mit.edu>
Thomas Gleixner <tglx@linutronix.de>
Tom St Denis <tom.stdenis@amd.com>
Tomas Winkler <tomas.winkler@intel.com>
Ulf Hansson <ulf.hansson@linaro.org>
zhong jiang <zhongjiang@huawei.com>
jobs:
build-amd64-xsm pass
build-armhf-xsm pass
build-i386-xsm pass
build-amd64 pass
build-armhf pass
build-i386 pass
build-amd64-libvirt pass
build-armhf-libvirt pass
build-i386-libvirt pass
build-amd64-pvops pass
build-armhf-pvops pass
build-i386-pvops pass
build-amd64-rumprun pass
build-i386-rumprun pass
test-amd64-amd64-xl pass
test-armhf-armhf-xl pass
test-amd64-i386-xl pass
test-amd64-amd64-xl-qemut-debianhvm-amd64-xsm pass
test-amd64-i386-xl-qemut-debianhvm-amd64-xsm pass
test-amd64-amd64-libvirt-qemuu-debianhvm-amd64-xsm pass
test-amd64-i386-libvirt-qemuu-debianhvm-amd64-xsm pass
test-amd64-amd64-xl-qemuu-debianhvm-amd64-xsm pass
test-amd64-i386-xl-qemuu-debianhvm-amd64-xsm pass
test-amd64-amd64-xl-qemut-stubdom-debianhvm-amd64-xsm pass
test-amd64-i386-xl-qemut-stubdom-debianhvm-amd64-xsm pass
test-amd64-amd64-libvirt-xsm pass
test-armhf-armhf-libvirt-xsm pass
test-amd64-i386-libvirt-xsm pass
test-amd64-amd64-xl-xsm pass
test-armhf-armhf-xl-xsm pass
test-amd64-i386-xl-xsm pass
test-amd64-amd64-qemuu-nested-amd fail
test-amd64-amd64-xl-pvh-amd fail
test-amd64-i386-qemut-rhel6hvm-amd pass
test-amd64-i386-qemuu-rhel6hvm-amd pass
test-amd64-amd64-xl-qemut-debianhvm-amd64 pass
test-amd64-i386-xl-qemut-debianhvm-amd64 pass
test-amd64-amd64-xl-qemuu-debianhvm-amd64 pass
test-amd64-i386-xl-qemuu-debianhvm-amd64 pass
test-amd64-i386-freebsd10-amd64 pass
test-amd64-amd64-xl-qemuu-ovmf-amd64 pass
test-amd64-i386-xl-qemuu-ovmf-amd64 pass
test-amd64-amd64-rumprun-amd64 pass
test-amd64-amd64-xl-qemut-win7-amd64 fail
test-amd64-i386-xl-qemut-win7-amd64 fail
test-amd64-amd64-xl-qemuu-win7-amd64 fail
test-amd64-i386-xl-qemuu-win7-amd64 fail
test-armhf-armhf-xl-arndale pass
test-amd64-amd64-xl-credit2 pass
test-armhf-armhf-xl-credit2 pass
test-armhf-armhf-xl-cubietruck pass
test-amd64-i386-freebsd10-i386 pass
test-amd64-i386-rumprun-i386 pass
test-amd64-amd64-qemuu-nested-intel pass
test-amd64-amd64-xl-pvh-intel fail
test-amd64-i386-qemut-rhel6hvm-intel pass
test-amd64-i386-qemuu-rhel6hvm-intel pass
test-amd64-amd64-libvirt pass
test-armhf-armhf-libvirt pass
test-amd64-i386-libvirt pass
test-amd64-amd64-xl-multivcpu pass
test-armhf-armhf-xl-multivcpu pass
test-amd64-amd64-pair pass
test-amd64-i386-pair pass
test-amd64-amd64-libvirt-pair pass
test-amd64-i386-libvirt-pair pass
test-amd64-amd64-amd64-pvgrub pass
test-amd64-amd64-i386-pvgrub pass
test-amd64-amd64-pygrub pass
test-armhf-armhf-libvirt-qcow2 pass
test-amd64-amd64-xl-qcow2 pass
test-armhf-armhf-libvirt-raw pass
test-amd64-i386-xl-raw pass
test-amd64-amd64-xl-rtds fail
test-armhf-armhf-xl-rtds pass
test-amd64-i386-xl-qemut-winxpsp3-vcpus1 pass
test-amd64-i386-xl-qemuu-winxpsp3-vcpus1 pass
test-amd64-amd64-libvirt-vhd pass
test-armhf-armhf-xl-vhd pass
test-amd64-amd64-xl-qemut-winxpsp3 pass
test-amd64-i386-xl-qemut-winxpsp3 pass
test-amd64-amd64-xl-qemuu-winxpsp3 pass
test-amd64-i386-xl-qemuu-winxpsp3 pass
------------------------------------------------------------
sg-report-flight on osstest.test-lab.xenproject.org
logs: /home/logs/logs
images: /home/logs/images
Logs, config files, etc. are available at
http://logs.test-lab.xenproject.org/osstest/logs
Explanation of these reports, and of osstest in general, is at
http://xenbits.xen.org/gitweb/?p=osstest.git;a=blob;f=README.email;hb=master
http://xenbits.xen.org/gitweb/?p=osstest.git;a=blob;f=README;hb=master
Test harness code can be found at
http://xenbits.xen.org/gitweb?p=osstest.git;a=summary
Pushing revision :
+ branch=linux-3.18
+ revision=1e20e732ffa107e21f2089ce56e32d99b9229944
+ . ./cri-lock-repos
++ . ./cri-common
+++ . ./cri-getconfig
+++ umask 002
+++ getrepos
++++ getconfig Repos
++++ perl -e '
use Osstest;
readglobalconfig();
print $c{"Repos"} or die $!;
'
+++ local repos=/home/osstest/repos
+++ '[' -z /home/osstest/repos ']'
+++ '[' '!' -d /home/osstest/repos ']'
+++ echo /home/osstest/repos
++ repos=/home/osstest/repos
++ repos_lock=/home/osstest/repos/lock
++ '[' x '!=' x/home/osstest/repos/lock ']'
++ OSSTEST_REPOS_LOCK_LOCKED=/home/osstest/repos/lock
++ exec with-lock-ex -w /home/osstest/repos/lock ./ap-push linux-3.18 1e20e732ffa107e21f2089ce56e32d99b9229944
+ branch=linux-3.18
+ revision=1e20e732ffa107e21f2089ce56e32d99b9229944
+ . ./cri-lock-repos
++ . ./cri-common
+++ . ./cri-getconfig
+++ umask 002
+++ getrepos
++++ getconfig Repos
++++ perl -e '
use Osstest;
readglobalconfig();
print $c{"Repos"} or die $!;
'
+++ local repos=/home/osstest/repos
+++ '[' -z /home/osstest/repos ']'
+++ '[' '!' -d /home/osstest/repos ']'
+++ echo /home/osstest/repos
++ repos=/home/osstest/repos
++ repos_lock=/home/osstest/repos/lock
++ '[' x/home/osstest/repos/lock '!=' x/home/osstest/repos/lock ']'
+ . ./cri-common
++ . ./cri-getconfig
++ umask 002
+ select_xenbranch
+ case "$branch" in
+ tree=linux
+ xenbranch=xen-unstable
+ '[' xlinux = xlinux ']'
+ linuxbranch=linux-3.18
+ '[' x = x ']'
+ qemuubranch=qemu-upstream-unstable
+ select_prevxenbranch
++ ./cri-getprevxenbranch xen-unstable
+ prevxenbranch=xen-4.8-testing
+ '[' x1e20e732ffa107e21f2089ce56e32d99b9229944 = x ']'
+ : tested/2.6.39.x
+ . ./ap-common
++ : osstest@xenbits.xen.org
+++ getconfig OsstestUpstream
+++ perl -e '
use Osstest;
readglobalconfig();
print $c{"OsstestUpstream"} or die $!;
'
++ :
++ : git://xenbits.xen.org/xen.git
++ : osstest@xenbits.xen.org:/home/xen/git/xen.git
++ : git://xenbits.xen.org/qemu-xen-traditional.git
++ : git://git.kernel.org
++ : git://git.kernel.org/pub/scm/linux/kernel/git
++ : git
++ : git://xenbits.xen.org/xtf.git
++ : osstest@xenbits.xen.org:/home/xen/git/xtf.git
++ : git://xenbits.xen.org/xtf.git
++ : git://xenbits.xen.org/libvirt.git
++ : osstest@xenbits.xen.org:/home/xen/git/libvirt.git
++ : git://xenbits.xen.org/libvirt.git
++ : git://xenbits.xen.org/osstest/rumprun.git
++ : git
++ : git://xenbits.xen.org/osstest/rumprun.git
++ : osstest@xenbits.xen.org:/home/xen/git/osstest/rumprun.git
++ : git://git.seabios.org/seabios.git
++ : osstest@xenbits.xen.org:/home/xen/git/osstest/seabios.git
++ : git://xenbits.xen.org/osstest/seabios.git
++ : https://github.com/tianocore/edk2.git
++ : osstest@xenbits.xen.org:/home/xen/git/osstest/ovmf.git
++ : git://xenbits.xen.org/osstest/ovmf.git
++ : git://xenbits.xen.org/osstest/linux-firmware.git
++ : osstest@xenbits.xen.org:/home/osstest/ext/linux-firmware.git
++ : git://git.kernel.org/pub/scm/linux/kernel/git/firmware/linux-firmware.git
++ : osstest@xenbits.xen.org:/home/xen/git/linux-pvops.git
++ : git://xenbits.xen.org/linux-pvops.git
++ : tested/linux-3.14
++ : tested/linux-arm-xen
++ '[' xgit://git.kernel.org/pub/scm/linux/kernel/git/stable/linux-stable.git = x ']'
++ '[' xgit://git.kernel.org/pub/scm/linux/kernel/git/stable/linux-stable.git = x ']'
++ : git://git.kernel.org/pub/scm/linux/kernel/git/konrad/xen.git
++ : tested/2.6.39.x
++ : daily-cron.linux-3.18
++ : daily-cron.linux-3.18
++ : daily-cron.linux-3.18
++ : daily-cron.linux-3.18
++ : daily-cron.linux-3.18
++ : daily-cron.linux-3.18
++ : daily-cron.linux-3.18
++ : http://hg.uk.xensource.com/carbon/trunk/linux-2.6.27
++ : git://xenbits.xen.org/qemu-xen.git
++ : osstest@xenbits.xen.org:/home/xen/git/qemu-xen.git
++ : daily-cron.linux-3.18
++ : git://xenbits.xen.org/qemu-xen.git
++ : git://git.qemu.org/qemu.git
+ TREE_LINUX=osstest@xenbits.xen.org:/home/xen/git/linux-pvops.git
+ TREE_QEMU_UPSTREAM=osstest@xenbits.xen.org:/home/xen/git/qemu-xen.git
+ TREE_XEN=osstest@xenbits.xen.org:/home/xen/git/xen.git
+ TREE_LIBVIRT=osstest@xenbits.xen.org:/home/xen/git/libvirt.git
+ TREE_RUMPRUN=osstest@xenbits.xen.org:/home/xen/git/osstest/rumprun.git
+ TREE_SEABIOS=osstest@xenbits.xen.org:/home/xen/git/osstest/seabios.git
+ TREE_OVMF=osstest@xenbits.xen.org:/home/xen/git/osstest/ovmf.git
+ TREE_XTF=osstest@xenbits.xen.org:/home/xen/git/xtf.git
+ info_linux_tree linux-3.18
+ case $1 in
+ : git://git.kernel.org/pub/scm/linux/kernel/git/stable/linux-stable.git
+ : linux-3.18.y
+ : linux-3.18.y
+ : git
+ : git
+ : git://xenbits.xen.org/linux-pvops.git
+ : osstest@xenbits.xen.org:/home/xen/git/linux-pvops.git
+ : tested/linux-3.18
+ : refs/heads/tested/linux-3.18
+ return 0
+ cd /home/osstest/repos/linux
+ git push osstest@xenbits.xen.org:/home/xen/git/linux-pvops.git 1e20e732ffa107e21f2089ce56e32d99b9229944:refs/heads/tested/linux-3.18
To osstest@xenbits.xen.org:/home/xen/git/linux-pvops.git
a6846cf..1e20e73 1e20e732ffa107e21f2089ce56e32d99b9229944 -> tested/linux-3.18
+ exit 0
_______________________________________________
Xen-devel mailing list
Xen-devel@lists.xen.org
https://lists.xen.org/xen-devel
^ permalink raw reply [flat|nested] only message in thread
only message in thread, other threads:[~2016-12-28 18:15 UTC | newest]
Thread overview: (only message) (download: mbox.gz follow: Atom feed
-- links below jump to the message on this page --
2016-12-28 18:15 [linux-3.18 test] 103983: tolerable FAIL - PUSHED osstest service owner
This is a public inbox, see mirroring instructions
for how to clone and mirror all data and code used for this inbox;
as well as URLs for NNTP newsgroup(s).