From mboxrd@z Thu Jan 1 00:00:00 1970 From: osstest service owner Subject: [linux-4.1 test] 103991: regressions - FAIL Date: Thu, 29 Dec 2016 01:43:48 +0000 Message-ID: Mime-Version: 1.0 Content-Type: multipart/mixed; boundary="===============7126340296147987495==" Return-path: List-Unsubscribe: , List-Post: List-Help: List-Subscribe: , Errors-To: xen-devel-bounces@lists.xen.org Sender: "Xen-devel" To: xen-devel@lists.xensource.com, osstest-admin@xenproject.org List-Id: xen-devel@lists.xenproject.org --===============7126340296147987495== Content-Type: text/plain flight 103991 linux-4.1 real [real] http://logs.test-lab.xenproject.org/osstest/logs/103991/ Regressions :-( Tests which did not succeed and are blocking, including tests which could not be run: test-armhf-armhf-libvirt 11 guest-start fail REGR. vs. 101737 Regressions which are regarded as allowable (not blocking): test-armhf-armhf-xl-credit2 15 guest-start/debian.repeat fail like 101687 test-armhf-armhf-xl-cubietruck 15 guest-start/debian.repeat fail like 101715 test-armhf-armhf-xl-xsm 15 guest-start/debian.repeat fail like 101715 test-armhf-armhf-libvirt-xsm 13 saverestore-support-check fail like 101737 test-amd64-i386-xl-qemut-win7-amd64 16 guest-stop fail like 101737 test-armhf-armhf-xl 15 guest-start/debian.repeat fail like 101737 test-armhf-armhf-xl-multivcpu 15 guest-start/debian.repeat fail like 101737 test-armhf-armhf-libvirt-xsm 15 guest-start/debian.repeat fail like 101737 test-amd64-amd64-xl-qemuu-win7-amd64 16 guest-stop fail like 101737 test-amd64-amd64-xl-qemut-win7-amd64 16 guest-stop fail like 101737 test-armhf-armhf-xl-rtds 11 guest-start fail like 101737 test-armhf-armhf-xl-vhd 9 debian-di-install fail like 101737 test-armhf-armhf-libvirt-qcow2 9 debian-di-install fail like 101737 test-amd64-i386-xl-qemuu-win7-amd64 16 guest-stop fail like 101737 Tests which did not succeed, but are not blocking: test-amd64-amd64-xl-pvh-intel 14 guest-saverestore fail never pass test-amd64-amd64-libvirt 12 migrate-support-check fail never pass test-amd64-amd64-libvirt-xsm 12 migrate-support-check fail never pass test-amd64-i386-libvirt-xsm 12 migrate-support-check fail never pass test-amd64-i386-libvirt 12 migrate-support-check fail never pass test-amd64-amd64-xl-pvh-amd 11 guest-start fail never pass test-amd64-amd64-libvirt-qemuu-debianhvm-amd64-xsm 10 migrate-support-check fail never pass test-amd64-i386-libvirt-qemuu-debianhvm-amd64-xsm 10 migrate-support-check fail never pass test-amd64-amd64-libvirt-vhd 11 migrate-support-check fail never pass test-armhf-armhf-libvirt-xsm 12 migrate-support-check fail never pass test-amd64-amd64-qemuu-nested-amd 16 debian-hvm-install/l1/l2 fail never pass test-armhf-armhf-xl 12 migrate-support-check fail never pass test-armhf-armhf-xl-cubietruck 12 migrate-support-check fail never pass test-armhf-armhf-xl-cubietruck 13 saverestore-support-check fail never pass test-armhf-armhf-xl 13 saverestore-support-check fail never pass test-armhf-armhf-xl-credit2 12 migrate-support-check fail never pass test-armhf-armhf-xl-credit2 13 saverestore-support-check fail never pass test-armhf-armhf-xl-multivcpu 12 migrate-support-check fail never pass test-armhf-armhf-xl-multivcpu 13 saverestore-support-check fail never pass test-armhf-armhf-xl-xsm 12 migrate-support-check fail never pass test-armhf-armhf-xl-xsm 13 saverestore-support-check fail never pass test-armhf-armhf-xl-arndale 12 migrate-support-check fail never pass test-armhf-armhf-xl-arndale 13 saverestore-support-check fail never pass test-armhf-armhf-libvirt-raw 9 debian-di-install fail never pass version targeted for testing: linux 35327468a79dd9e343eaf7e66cc372f8277b2a84 baseline version: linux 9ca365c0c8bdd8552ec064f0e696600cf7ea66dd Last test of basis 101737 2016-10-28 04:21:54 Z 61 days Failing since 102733 2016-11-30 09:50:09 Z 28 days 31 attempts Testing same since 103978 2016-12-27 22:45:26 Z 1 days 3 attempts ------------------------------------------------------------ People who touched revisions under test: "Eric W. Biederman" Adrian Hunter Alan Stern Alex Deucher Alexander Polakov Alexander Usyskin Andreas Dilger Andreas Gruenbacher Andreas Gruenbacher Andrew Morton Andy Lutomirski Arve Hjønnevåg Boris Brezillon Brian Norris Bryan Paluch CAI Qian Carlos Santa Carlos Santa (v1) Ching Huang Chris Mason Dan Carpenter Daniel Vetter Darrick J. Wong Dave Airlie Dave Chinner Dave Chinner David Howells David S. Miller Dinesh Israni Dmitry Torokhov Dmitry Vyukov Eric Dumazet Eric W. Biederman Ewan D. Milne Felipe Balbi Frank Haverkamp Frederic Barrat Gerald Schaefer Greg Kroah-Hartman Haibo Chen Hannes Frederic Sowa Helge Deller Hugh Dickins Ian Munsie Ilya Dryomov Ingo Molnar J. Bruce Fields Jaganath Kanakkassery James Hogan James Morris Jan Kara Jann Horn Jens Axboe Jiri Slaby Johan Hovold Johannes Berg John David Anglin Joonwoo Park K. Y. Srinivasan Karl Beldan Kashyap Desai Kees Cook Kirill A. Shutemov Kirill A. Shutemov (v1) Li Zefan Linus Torvalds Long Li Lucas Stach Marc Kleine-Budde Marc Zyngier Marcel Hasler Marcel Holtmann Mark Rutland Martijn Coenen Martin K. Petersen Mathias Nyman Matt Redfearn Michael Ellerman Michael S. Tsirkin Michal Hocko Michal Kubecek Michal Kubeček Michal Marek Michel Dänzer Mike Snitzer Miklos Szeredi Ming Lei Neal Cardwell NeilBrown Nicholas Bellinger Nikolay Borisov Nixon Vincent Ondrej Kozina Paolo Bonzini Patrick Scheuring Pawel Moll Peter Rosin Philip Pettersson Philipp Hahn Radim Krčmář Ralph Sennhauser Richard Weinberger Ritesh Raj Sarraf Rob Clark Roger Quadros Russell King Sabrina Dubroca Sasha Levin Scot Doyle Sebastian Andrzej Siewior Segher Boessenkool Sergei Miroshnichenko Shaohua Li Sonny Jiang Stefan Richter Stefan Tauner Sudeep Holla Sumit Saxena Taesoo Kim Takashi Iwai tang.junhui Tejun Heo Theodore Ts'o Thomas Gleixner Tom St Denis Tomas Winkler Tony Luck Ulf Hansson Vaibhav Tandon Ville Syrjälä Vladimir Davydov Vladimir Murzin Will Deacon Ying Xue zhong jiang jobs: build-amd64-xsm pass build-armhf-xsm pass build-i386-xsm pass build-amd64 pass build-armhf pass build-i386 pass build-amd64-libvirt pass build-armhf-libvirt pass build-i386-libvirt pass build-amd64-pvops pass build-armhf-pvops pass build-i386-pvops pass build-amd64-rumprun pass build-i386-rumprun pass test-amd64-amd64-xl pass test-armhf-armhf-xl fail test-amd64-i386-xl pass test-amd64-amd64-xl-qemut-debianhvm-amd64-xsm pass test-amd64-i386-xl-qemut-debianhvm-amd64-xsm pass test-amd64-amd64-libvirt-qemuu-debianhvm-amd64-xsm pass test-amd64-i386-libvirt-qemuu-debianhvm-amd64-xsm pass test-amd64-amd64-xl-qemuu-debianhvm-amd64-xsm pass test-amd64-i386-xl-qemuu-debianhvm-amd64-xsm pass test-amd64-amd64-xl-qemut-stubdom-debianhvm-amd64-xsm pass test-amd64-i386-xl-qemut-stubdom-debianhvm-amd64-xsm pass test-amd64-amd64-libvirt-xsm pass test-armhf-armhf-libvirt-xsm fail test-amd64-i386-libvirt-xsm pass test-amd64-amd64-xl-xsm pass test-armhf-armhf-xl-xsm fail test-amd64-i386-xl-xsm pass test-amd64-amd64-qemuu-nested-amd fail test-amd64-amd64-xl-pvh-amd fail test-amd64-i386-qemut-rhel6hvm-amd pass test-amd64-i386-qemuu-rhel6hvm-amd pass test-amd64-amd64-xl-qemut-debianhvm-amd64 pass test-amd64-i386-xl-qemut-debianhvm-amd64 pass test-amd64-amd64-xl-qemuu-debianhvm-amd64 pass test-amd64-i386-xl-qemuu-debianhvm-amd64 pass test-amd64-i386-freebsd10-amd64 pass test-amd64-amd64-xl-qemuu-ovmf-amd64 pass test-amd64-i386-xl-qemuu-ovmf-amd64 pass test-amd64-amd64-rumprun-amd64 pass test-amd64-amd64-xl-qemut-win7-amd64 fail test-amd64-i386-xl-qemut-win7-amd64 fail test-amd64-amd64-xl-qemuu-win7-amd64 fail test-amd64-i386-xl-qemuu-win7-amd64 fail test-armhf-armhf-xl-arndale pass test-amd64-amd64-xl-credit2 pass test-armhf-armhf-xl-credit2 fail test-armhf-armhf-xl-cubietruck fail test-amd64-i386-freebsd10-i386 pass test-amd64-i386-rumprun-i386 pass test-amd64-amd64-qemuu-nested-intel pass test-amd64-amd64-xl-pvh-intel fail test-amd64-i386-qemut-rhel6hvm-intel pass test-amd64-i386-qemuu-rhel6hvm-intel pass test-amd64-amd64-libvirt pass test-armhf-armhf-libvirt fail test-amd64-i386-libvirt pass test-amd64-amd64-xl-multivcpu pass test-armhf-armhf-xl-multivcpu fail test-amd64-amd64-pair pass test-amd64-i386-pair pass test-amd64-amd64-libvirt-pair pass test-amd64-i386-libvirt-pair pass test-amd64-amd64-amd64-pvgrub pass test-amd64-amd64-i386-pvgrub pass test-amd64-amd64-pygrub pass test-armhf-armhf-libvirt-qcow2 fail test-amd64-amd64-xl-qcow2 pass test-armhf-armhf-libvirt-raw fail test-amd64-i386-xl-raw pass test-amd64-amd64-xl-rtds pass test-armhf-armhf-xl-rtds fail test-amd64-i386-xl-qemut-winxpsp3-vcpus1 pass test-amd64-i386-xl-qemuu-winxpsp3-vcpus1 pass test-amd64-amd64-libvirt-vhd pass test-armhf-armhf-xl-vhd fail test-amd64-amd64-xl-qemut-winxpsp3 pass test-amd64-i386-xl-qemut-winxpsp3 pass test-amd64-amd64-xl-qemuu-winxpsp3 pass test-amd64-i386-xl-qemuu-winxpsp3 pass ------------------------------------------------------------ sg-report-flight on osstest.test-lab.xenproject.org logs: /home/logs/logs images: /home/logs/images Logs, config files, etc. are available at http://logs.test-lab.xenproject.org/osstest/logs Explanation of these reports, and of osstest in general, is at http://xenbits.xen.org/gitweb/?p=osstest.git;a=blob;f=README.email;hb=master http://xenbits.xen.org/gitweb/?p=osstest.git;a=blob;f=README;hb=master Test harness code can be found at http://xenbits.xen.org/gitweb?p=osstest.git;a=summary Not pushing. (No revision log; it would be 2796 lines long.) --===============7126340296147987495== Content-Type: text/plain; charset="utf-8" MIME-Version: 1.0 Content-Transfer-Encoding: base64 Content-Disposition: inline X19fX19fX19fX19fX19fX19fX19fX19fX19fX19fX19fX19fX19fX19fX19fX18KWGVuLWRldmVs IG1haWxpbmcgbGlzdApYZW4tZGV2ZWxAbGlzdHMueGVuLm9yZwpodHRwczovL2xpc3RzLnhlbi5v cmcveGVuLWRldmVsCg== --===============7126340296147987495==--