xen-devel.lists.xenproject.org archive mirror
 help / color / mirror / Atom feed
From: osstest service owner <osstest-admin@xenproject.org>
To: xen-devel@lists.xensource.com, osstest-admin@xenproject.org
Subject: [linux-4.1 test] 103995: tolerable FAIL - PUSHED
Date: Thu, 29 Dec 2016 12:03:47 +0000	[thread overview]
Message-ID: <osstest-103995-mainreport@xen.org> (raw)

[-- Attachment #1: Type: text/plain, Size: 21620 bytes --]

flight 103995 linux-4.1 real [real]
http://logs.test-lab.xenproject.org/osstest/logs/103995/

Failures :-/ but no regressions.

Tests which are failing intermittently (not blocking):
 test-armhf-armhf-libvirt     11 guest-start      fail in 103991 pass in 103995
 test-armhf-armhf-libvirt-xsm 11 guest-start                fail pass in 103991
 test-armhf-armhf-xl-arndale  10 debian-fixup               fail pass in 103991

Regressions which are regarded as allowable (not blocking):
 test-armhf-armhf-xl-xsm 15 guest-start/debian.repeat fail in 103991 like 101715
 test-armhf-armhf-libvirt-xsm 13 saverestore-support-check fail in 103991 like 101737
 test-armhf-armhf-libvirt-xsm 15 guest-start/debian.repeat fail in 103991 like 101737
 test-armhf-armhf-xl-rtds     11 guest-start         fail in 103991 like 101737
 test-armhf-armhf-libvirt     15 guest-start/debian.repeat    fail  like 101672
 test-armhf-armhf-xl-credit2  15 guest-start/debian.repeat    fail  like 101687
 test-armhf-armhf-xl-cubietruck 15 guest-start/debian.repeat   fail like 101715
 test-armhf-armhf-xl-rtds     15 guest-start/debian.repeat    fail  like 101715
 test-armhf-armhf-libvirt     13 saverestore-support-check    fail  like 101737
 test-amd64-i386-xl-qemut-win7-amd64 16 guest-stop             fail like 101737
 test-armhf-armhf-xl          15 guest-start/debian.repeat    fail  like 101737
 test-armhf-armhf-xl-xsm      11 guest-start                  fail  like 101737
 test-armhf-armhf-xl-multivcpu 15 guest-start/debian.repeat    fail like 101737
 test-amd64-amd64-xl-qemuu-win7-amd64 16 guest-stop            fail like 101737
 test-amd64-amd64-xl-qemut-win7-amd64 16 guest-stop            fail like 101737
 test-armhf-armhf-xl-vhd       9 debian-di-install            fail  like 101737
 test-armhf-armhf-libvirt-qcow2  9 debian-di-install           fail like 101737
 test-amd64-i386-xl-qemuu-win7-amd64 16 guest-stop             fail like 101737

Tests which did not succeed, but are not blocking:
 test-armhf-armhf-libvirt-xsm 12 migrate-support-check fail in 103991 never pass
 test-armhf-armhf-xl-xsm     12 migrate-support-check fail in 103991 never pass
 test-armhf-armhf-xl-xsm 13 saverestore-support-check fail in 103991 never pass
 test-armhf-armhf-xl-arndale 12 migrate-support-check fail in 103991 never pass
 test-armhf-armhf-xl-arndale 13 saverestore-support-check fail in 103991 never pass
 test-amd64-amd64-xl-pvh-intel 14 guest-saverestore            fail  never pass
 test-amd64-amd64-libvirt     12 migrate-support-check        fail   never pass
 test-amd64-amd64-libvirt-xsm 12 migrate-support-check        fail   never pass
 test-amd64-i386-libvirt-xsm  12 migrate-support-check        fail   never pass
 test-amd64-i386-libvirt      12 migrate-support-check        fail   never pass
 test-amd64-amd64-xl-pvh-amd  11 guest-start                  fail   never pass
 test-amd64-amd64-libvirt-qemuu-debianhvm-amd64-xsm 10 migrate-support-check fail never pass
 test-amd64-i386-libvirt-qemuu-debianhvm-amd64-xsm 10 migrate-support-check fail never pass
 test-amd64-amd64-libvirt-vhd 11 migrate-support-check        fail   never pass
 test-armhf-armhf-libvirt     12 migrate-support-check        fail   never pass
 test-amd64-amd64-qemuu-nested-amd 16 debian-hvm-install/l1/l2  fail never pass
 test-armhf-armhf-xl          12 migrate-support-check        fail   never pass
 test-armhf-armhf-xl-cubietruck 12 migrate-support-check        fail never pass
 test-armhf-armhf-xl-cubietruck 13 saverestore-support-check    fail never pass
 test-armhf-armhf-xl          13 saverestore-support-check    fail   never pass
 test-armhf-armhf-xl-credit2  12 migrate-support-check        fail   never pass
 test-armhf-armhf-xl-credit2  13 saverestore-support-check    fail   never pass
 test-armhf-armhf-xl-multivcpu 12 migrate-support-check        fail  never pass
 test-armhf-armhf-xl-multivcpu 13 saverestore-support-check    fail  never pass
 test-armhf-armhf-xl-rtds     12 migrate-support-check        fail   never pass
 test-armhf-armhf-xl-rtds     13 saverestore-support-check    fail   never pass
 test-armhf-armhf-libvirt-raw  9 debian-di-install            fail   never pass

version targeted for testing:
 linux                35327468a79dd9e343eaf7e66cc372f8277b2a84
baseline version:
 linux                9ca365c0c8bdd8552ec064f0e696600cf7ea66dd

Last test of basis   101737  2016-10-28 04:21:54 Z   62 days
Failing since        102733  2016-11-30 09:50:09 Z   29 days   32 attempts
Testing same since   103978  2016-12-27 22:45:26 Z    1 days    4 attempts

------------------------------------------------------------
People who touched revisions under test:
  "Eric W. Biederman" <ebiederm@xmission.com>
  Adrian Hunter <adrian.hunter@intel.com>
  Alan Stern <stern@rowland.harvard.edu>
  Alex Deucher <alexander.deucher@amd.com>
  Alexander Polakov <apolyakov@beget.ru>
  Alexander Usyskin <alexander.usyskin@intel.com>
  Andreas Dilger <andreas.dilger@intel.com>
  Andreas Gruenbacher <agruenba@redhat.com>
  Andreas Gruenbacher <andreas.gruenbacher@gmail.com>
  Andrew Morton <akpm@linux-foundation.org>
  Andy Lutomirski <luto@kernel.org>
  Arve Hjønnevåg <arve@android.com>
  Boris Brezillon <boris.brezillon@free-electrons.com>
  Brian Norris <computersforpeace@gmail.com>
  Bryan Paluch <bryanpaluch@gmail.com>
  CAI Qian <caiqian@redhat.com>
  Carlos Santa <carlos.santa@intel.com>
  Carlos Santa <carlos.santa@intel.com> (v1)
  Ching Huang <ching2048@areca.com.tw>
  Chris Mason <clm@fb.com>
  Dan Carpenter <dan.carpenter@oracle.com>
  Daniel Vetter <daniel.vetter@ffwll.ch>
  Darrick J. Wong <darrick.wong@oracle.com>
  Dave Airlie <airlied@redhat.com>
  Dave Chinner <david@fromorbit.com>
  Dave Chinner <dchinner@redhat.com>
  David Howells <dhowells@redhat.com>
  David S. Miller <davem@davemloft.net>
  Dinesh Israni <ddi@datera.io>
  Dmitry Torokhov <dmitry.torokhov@gmail.com>
  Dmitry Vyukov <dvyukov@google.com>
  Eric Dumazet <edumazet@google.com>
  Eric W. Biederman <ebiederm@xmission.com>
  Ewan D. Milne <emilne@redhat.com>
  Felipe Balbi <felipe.balbi@linux.intel.com>
  Frank Haverkamp <haver@linux.vnet.ibm.com>
  Frederic Barrat <fbarrat@linux.vnet.ibm.com>
  Gerald Schaefer <gerald.schaefer@de.ibm.com>
  Greg Kroah-Hartman <gregkh@linuxfoundation.org>
  Haibo Chen <haibo.chen@nxp.com>
  Hannes Frederic Sowa <hannes@stressinduktion.org>
  Helge Deller <deller@gmx.de>
  Hugh Dickins <hughd@google.com>
  Ian Munsie <imunsie@au1.ibm.com>
  Ilya Dryomov <idryomov@gmail.com>
  Ingo Molnar <mingo@kernel.org>
  J. Bruce Fields <bfields@redhat.com>
  Jaganath Kanakkassery <jaganath.k@samsung.com>
  James Hogan <james.hogan@imgtec.com>
  James Morris <james.l.morris@oracle.com>
  Jan Kara <jack@suse.cz>
  Jann Horn <jann@thejh.net>
  Jens Axboe <axboe@fb.com>
  Jiri Slaby <jslaby@suse.cz>
  Johan Hovold <johan@kernel.org>
  Johannes Berg <johannes.berg@intel.com>
  John David Anglin <dave.anglin@bell.net>
  Joonwoo Park <joonwoop@codeaurora.org>
  K. Y. Srinivasan <kys@microsoft.com>
  Karl Beldan <kbeldan@baylibre.com>
  Kashyap Desai <kashyap.desai@broadcom.com>
  Kees Cook <keescook@chromium.org>
  Kirill A. Shutemov <kirill@shutemov.name>
  Kirill A. Shutemov <kirill@shutemov.name> (v1)
  Li Zefan <lizefan@huawei.com>
  Linus Torvalds <torvalds@linux-foundation.org>
  Long Li <longli@microsoft.com>
  Lucas Stach <dev@lynxeye.de>
  Marc Kleine-Budde <mkl@pengutronix.de>
  Marc Zyngier <marc.zyngier@arm.com>
  Marcel Hasler <mahasler@gmail.com>
  Marcel Holtmann <marcel@holtmann.org>
  Mark Rutland <mark.rutland@arm.com>
  Martijn Coenen <maco@android.com>
  Martin K. Petersen <martin.petersen@oracle.com>
  Mathias Nyman <mathias.nyman@linux.intel.com>
  Matt Redfearn <matt.redfearn@imgtec.com>
  Michael Ellerman <mpe@ellerman.id.au>
  Michael S. Tsirkin <mst@redhat.com>
  Michal Hocko <mhocko@suse.com>
  Michal Kubecek <mkubecek@suse.cz>
  Michal Kubeček <mkubecek@suse.cz>
  Michal Marek <mmarek@suse.com>
  Michel Dänzer <michel.daenzer@amd.com>
  Mike Snitzer <snitzer@redhat.com>
  Miklos Szeredi <mszeredi@redhat.com>
  Ming Lei <tom.leiming@gmail.com>
  Neal Cardwell <ncardwell@google.com>
  NeilBrown <neilb@suse.com>
  Nicholas Bellinger <nab@linux-iscsi.org>
  Nikolay Borisov <kernel@kyup.com>
  Nixon Vincent <nixon.vincent@calsoftinc.com>
  Ondrej Kozina <okozina@redhat.com>
  Paolo Bonzini <pbonzini@redhat.com>
  Patrick Scheuring <patrick.scheuring.dev@gmail.com>
  Pawel Moll <pawel.moll@arm.com>
  Peter Rosin <peda@axentia.se>
  Philip Pettersson <philip.pettersson@gmail.com>
  Philipp Hahn <hahn@univention.de>
  Radim Krčmář <rkrcmar@redhat.com>
  Ralph Sennhauser <ralph.sennhauser@gmail.com>
  Richard Weinberger <richard@nod.at>
  Ritesh Raj Sarraf <rrs@researchut.com>
  Rob Clark <robdclark@gmail.com>
  Roger Quadros <rogerq@ti.com>
  Russell King <rmk+kernel@arm.linux.org.uk>
  Sabrina Dubroca <sd@queasysnail.net>
  Sasha Levin <alexander.levin@verizon.com>
  Scot Doyle <lkml14@scotdoyle.com>
  Sebastian Andrzej Siewior <bigeasy@linutronix.de>
  Segher Boessenkool <segher@kernel.crashing.org>
  Sergei Miroshnichenko <sergeimir@emcraft.com>
  Shaohua Li <shli@fb.com>
  Sonny Jiang <sonny.jiang@amd.com>
  Stefan Richter <stefanr@s5r6.in-berlin.de>
  Stefan Tauner <stefan.tauner@technikum-wien.at>
  Sudeep Holla <sudeep.holla@arm.com>
  Sumit Saxena <sumit.saxena@broadcom.com>
  Taesoo Kim <tsgatesv@gmail.com>
  Takashi Iwai <tiwai@suse.de>
  tang.junhui <tang.junhui@zte.com.cn>
  Tejun Heo <tj@kernel.org>
  Theodore Ts'o <tytso@mit.edu>
  Thomas Gleixner <tglx@linutronix.de>
  Tom St Denis <tom.stdenis@amd.com>
  Tomas Winkler <tomas.winkler@intel.com>
  Tony Luck <tony.luck@intel.com>
  Ulf Hansson <ulf.hansson@linaro.org>
  Vaibhav Tandon <vst@datera.io>
  Ville Syrjälä <ville.syrjala@linux.intel.com>
  Vladimir Davydov <vdavydov.dev@gmail.com>
  Vladimir Murzin <vladimir.murzin@arm.com>
  Will Deacon <will.deacon@arm.com>
  Ying Xue <ying.xue@windriver.com>
  zhong jiang <zhongjiang@huawei.com>

jobs:
 build-amd64-xsm                                              pass    
 build-armhf-xsm                                              pass    
 build-i386-xsm                                               pass    
 build-amd64                                                  pass    
 build-armhf                                                  pass    
 build-i386                                                   pass    
 build-amd64-libvirt                                          pass    
 build-armhf-libvirt                                          pass    
 build-i386-libvirt                                           pass    
 build-amd64-pvops                                            pass    
 build-armhf-pvops                                            pass    
 build-i386-pvops                                             pass    
 build-amd64-rumprun                                          pass    
 build-i386-rumprun                                           pass    
 test-amd64-amd64-xl                                          pass    
 test-armhf-armhf-xl                                          fail    
 test-amd64-i386-xl                                           pass    
 test-amd64-amd64-xl-qemut-debianhvm-amd64-xsm                pass    
 test-amd64-i386-xl-qemut-debianhvm-amd64-xsm                 pass    
 test-amd64-amd64-libvirt-qemuu-debianhvm-amd64-xsm           pass    
 test-amd64-i386-libvirt-qemuu-debianhvm-amd64-xsm            pass    
 test-amd64-amd64-xl-qemuu-debianhvm-amd64-xsm                pass    
 test-amd64-i386-xl-qemuu-debianhvm-amd64-xsm                 pass    
 test-amd64-amd64-xl-qemut-stubdom-debianhvm-amd64-xsm        pass    
 test-amd64-i386-xl-qemut-stubdom-debianhvm-amd64-xsm         pass    
 test-amd64-amd64-libvirt-xsm                                 pass    
 test-armhf-armhf-libvirt-xsm                                 fail    
 test-amd64-i386-libvirt-xsm                                  pass    
 test-amd64-amd64-xl-xsm                                      pass    
 test-armhf-armhf-xl-xsm                                      fail    
 test-amd64-i386-xl-xsm                                       pass    
 test-amd64-amd64-qemuu-nested-amd                            fail    
 test-amd64-amd64-xl-pvh-amd                                  fail    
 test-amd64-i386-qemut-rhel6hvm-amd                           pass    
 test-amd64-i386-qemuu-rhel6hvm-amd                           pass    
 test-amd64-amd64-xl-qemut-debianhvm-amd64                    pass    
 test-amd64-i386-xl-qemut-debianhvm-amd64                     pass    
 test-amd64-amd64-xl-qemuu-debianhvm-amd64                    pass    
 test-amd64-i386-xl-qemuu-debianhvm-amd64                     pass    
 test-amd64-i386-freebsd10-amd64                              pass    
 test-amd64-amd64-xl-qemuu-ovmf-amd64                         pass    
 test-amd64-i386-xl-qemuu-ovmf-amd64                          pass    
 test-amd64-amd64-rumprun-amd64                               pass    
 test-amd64-amd64-xl-qemut-win7-amd64                         fail    
 test-amd64-i386-xl-qemut-win7-amd64                          fail    
 test-amd64-amd64-xl-qemuu-win7-amd64                         fail    
 test-amd64-i386-xl-qemuu-win7-amd64                          fail    
 test-armhf-armhf-xl-arndale                                  fail    
 test-amd64-amd64-xl-credit2                                  pass    
 test-armhf-armhf-xl-credit2                                  fail    
 test-armhf-armhf-xl-cubietruck                               fail    
 test-amd64-i386-freebsd10-i386                               pass    
 test-amd64-i386-rumprun-i386                                 pass    
 test-amd64-amd64-qemuu-nested-intel                          pass    
 test-amd64-amd64-xl-pvh-intel                                fail    
 test-amd64-i386-qemut-rhel6hvm-intel                         pass    
 test-amd64-i386-qemuu-rhel6hvm-intel                         pass    
 test-amd64-amd64-libvirt                                     pass    
 test-armhf-armhf-libvirt                                     fail    
 test-amd64-i386-libvirt                                      pass    
 test-amd64-amd64-xl-multivcpu                                pass    
 test-armhf-armhf-xl-multivcpu                                fail    
 test-amd64-amd64-pair                                        pass    
 test-amd64-i386-pair                                         pass    
 test-amd64-amd64-libvirt-pair                                pass    
 test-amd64-i386-libvirt-pair                                 pass    
 test-amd64-amd64-amd64-pvgrub                                pass    
 test-amd64-amd64-i386-pvgrub                                 pass    
 test-amd64-amd64-pygrub                                      pass    
 test-armhf-armhf-libvirt-qcow2                               fail    
 test-amd64-amd64-xl-qcow2                                    pass    
 test-armhf-armhf-libvirt-raw                                 fail    
 test-amd64-i386-xl-raw                                       pass    
 test-amd64-amd64-xl-rtds                                     pass    
 test-armhf-armhf-xl-rtds                                     fail    
 test-amd64-i386-xl-qemut-winxpsp3-vcpus1                     pass    
 test-amd64-i386-xl-qemuu-winxpsp3-vcpus1                     pass    
 test-amd64-amd64-libvirt-vhd                                 pass    
 test-armhf-armhf-xl-vhd                                      fail    
 test-amd64-amd64-xl-qemut-winxpsp3                           pass    
 test-amd64-i386-xl-qemut-winxpsp3                            pass    
 test-amd64-amd64-xl-qemuu-winxpsp3                           pass    
 test-amd64-i386-xl-qemuu-winxpsp3                            pass    


------------------------------------------------------------
sg-report-flight on osstest.test-lab.xenproject.org
logs: /home/logs/logs
images: /home/logs/images

Logs, config files, etc. are available at
    http://logs.test-lab.xenproject.org/osstest/logs

Explanation of these reports, and of osstest in general, is at
    http://xenbits.xen.org/gitweb/?p=osstest.git;a=blob;f=README.email;hb=master
    http://xenbits.xen.org/gitweb/?p=osstest.git;a=blob;f=README;hb=master

Test harness code can be found at
    http://xenbits.xen.org/gitweb?p=osstest.git;a=summary


Pushing revision :

+ branch=linux-4.1
+ revision=35327468a79dd9e343eaf7e66cc372f8277b2a84
+ . ./cri-lock-repos
++ . ./cri-common
+++ . ./cri-getconfig
+++ umask 002
+++ getrepos
++++ getconfig Repos
++++ perl -e '
                use Osstest;
                readglobalconfig();
                print $c{"Repos"} or die $!;
        '
+++ local repos=/home/osstest/repos
+++ '[' -z /home/osstest/repos ']'
+++ '[' '!' -d /home/osstest/repos ']'
+++ echo /home/osstest/repos
++ repos=/home/osstest/repos
++ repos_lock=/home/osstest/repos/lock
++ '[' x '!=' x/home/osstest/repos/lock ']'
++ OSSTEST_REPOS_LOCK_LOCKED=/home/osstest/repos/lock
++ exec with-lock-ex -w /home/osstest/repos/lock ./ap-push linux-4.1 35327468a79dd9e343eaf7e66cc372f8277b2a84
+ branch=linux-4.1
+ revision=35327468a79dd9e343eaf7e66cc372f8277b2a84
+ . ./cri-lock-repos
++ . ./cri-common
+++ . ./cri-getconfig
+++ umask 002
+++ getrepos
++++ getconfig Repos
++++ perl -e '
                use Osstest;
                readglobalconfig();
                print $c{"Repos"} or die $!;
        '
+++ local repos=/home/osstest/repos
+++ '[' -z /home/osstest/repos ']'
+++ '[' '!' -d /home/osstest/repos ']'
+++ echo /home/osstest/repos
++ repos=/home/osstest/repos
++ repos_lock=/home/osstest/repos/lock
++ '[' x/home/osstest/repos/lock '!=' x/home/osstest/repos/lock ']'
+ . ./cri-common
++ . ./cri-getconfig
++ umask 002
+ select_xenbranch
+ case "$branch" in
+ tree=linux
+ xenbranch=xen-unstable
+ '[' xlinux = xlinux ']'
+ linuxbranch=linux-4.1
+ '[' x = x ']'
+ qemuubranch=qemu-upstream-unstable
+ select_prevxenbranch
++ ./cri-getprevxenbranch xen-unstable
+ prevxenbranch=xen-4.8-testing
+ '[' x35327468a79dd9e343eaf7e66cc372f8277b2a84 = x ']'
+ : tested/2.6.39.x
+ . ./ap-common
++ : osstest@xenbits.xen.org
+++ getconfig OsstestUpstream
+++ perl -e '
                use Osstest;
                readglobalconfig();
                print $c{"OsstestUpstream"} or die $!;
        '
++ :
++ : git://xenbits.xen.org/xen.git
++ : osstest@xenbits.xen.org:/home/xen/git/xen.git
++ : git://xenbits.xen.org/qemu-xen-traditional.git
++ : git://git.kernel.org
++ : git://git.kernel.org/pub/scm/linux/kernel/git
++ : git
++ : git://xenbits.xen.org/xtf.git
++ : osstest@xenbits.xen.org:/home/xen/git/xtf.git
++ : git://xenbits.xen.org/xtf.git
++ : git://xenbits.xen.org/libvirt.git
++ : osstest@xenbits.xen.org:/home/xen/git/libvirt.git
++ : git://xenbits.xen.org/libvirt.git
++ : git://xenbits.xen.org/osstest/rumprun.git
++ : git
++ : git://xenbits.xen.org/osstest/rumprun.git
++ : osstest@xenbits.xen.org:/home/xen/git/osstest/rumprun.git
++ : git://git.seabios.org/seabios.git
++ : osstest@xenbits.xen.org:/home/xen/git/osstest/seabios.git
++ : git://xenbits.xen.org/osstest/seabios.git
++ : https://github.com/tianocore/edk2.git
++ : osstest@xenbits.xen.org:/home/xen/git/osstest/ovmf.git
++ : git://xenbits.xen.org/osstest/ovmf.git
++ : git://xenbits.xen.org/osstest/linux-firmware.git
++ : osstest@xenbits.xen.org:/home/osstest/ext/linux-firmware.git
++ : git://git.kernel.org/pub/scm/linux/kernel/git/firmware/linux-firmware.git
++ : osstest@xenbits.xen.org:/home/xen/git/linux-pvops.git
++ : git://xenbits.xen.org/linux-pvops.git
++ : tested/linux-3.14
++ : tested/linux-arm-xen
++ '[' xgit://git.kernel.org/pub/scm/linux/kernel/git/stable/linux-stable.git = x ']'
++ '[' xgit://git.kernel.org/pub/scm/linux/kernel/git/stable/linux-stable.git = x ']'
++ : git://git.kernel.org/pub/scm/linux/kernel/git/konrad/xen.git
++ : tested/2.6.39.x
++ : daily-cron.linux-4.1
++ : daily-cron.linux-4.1
++ : daily-cron.linux-4.1
++ : daily-cron.linux-4.1
++ : daily-cron.linux-4.1
++ : daily-cron.linux-4.1
++ : daily-cron.linux-4.1
++ : http://hg.uk.xensource.com/carbon/trunk/linux-2.6.27
++ : git://xenbits.xen.org/qemu-xen.git
++ : osstest@xenbits.xen.org:/home/xen/git/qemu-xen.git
++ : daily-cron.linux-4.1
++ : git://xenbits.xen.org/qemu-xen.git
++ : git://git.qemu.org/qemu.git
+ TREE_LINUX=osstest@xenbits.xen.org:/home/xen/git/linux-pvops.git
+ TREE_QEMU_UPSTREAM=osstest@xenbits.xen.org:/home/xen/git/qemu-xen.git
+ TREE_XEN=osstest@xenbits.xen.org:/home/xen/git/xen.git
+ TREE_LIBVIRT=osstest@xenbits.xen.org:/home/xen/git/libvirt.git
+ TREE_RUMPRUN=osstest@xenbits.xen.org:/home/xen/git/osstest/rumprun.git
+ TREE_SEABIOS=osstest@xenbits.xen.org:/home/xen/git/osstest/seabios.git
+ TREE_OVMF=osstest@xenbits.xen.org:/home/xen/git/osstest/ovmf.git
+ TREE_XTF=osstest@xenbits.xen.org:/home/xen/git/xtf.git
+ info_linux_tree linux-4.1
+ case $1 in
+ : git://git.kernel.org/pub/scm/linux/kernel/git/stable/linux-stable.git
+ : linux-4.1.y
+ : linux-4.1.y
+ : git
+ : git
+ : git://xenbits.xen.org/linux-pvops.git
+ : osstest@xenbits.xen.org:/home/xen/git/linux-pvops.git
+ : tested/linux-4.1
+ : refs/heads/tested/linux-4.1
+ return 0
+ cd /home/osstest/repos/linux
+ git push osstest@xenbits.xen.org:/home/xen/git/linux-pvops.git 35327468a79dd9e343eaf7e66cc372f8277b2a84:refs/heads/tested/linux-4.1
To osstest@xenbits.xen.org:/home/xen/git/linux-pvops.git
   9ca365c..3532746  35327468a79dd9e343eaf7e66cc372f8277b2a84 -> tested/linux-4.1
+ exit 0


[-- Attachment #2: Type: text/plain, Size: 127 bytes --]

_______________________________________________
Xen-devel mailing list
Xen-devel@lists.xen.org
https://lists.xen.org/xen-devel

                 reply	other threads:[~2016-12-29 12:03 UTC|newest]

Thread overview: [no followups] expand[flat|nested]  mbox.gz  Atom feed

Reply instructions:

You may reply publicly to this message via plain-text email
using any one of the following methods:

* Save the following mbox file, import it into your mail client,
  and reply-to-all from there: mbox

  Avoid top-posting and favor interleaved quoting:
  https://en.wikipedia.org/wiki/Posting_style#Interleaved_style

* Reply using the --to, --cc, and --in-reply-to
  switches of git-send-email(1):

  git send-email \
    --in-reply-to=osstest-103995-mainreport@xen.org \
    --to=osstest-admin@xenproject.org \
    --cc=xen-devel@lists.xensource.com \
    /path/to/YOUR_REPLY

  https://kernel.org/pub/software/scm/git/docs/git-send-email.html

* If your mail client supports setting the In-Reply-To header
  via mailto: links, try the mailto: link
Be sure your reply has a Subject: header at the top and a blank line before the message body.
This is a public inbox, see mirroring instructions
for how to clone and mirror all data and code used for this inbox;
as well as URLs for NNTP newsgroup(s).