From: osstest service owner <osstest-admin@xenproject.org>
To: xen-devel@lists.xensource.com, osstest-admin@xenproject.org
Subject: [linux-linus test] 104237: regressions - FAIL
Date: Wed, 18 Jan 2017 15:05:44 +0000 [thread overview]
Message-ID: <osstest-104237-mainreport@xen.org> (raw)
flight 104237 linux-linus real [real]
http://logs.test-lab.xenproject.org/osstest/logs/104237/
Regressions :-(
Tests which did not succeed and are blocking,
including tests which could not be run:
test-amd64-amd64-xl-qemut-win7-amd64 6 xen-boot fail REGR. vs. 59254
test-amd64-i386-qemuu-rhel6hvm-amd 6 xen-boot fail REGR. vs. 59254
test-amd64-i386-xl-qemuu-win7-amd64 6 xen-boot fail REGR. vs. 59254
test-amd64-amd64-xl-qemuu-win7-amd64 6 xen-boot fail REGR. vs. 59254
build-armhf-pvops 5 kernel-build fail REGR. vs. 59254
Regressions which are regarded as allowable (not blocking):
test-amd64-amd64-qemuu-nested-amd 6 xen-boot fail baseline untested
test-amd64-i386-libvirt-pair 9 xen-boot/src_host fail baseline untested
test-amd64-i386-libvirt-pair 10 xen-boot/dst_host fail baseline untested
Tests which did not succeed, but are not blocking:
test-armhf-armhf-xl-multivcpu 1 build-check(1) blocked n/a
test-armhf-armhf-xl-credit2 1 build-check(1) blocked n/a
test-armhf-armhf-libvirt 1 build-check(1) blocked n/a
test-armhf-armhf-xl-cubietruck 1 build-check(1) blocked n/a
test-armhf-armhf-xl-rtds 1 build-check(1) blocked n/a
test-armhf-armhf-libvirt-qcow2 1 build-check(1) blocked n/a
test-armhf-armhf-libvirt-raw 1 build-check(1) blocked n/a
test-armhf-armhf-xl-arndale 1 build-check(1) blocked n/a
test-armhf-armhf-libvirt-xsm 1 build-check(1) blocked n/a
test-armhf-armhf-xl 1 build-check(1) blocked n/a
test-armhf-armhf-xl-xsm 1 build-check(1) blocked n/a
test-armhf-armhf-xl-vhd 1 build-check(1) blocked n/a
test-amd64-amd64-libvirt-xsm 12 migrate-support-check fail never pass
test-amd64-amd64-libvirt-qemuu-debianhvm-amd64-xsm 10 migrate-support-check fail never pass
test-amd64-amd64-libvirt 12 migrate-support-check fail never pass
test-amd64-amd64-xl-pvh-amd 11 guest-start fail never pass
test-amd64-i386-libvirt 12 migrate-support-check fail never pass
test-amd64-i386-libvirt-xsm 12 migrate-support-check fail never pass
test-amd64-amd64-xl-pvh-intel 14 guest-saverestore fail never pass
test-amd64-i386-libvirt-qemuu-debianhvm-amd64-xsm 10 migrate-support-check fail never pass
test-amd64-amd64-libvirt-vhd 11 migrate-support-check fail never pass
test-amd64-amd64-qemuu-nested-intel 13 xen-boot/l1 fail never pass
version targeted for testing:
linux 0aa0313f9d576affd7747cc3f179feb097d28990
baseline version:
linux 45820c294fe1b1a9df495d57f40585ef2d069a39
Last test of basis 59254 2015-07-09 04:20:48 Z 559 days
Failing since 59348 2015-07-10 04:24:05 Z 558 days 217 attempts
Testing same since 104237 2017-01-18 04:25:59 Z 0 days 1 attempts
------------------------------------------------------------
7500 people touched revisions under test,
not listing them all
jobs:
build-amd64-xsm pass
build-armhf-xsm pass
build-i386-xsm pass
build-amd64 pass
build-armhf pass
build-i386 pass
build-amd64-libvirt pass
build-armhf-libvirt pass
build-i386-libvirt pass
build-amd64-pvops pass
build-armhf-pvops fail
build-i386-pvops pass
build-amd64-rumprun pass
build-i386-rumprun pass
test-amd64-amd64-xl pass
test-armhf-armhf-xl blocked
test-amd64-i386-xl pass
test-amd64-amd64-xl-qemut-debianhvm-amd64-xsm pass
test-amd64-i386-xl-qemut-debianhvm-amd64-xsm pass
test-amd64-amd64-libvirt-qemuu-debianhvm-amd64-xsm pass
test-amd64-i386-libvirt-qemuu-debianhvm-amd64-xsm pass
test-amd64-amd64-xl-qemuu-debianhvm-amd64-xsm pass
test-amd64-i386-xl-qemuu-debianhvm-amd64-xsm pass
test-amd64-amd64-xl-qemut-stubdom-debianhvm-amd64-xsm pass
test-amd64-i386-xl-qemut-stubdom-debianhvm-amd64-xsm pass
test-amd64-amd64-libvirt-xsm pass
test-armhf-armhf-libvirt-xsm blocked
test-amd64-i386-libvirt-xsm pass
test-amd64-amd64-xl-xsm pass
test-armhf-armhf-xl-xsm blocked
test-amd64-i386-xl-xsm pass
test-amd64-amd64-qemuu-nested-amd fail
test-amd64-amd64-xl-pvh-amd fail
test-amd64-i386-qemut-rhel6hvm-amd pass
test-amd64-i386-qemuu-rhel6hvm-amd fail
test-amd64-amd64-xl-qemut-debianhvm-amd64 pass
test-amd64-i386-xl-qemut-debianhvm-amd64 pass
test-amd64-amd64-xl-qemuu-debianhvm-amd64 pass
test-amd64-i386-xl-qemuu-debianhvm-amd64 pass
test-amd64-i386-freebsd10-amd64 pass
test-amd64-amd64-xl-qemuu-ovmf-amd64 pass
test-amd64-i386-xl-qemuu-ovmf-amd64 pass
test-amd64-amd64-rumprun-amd64 pass
test-amd64-amd64-xl-qemut-win7-amd64 fail
test-amd64-i386-xl-qemut-win7-amd64 pass
test-amd64-amd64-xl-qemuu-win7-amd64 fail
test-amd64-i386-xl-qemuu-win7-amd64 fail
test-armhf-armhf-xl-arndale blocked
test-amd64-amd64-xl-credit2 pass
test-armhf-armhf-xl-credit2 blocked
test-armhf-armhf-xl-cubietruck blocked
test-amd64-i386-freebsd10-i386 pass
test-amd64-i386-rumprun-i386 pass
test-amd64-amd64-qemuu-nested-intel fail
test-amd64-amd64-xl-pvh-intel fail
test-amd64-i386-qemut-rhel6hvm-intel pass
test-amd64-i386-qemuu-rhel6hvm-intel pass
test-amd64-amd64-libvirt pass
test-armhf-armhf-libvirt blocked
test-amd64-i386-libvirt pass
test-amd64-amd64-xl-multivcpu pass
test-armhf-armhf-xl-multivcpu blocked
test-amd64-amd64-pair pass
test-amd64-i386-pair pass
test-amd64-amd64-libvirt-pair pass
test-amd64-i386-libvirt-pair fail
test-amd64-amd64-amd64-pvgrub pass
test-amd64-amd64-i386-pvgrub pass
test-amd64-amd64-pygrub pass
test-armhf-armhf-libvirt-qcow2 blocked
test-amd64-amd64-xl-qcow2 pass
test-armhf-armhf-libvirt-raw blocked
test-amd64-i386-xl-raw pass
test-amd64-amd64-xl-rtds pass
test-armhf-armhf-xl-rtds blocked
test-amd64-i386-xl-qemut-winxpsp3-vcpus1 pass
test-amd64-i386-xl-qemuu-winxpsp3-vcpus1 pass
test-amd64-amd64-libvirt-vhd pass
test-armhf-armhf-xl-vhd blocked
test-amd64-amd64-xl-qemut-winxpsp3 pass
test-amd64-i386-xl-qemut-winxpsp3 pass
test-amd64-amd64-xl-qemuu-winxpsp3 pass
test-amd64-i386-xl-qemuu-winxpsp3 pass
------------------------------------------------------------
sg-report-flight on osstest.test-lab.xenproject.org
logs: /home/logs/logs
images: /home/logs/images
Logs, config files, etc. are available at
http://logs.test-lab.xenproject.org/osstest/logs
Explanation of these reports, and of osstest in general, is at
http://xenbits.xen.org/gitweb/?p=osstest.git;a=blob;f=README.email;hb=master
http://xenbits.xen.org/gitweb/?p=osstest.git;a=blob;f=README;hb=master
Test harness code can be found at
http://xenbits.xen.org/gitweb?p=osstest.git;a=summary
Not pushing.
(No revision log; it would be 2185064 lines long.)
_______________________________________________
Xen-devel mailing list
Xen-devel@lists.xen.org
https://lists.xen.org/xen-devel
next reply other threads:[~2017-01-18 15:05 UTC|newest]
Thread overview: 37+ messages / expand[flat|nested] mbox.gz Atom feed top
2017-01-18 15:05 osstest service owner [this message]
2017-01-05 1:52 ` Xen 4.8 + Linux 4.9 + Credit2 = can't bootup Konrad Rzeszutek Wilk
2017-01-05 2:05 ` Andrew Cooper
2017-01-05 8:39 ` Dario Faggioli
2017-01-05 9:33 ` Anshul Makkar
2017-01-05 2:10 ` Konrad Rzeszutek Wilk
2017-01-05 3:13 ` Boris Ostrovsky
2017-01-06 15:55 ` Boris Ostrovsky
2017-01-12 12:50 ` Dario Faggioli
2017-01-12 16:22 ` Boris Ostrovsky
2017-01-12 16:41 ` Dario Faggioli
2017-01-12 18:27 ` Ian Jackson
2017-01-13 3:20 ` Boris Ostrovsky
2017-01-13 8:31 ` Dario Faggioli
2017-01-13 15:39 ` Boris Ostrovsky
2017-01-13 16:27 ` Ian Jackson
2017-01-13 23:13 ` Boris Ostrovsky
2017-01-16 11:38 ` Ian Jackson
2017-01-19 11:36 ` Xen 4.8 + Linux 4.9 + Credit2 = can't bootup [and 1 more messages] Ian Jackson
2017-01-16 15:38 ` Xen 4.8 + Linux 4.9 + Credit2 = can't bootup Roger Pau Monné
2017-01-16 15:39 ` Ian Jackson
2017-01-12 18:24 ` Ian Jackson
2017-01-19 17:06 ` [linux-linus test] 104237: regressions - FAIL Boris Ostrovsky
2017-01-19 16:23 ` [linux-linus bisection] complete test-amd64-amd64-xl-qemut-win7-amd64 osstest service owner
2017-01-19 18:05 ` [linux-linus bisection] complete test-amd64-amd64-xl-qemut-win7-amd64 [and 1 more messages] Ian Jackson
2017-01-19 18:44 ` Boris Ostrovsky
2017-01-20 11:09 ` Ian Jackson
2017-01-20 16:29 ` Boris Ostrovsky
2017-01-20 16:59 ` Boris Ostrovsky
2017-01-19 18:07 ` [linux-linus test] 104237: regressions - FAIL Ian Jackson
2017-01-19 19:09 ` Boris Ostrovsky
2017-01-19 19:15 ` Boris Ostrovsky
2017-01-19 20:37 ` Julien Grall
2017-01-19 21:01 ` Boris Ostrovsky
2017-01-20 12:06 ` Ian Jackson
2017-01-23 12:16 ` Ian Jackson
2017-01-23 14:31 ` Boris Ostrovsky
Reply instructions:
You may reply publicly to this message via plain-text email
using any one of the following methods:
* Save the following mbox file, import it into your mail client,
and reply-to-all from there: mbox
Avoid top-posting and favor interleaved quoting:
https://en.wikipedia.org/wiki/Posting_style#Interleaved_style
* Reply using the --to, --cc, and --in-reply-to
switches of git-send-email(1):
git send-email \
--in-reply-to=osstest-104237-mainreport@xen.org \
--to=osstest-admin@xenproject.org \
--cc=xen-devel@lists.xensource.com \
/path/to/YOUR_REPLY
https://kernel.org/pub/software/scm/git/docs/git-send-email.html
* If your mail client supports setting the In-Reply-To header
via mailto: links, try the mailto: link
Be sure your reply has a Subject: header at the top and a blank line
before the message body.
This is a public inbox, see mirroring instructions
for how to clone and mirror all data and code used for this inbox;
as well as URLs for NNTP newsgroup(s).