xen-devel.lists.xenproject.org archive mirror
 help / color / mirror / Atom feed
From: osstest service owner <osstest-admin@xenproject.org>
To: xen-devel@lists.xensource.com, osstest-admin@xenproject.org
Subject: [ovmf test] 104254: regressions - FAIL
Date: Wed, 18 Jan 2017 14:19:33 +0000	[thread overview]
Message-ID: <osstest-104254-mainreport@xen.org> (raw)

flight 104254 ovmf real [real]
http://logs.test-lab.xenproject.org/osstest/logs/104254/

Regressions :-(

Tests which did not succeed and are blocking,
including tests which could not be run:
 build-amd64                   5 xen-build                fail REGR. vs. 104239
 build-amd64-xsm               5 xen-build                fail REGR. vs. 104239

Tests which did not succeed, but are not blocking:
 test-amd64-i386-xl-qemuu-ovmf-amd64  1 build-check(1)              blocked n/a
 test-amd64-amd64-xl-qemuu-ovmf-amd64  1 build-check(1)             blocked n/a
 build-amd64-libvirt           1 build-check(1)               blocked  n/a

version targeted for testing:
 ovmf                 88fd27e5b2cae68ff5a11cd5560ef5f98d001c42
baseline version:
 ovmf                 7be6e6776253d3638f03375e346e978228af5edb

Last test of basis   104239  2017-01-18 05:15:57 Z    0 days
Testing same since   104254  2017-01-18 11:13:19 Z    0 days    1 attempts

------------------------------------------------------------
People who touched revisions under test:
  Star Zeng <star.zeng@intel.com>

jobs:
 build-amd64-xsm                                              fail    
 build-i386-xsm                                               pass    
 build-amd64                                                  fail    
 build-i386                                                   pass    
 build-amd64-libvirt                                          blocked 
 build-i386-libvirt                                           pass    
 build-amd64-pvops                                            pass    
 build-i386-pvops                                             pass    
 test-amd64-amd64-xl-qemuu-ovmf-amd64                         blocked 
 test-amd64-i386-xl-qemuu-ovmf-amd64                          blocked 


------------------------------------------------------------
sg-report-flight on osstest.test-lab.xenproject.org
logs: /home/logs/logs
images: /home/logs/images

Logs, config files, etc. are available at
    http://logs.test-lab.xenproject.org/osstest/logs

Explanation of these reports, and of osstest in general, is at
    http://xenbits.xen.org/gitweb/?p=osstest.git;a=blob;f=README.email;hb=master
    http://xenbits.xen.org/gitweb/?p=osstest.git;a=blob;f=README;hb=master

Test harness code can be found at
    http://xenbits.xen.org/gitweb?p=osstest.git;a=summary


Not pushing.

------------------------------------------------------------
commit 88fd27e5b2cae68ff5a11cd5560ef5f98d001c42
Author: Star Zeng <star.zeng@intel.com>
Date:   Tue Jan 17 11:41:57 2017 +0800

    MdePkg: Correct comments of macros FixedPcdGetX/PatchPcdXXX in PcdLib.h
    
    REF: https://bugzilla.tianocore.org/show_bug.cgi?id=311
    
    The patch is also to refine comments of macros PcdToken and PcdTokenEx.
    
    Cc: Liming Gao <liming.gao@intel.com>
    Cc: Michael Kinney <michael.d.kinney@intel.com>
    Contributed-under: TianoCore Contribution Agreement 1.0
    Signed-off-by: Star Zeng <star.zeng@intel.com>
    Reviewed-by: Liming Gao <liming.gao@intel.com>

_______________________________________________
Xen-devel mailing list
Xen-devel@lists.xen.org
https://lists.xen.org/xen-devel

                 reply	other threads:[~2017-01-18 14:19 UTC|newest]

Thread overview: [no followups] expand[flat|nested]  mbox.gz  Atom feed

Reply instructions:

You may reply publicly to this message via plain-text email
using any one of the following methods:

* Save the following mbox file, import it into your mail client,
  and reply-to-all from there: mbox

  Avoid top-posting and favor interleaved quoting:
  https://en.wikipedia.org/wiki/Posting_style#Interleaved_style

* Reply using the --to, --cc, and --in-reply-to
  switches of git-send-email(1):

  git send-email \
    --in-reply-to=osstest-104254-mainreport@xen.org \
    --to=osstest-admin@xenproject.org \
    --cc=xen-devel@lists.xensource.com \
    /path/to/YOUR_REPLY

  https://kernel.org/pub/software/scm/git/docs/git-send-email.html

* If your mail client supports setting the In-Reply-To header
  via mailto: links, try the mailto: link
Be sure your reply has a Subject: header at the top and a blank line before the message body.
This is a public inbox, see mirroring instructions
for how to clone and mirror all data and code used for this inbox;
as well as URLs for NNTP newsgroup(s).