* [ovmf test] 104254: regressions - FAIL
@ 2017-01-18 14:19 osstest service owner
0 siblings, 0 replies; only message in thread
From: osstest service owner @ 2017-01-18 14:19 UTC (permalink / raw)
To: xen-devel, osstest-admin
flight 104254 ovmf real [real]
http://logs.test-lab.xenproject.org/osstest/logs/104254/
Regressions :-(
Tests which did not succeed and are blocking,
including tests which could not be run:
build-amd64 5 xen-build fail REGR. vs. 104239
build-amd64-xsm 5 xen-build fail REGR. vs. 104239
Tests which did not succeed, but are not blocking:
test-amd64-i386-xl-qemuu-ovmf-amd64 1 build-check(1) blocked n/a
test-amd64-amd64-xl-qemuu-ovmf-amd64 1 build-check(1) blocked n/a
build-amd64-libvirt 1 build-check(1) blocked n/a
version targeted for testing:
ovmf 88fd27e5b2cae68ff5a11cd5560ef5f98d001c42
baseline version:
ovmf 7be6e6776253d3638f03375e346e978228af5edb
Last test of basis 104239 2017-01-18 05:15:57 Z 0 days
Testing same since 104254 2017-01-18 11:13:19 Z 0 days 1 attempts
------------------------------------------------------------
People who touched revisions under test:
Star Zeng <star.zeng@intel.com>
jobs:
build-amd64-xsm fail
build-i386-xsm pass
build-amd64 fail
build-i386 pass
build-amd64-libvirt blocked
build-i386-libvirt pass
build-amd64-pvops pass
build-i386-pvops pass
test-amd64-amd64-xl-qemuu-ovmf-amd64 blocked
test-amd64-i386-xl-qemuu-ovmf-amd64 blocked
------------------------------------------------------------
sg-report-flight on osstest.test-lab.xenproject.org
logs: /home/logs/logs
images: /home/logs/images
Logs, config files, etc. are available at
http://logs.test-lab.xenproject.org/osstest/logs
Explanation of these reports, and of osstest in general, is at
http://xenbits.xen.org/gitweb/?p=osstest.git;a=blob;f=README.email;hb=master
http://xenbits.xen.org/gitweb/?p=osstest.git;a=blob;f=README;hb=master
Test harness code can be found at
http://xenbits.xen.org/gitweb?p=osstest.git;a=summary
Not pushing.
------------------------------------------------------------
commit 88fd27e5b2cae68ff5a11cd5560ef5f98d001c42
Author: Star Zeng <star.zeng@intel.com>
Date: Tue Jan 17 11:41:57 2017 +0800
MdePkg: Correct comments of macros FixedPcdGetX/PatchPcdXXX in PcdLib.h
REF: https://bugzilla.tianocore.org/show_bug.cgi?id=311
The patch is also to refine comments of macros PcdToken and PcdTokenEx.
Cc: Liming Gao <liming.gao@intel.com>
Cc: Michael Kinney <michael.d.kinney@intel.com>
Contributed-under: TianoCore Contribution Agreement 1.0
Signed-off-by: Star Zeng <star.zeng@intel.com>
Reviewed-by: Liming Gao <liming.gao@intel.com>
_______________________________________________
Xen-devel mailing list
Xen-devel@lists.xen.org
https://lists.xen.org/xen-devel
^ permalink raw reply [flat|nested] only message in thread
only message in thread, other threads:[~2017-01-18 14:19 UTC | newest]
Thread overview: (only message) (download: mbox.gz follow: Atom feed
-- links below jump to the message on this page --
2017-01-18 14:19 [ovmf test] 104254: regressions - FAIL osstest service owner
This is a public inbox, see mirroring instructions
for how to clone and mirror all data and code used for this inbox;
as well as URLs for NNTP newsgroup(s).