xen-devel.lists.xenproject.org archive mirror
 help / color / mirror / Atom feed
From: osstest service owner <osstest-admin@xenproject.org>
To: xen-devel@lists.xensource.com, osstest-admin@xenproject.org
Subject: [linux-4.1 test] 104272: regressions - FAIL
Date: Thu, 19 Jan 2017 13:11:01 +0000	[thread overview]
Message-ID: <osstest-104272-mainreport@xen.org> (raw)

[-- Attachment #1: Type: text/plain, Size: 15373 bytes --]

flight 104272 linux-4.1 real [real]
http://logs.test-lab.xenproject.org/osstest/logs/104272/

Regressions :-(

Tests which did not succeed and are blocking,
including tests which could not be run:
 test-amd64-amd64-xl-qcow2    16 guest-localmigrate/x10   fail REGR. vs. 103995
 test-amd64-i386-xl-qemuu-debianhvm-amd64 15 guest-localmigrate/x10 fail REGR. vs. 103995
 test-amd64-i386-xl-qemut-winxpsp3-vcpus1 15 guest-localmigrate/x10 fail REGR. vs. 103995
 test-amd64-amd64-libvirt-vhd 10 guest-start              fail REGR. vs. 103995
 test-amd64-i386-xl-qemut-winxpsp3 15 guest-localmigrate/x10 fail REGR. vs. 103995

Regressions which are regarded as allowable (not blocking):
 test-armhf-armhf-xl-xsm      15 guest-start/debian.repeat    fail  like 103991
 test-armhf-armhf-xl-rtds     11 guest-start                  fail  like 103991
 test-armhf-armhf-xl-multivcpu 15 guest-start/debian.repeat    fail like 103995
 test-armhf-armhf-xl          15 guest-start/debian.repeat    fail  like 103995
 test-armhf-armhf-libvirt     13 saverestore-support-check    fail  like 103995
 test-armhf-armhf-libvirt-xsm 11 guest-start                  fail  like 103995
 test-armhf-armhf-xl-cubietruck 15 guest-start/debian.repeat   fail like 103995
 test-armhf-armhf-xl-credit2  15 guest-start/debian.repeat    fail  like 103995
 test-armhf-armhf-libvirt     15 guest-start/debian.repeat    fail  like 103995
 test-amd64-amd64-xl-qemuu-win7-amd64 16 guest-stop            fail like 103995
 test-amd64-amd64-xl-qemut-win7-amd64 16 guest-stop            fail like 103995
 test-amd64-i386-xl-qemuu-win7-amd64 16 guest-stop             fail like 103995
 test-amd64-i386-xl-qemut-win7-amd64 16 guest-stop             fail like 103995
 test-armhf-armhf-xl-vhd       9 debian-di-install            fail  like 103995
 test-armhf-armhf-libvirt-qcow2  9 debian-di-install           fail like 103995

Tests which did not succeed, but are not blocking:
 test-amd64-i386-libvirt      12 migrate-support-check        fail   never pass
 test-amd64-amd64-libvirt-xsm 12 migrate-support-check        fail   never pass
 test-amd64-amd64-xl-pvh-amd  11 guest-start                  fail   never pass
 test-amd64-amd64-xl-pvh-intel 14 guest-saverestore            fail  never pass
 test-amd64-amd64-libvirt     12 migrate-support-check        fail   never pass
 test-amd64-i386-libvirt-xsm  12 migrate-support-check        fail   never pass
 test-amd64-amd64-libvirt-qemuu-debianhvm-amd64-xsm 10 migrate-support-check fail never pass
 test-amd64-i386-libvirt-qemuu-debianhvm-amd64-xsm 10 migrate-support-check fail never pass
 test-armhf-armhf-xl-arndale  12 migrate-support-check        fail   never pass
 test-armhf-armhf-xl-arndale  13 saverestore-support-check    fail   never pass
 test-amd64-amd64-qemuu-nested-amd 16 debian-hvm-install/l1/l2  fail never pass
 test-armhf-armhf-xl-multivcpu 12 migrate-support-check        fail  never pass
 test-armhf-armhf-xl-multivcpu 13 saverestore-support-check    fail  never pass
 test-armhf-armhf-xl-xsm      12 migrate-support-check        fail   never pass
 test-armhf-armhf-xl-xsm      13 saverestore-support-check    fail   never pass
 test-armhf-armhf-xl-cubietruck 12 migrate-support-check        fail never pass
 test-armhf-armhf-xl-cubietruck 13 saverestore-support-check    fail never pass
 test-armhf-armhf-xl          12 migrate-support-check        fail   never pass
 test-armhf-armhf-xl-credit2  12 migrate-support-check        fail   never pass
 test-armhf-armhf-xl          13 saverestore-support-check    fail   never pass
 test-armhf-armhf-xl-credit2  13 saverestore-support-check    fail   never pass
 test-armhf-armhf-libvirt     12 migrate-support-check        fail   never pass
 test-armhf-armhf-libvirt-raw  9 debian-di-install            fail   never pass

version targeted for testing:
 linux                f40b3cc69de8c97bbcdb74e3cffda06ffcad2cd7
baseline version:
 linux                35327468a79dd9e343eaf7e66cc372f8277b2a84

Last test of basis   103995  2016-12-29 02:01:38 Z   21 days
Testing same since   104272  2017-01-18 20:47:52 Z    0 days    1 attempts

------------------------------------------------------------
People who touched revisions under test:
  Adrian Hunter <adrian.hunter@intel.com>
  Al Viro <viro@zeniv.linux.org.uk>
  Alan Stern <stern@rowland.harvard.edu>
  Aleksa Sarai <asarai@suse.de>
  Alex Deucher <alexander.deucher@amd.com>
  Alex Porosanu <alexandru.porosanu@nxp.com>
  Alexander Duyck <aduyck@mirantis.com>
  Andrew Morton <akpm@linux-foundation.org>
  Andy Grover <agrover@redhat.com>
  Arnd Bergmann <arnd@arndb.de>
  Bart Van Assche <bart.vanassche@sandisk.com>
  Ben Hutchings <ben.hutchings@codethink.co.uk>
  Benjamin Marzinski <bmarzins@redhat.com>
  Bjorn Helgaas <bhelgaas@google.com>
  Boris Ostrovsky <boris.ostrovsky@oracle.com>
  Bryant G Ly <bgly@us.ibm.com>
  Chandan Rajendra <chandan@linux.vnet.ibm.com>
  Chris Mason <clm@fb.com>
  Chris Wilson <chris@chris-wilson.co.uk>
  Con Kolivas <con@kolivas.org>
  Con Kolivas <kernel@kolivas.org>
  Dan Carpenter <dan.carpenter@oracle.com>
  Dan O'Donovan <dan@emutex.com>
  Daniel Vetter <daniel.vetter@ffwll.ch>
  Daniele Palmas <dnlplm@gmail.com>
  Dave Chinner <david@fromorbit.com>
  David S. Miller <davem@davemloft.net>
  Deepa Dinamani <deepa.kernel@gmail.com>
  Dmitry Torokhov <dmitry.torokhov@gmail.com>
  Doug Ledford <dledford@redhat.com>
  Douglas Anderson <dianders@chromium.org>
  Eric Dumazet <edumazet@google.com>
  Eric Sandeen <sandeen@redhat.com>
  Eric Sandeen <sandeen@sandeen.net>
  Felipe Balbi <felipe.balbi@linux.intel.com>
  Filipe Manana <fdmanana@suse.com>
  Geoff Levand <geoff@infradead.org>
  Gerald Schaefer <gerald.schaefer@de.ibm.com>
  Giuseppe Lippolis <giu.lippolis@gmail.com>
  Greg Kroah-Hartman <gregkh@linuxfoundation.org>
  Herbert Xu <herbert@gondor.apana.org.au>
  Horia Geantă <horia.geanta@nxp.com>
  Hugh Dickins <hughd@google.com>
  Hui Wang <hui.wang@canonical.com>
  Ian Abbott <abbotti@mev.co.uk>
  Ilya Dryomov <idryomov@gmail.com>
  Jaegeuk Kim <jaegeuk@kernel.org>
  Jan Kara <jack@suse.cz>
  Jarkko Sakkinen <jarkko.sakkinen@linux.intel.com>
  Jason Gunthorpe <jgunthorpe@obsidianresearch.com>
  Jens Axboe <axboe@fb.com>
  Jesse Gross <jesse@kernel.org>
  Jim Mattson <jmattson@google.com>
  Jingkui Wang <jkwang@google.com>
  Joe Thornber <ejt@redhat.com>
  Johan Hovold <johan@kernel.org>
  Juergen Gross <jgross@suse.com>
  Julien Grall <julien.grall@arm.com>
  Jussi Laako <jussi@sonarnerd.net>
  Kalle Valo <kvalo@codeaurora.org>
  Kalle Valo <kvalo@qca.qualcomm.com>
  Kashyap Desai <kashyap.desai@broadcom.com>
  Kiran Kumar Kasturi <kiran-kumar.kasturi@broadcom.com>
  Konstantin Khlebnikov <khlebnikov@yandex-team.ru>
  Krzysztof Kozlowski <krzk@kernel.org>
  Larry Finger <Larry.Finger@lwfinger.net>
  Linus Torvalds <torvalds@linux-foundation.org>
  Linus Walleij <linus.walleij@linaro.org>
  Luis R. Rodriguez <mcgrof@kernel.org>
  Mark Brown <broonie@kernel.org>
  Martin K. Petersen <martin.petersen@oracle.com>
  Martin Schwidefsky <schwidefsky@de.ibm.com>
  Mathias Nyman <mathias.nyman@linux.intel.com>
  Maxim Patlasov <mpatlasov@virtuozzo.com>
  Michael Ellerman <mpe@ellerman.id.au>
  Michel Dänzer <michel.daenzer@amd.com>
  Mike Snitzer <snitzer@redhat.com>
  Nathaniel Quillin <ndq@google.com>
  NeilBrown <neilb@suse.com>
  Nicolai Stange <nicstange@gmail.com>
  Olaf Hering <olaf@aepfle.de>
  Oliver Neukum <oneukum@suse.com>
  Omar Sandoval <osandov@fb.com>
  Ondrej Kozina <okozina@redhat.com>
  Paolo Bonzini <pbonzini@redhat.com>
  Patrick Boutilier <boutilpj@ednet.ns.ca>
  Patrik Jakobsson <patrik.r.jakobsson@gmail.com>
  Paul Mackerras <paulus@ozlabs.org>
  Paulo Zanoni <paulo.r.zanoni@intel.com>
  Pavel Shilovsky <pshilov@microsoft.com>
  Peter Zijlstra (Intel) <peterz@infradead.org>
  Pierre de Villemereuil <flyos@mailoo.org>
  Rabin Vincent <rabinv@axis.com>
  Rafael J. Wysocki <rafael.j.wysocki@intel.com>
  Robbie Ko <robbieko@synology.com>
  Russell Currey <ruscur@russell.cc>
  Sachin Prabhu <sprabhu@redhat.com>
  Sasha Levin <alexander.levin@verizon.com>
  Sean Paul <seanpaul@chromium.org>
  Shaohua Li <shli@fb.com>
  Stefano Stabellini <sstabellini@kernel.org>
  Steven Rostedt (Red Hat) <rostedt@goodmis.org>
  Steven Rostedt <rostedt@goodmis.org>
  Sumit Saxena <sumit.saxena@broadcom.com>
  Takashi Iwai <tiwai@suse.de>
  Theodore Ts'o <tytso@mit.edu>
  Thomas Gleixner <tglx@linutronix.de>
  Trond Myklebust <trond.myklebust@primarydata.com>
  Ulf Hansson <ulf.hansson@linaro.org>
  Vinod Koul <vinod.koul@intel.com>
  Vittorio Gambaletta (VittGam) <linux-wireless@vittgam.net>
  Vittorio Gambaletta <linuxbugs@vittgam.net>
  Wei Fang <fangwei1@huawei.com>
  YOSHIFUJI Hideaki <yoshfuji@linux-ipv6.org>
  Yves-Alexis Perez <corsac@corsac.net>
  Zhang Rui <rui.zhang@intel.com>

jobs:
 build-amd64-xsm                                              pass    
 build-armhf-xsm                                              pass    
 build-i386-xsm                                               pass    
 build-amd64                                                  pass    
 build-armhf                                                  pass    
 build-i386                                                   pass    
 build-amd64-libvirt                                          pass    
 build-armhf-libvirt                                          pass    
 build-i386-libvirt                                           pass    
 build-amd64-pvops                                            pass    
 build-armhf-pvops                                            pass    
 build-i386-pvops                                             pass    
 build-amd64-rumprun                                          pass    
 build-i386-rumprun                                           pass    
 test-amd64-amd64-xl                                          pass    
 test-armhf-armhf-xl                                          fail    
 test-amd64-i386-xl                                           pass    
 test-amd64-amd64-xl-qemut-debianhvm-amd64-xsm                pass    
 test-amd64-i386-xl-qemut-debianhvm-amd64-xsm                 pass    
 test-amd64-amd64-libvirt-qemuu-debianhvm-amd64-xsm           pass    
 test-amd64-i386-libvirt-qemuu-debianhvm-amd64-xsm            pass    
 test-amd64-amd64-xl-qemuu-debianhvm-amd64-xsm                pass    
 test-amd64-i386-xl-qemuu-debianhvm-amd64-xsm                 pass    
 test-amd64-amd64-xl-qemut-stubdom-debianhvm-amd64-xsm        pass    
 test-amd64-i386-xl-qemut-stubdom-debianhvm-amd64-xsm         pass    
 test-amd64-amd64-libvirt-xsm                                 pass    
 test-armhf-armhf-libvirt-xsm                                 fail    
 test-amd64-i386-libvirt-xsm                                  pass    
 test-amd64-amd64-xl-xsm                                      pass    
 test-armhf-armhf-xl-xsm                                      fail    
 test-amd64-i386-xl-xsm                                       pass    
 test-amd64-amd64-qemuu-nested-amd                            fail    
 test-amd64-amd64-xl-pvh-amd                                  fail    
 test-amd64-i386-qemut-rhel6hvm-amd                           pass    
 test-amd64-i386-qemuu-rhel6hvm-amd                           pass    
 test-amd64-amd64-xl-qemut-debianhvm-amd64                    pass    
 test-amd64-i386-xl-qemut-debianhvm-amd64                     pass    
 test-amd64-amd64-xl-qemuu-debianhvm-amd64                    pass    
 test-amd64-i386-xl-qemuu-debianhvm-amd64                     fail    
 test-amd64-i386-freebsd10-amd64                              pass    
 test-amd64-amd64-xl-qemuu-ovmf-amd64                         pass    
 test-amd64-i386-xl-qemuu-ovmf-amd64                          pass    
 test-amd64-amd64-rumprun-amd64                               pass    
 test-amd64-amd64-xl-qemut-win7-amd64                         fail    
 test-amd64-i386-xl-qemut-win7-amd64                          fail    
 test-amd64-amd64-xl-qemuu-win7-amd64                         fail    
 test-amd64-i386-xl-qemuu-win7-amd64                          fail    
 test-armhf-armhf-xl-arndale                                  pass    
 test-amd64-amd64-xl-credit2                                  pass    
 test-armhf-armhf-xl-credit2                                  fail    
 test-armhf-armhf-xl-cubietruck                               fail    
 test-amd64-i386-freebsd10-i386                               pass    
 test-amd64-i386-rumprun-i386                                 pass    
 test-amd64-amd64-qemuu-nested-intel                          pass    
 test-amd64-amd64-xl-pvh-intel                                fail    
 test-amd64-i386-qemut-rhel6hvm-intel                         pass    
 test-amd64-i386-qemuu-rhel6hvm-intel                         pass    
 test-amd64-amd64-libvirt                                     pass    
 test-armhf-armhf-libvirt                                     fail    
 test-amd64-i386-libvirt                                      pass    
 test-amd64-amd64-xl-multivcpu                                pass    
 test-armhf-armhf-xl-multivcpu                                fail    
 test-amd64-amd64-pair                                        pass    
 test-amd64-i386-pair                                         pass    
 test-amd64-amd64-libvirt-pair                                pass    
 test-amd64-i386-libvirt-pair                                 pass    
 test-amd64-amd64-amd64-pvgrub                                pass    
 test-amd64-amd64-i386-pvgrub                                 pass    
 test-amd64-amd64-pygrub                                      pass    
 test-armhf-armhf-libvirt-qcow2                               fail    
 test-amd64-amd64-xl-qcow2                                    fail    
 test-armhf-armhf-libvirt-raw                                 fail    
 test-amd64-i386-xl-raw                                       pass    
 test-amd64-amd64-xl-rtds                                     pass    
 test-armhf-armhf-xl-rtds                                     fail    
 test-amd64-i386-xl-qemut-winxpsp3-vcpus1                     fail    
 test-amd64-i386-xl-qemuu-winxpsp3-vcpus1                     pass    
 test-amd64-amd64-libvirt-vhd                                 fail    
 test-armhf-armhf-xl-vhd                                      fail    
 test-amd64-amd64-xl-qemut-winxpsp3                           pass    
 test-amd64-i386-xl-qemut-winxpsp3                            fail    
 test-amd64-amd64-xl-qemuu-winxpsp3                           pass    
 test-amd64-i386-xl-qemuu-winxpsp3                            pass    


------------------------------------------------------------
sg-report-flight on osstest.test-lab.xenproject.org
logs: /home/logs/logs
images: /home/logs/images

Logs, config files, etc. are available at
    http://logs.test-lab.xenproject.org/osstest/logs

Explanation of these reports, and of osstest in general, is at
    http://xenbits.xen.org/gitweb/?p=osstest.git;a=blob;f=README.email;hb=master
    http://xenbits.xen.org/gitweb/?p=osstest.git;a=blob;f=README;hb=master

Test harness code can be found at
    http://xenbits.xen.org/gitweb?p=osstest.git;a=summary


Not pushing.

(No revision log; it would be 2462 lines long.)


[-- Attachment #2: Type: text/plain, Size: 127 bytes --]

_______________________________________________
Xen-devel mailing list
Xen-devel@lists.xen.org
https://lists.xen.org/xen-devel

                 reply	other threads:[~2017-01-19 13:11 UTC|newest]

Thread overview: [no followups] expand[flat|nested]  mbox.gz  Atom feed

Reply instructions:

You may reply publicly to this message via plain-text email
using any one of the following methods:

* Save the following mbox file, import it into your mail client,
  and reply-to-all from there: mbox

  Avoid top-posting and favor interleaved quoting:
  https://en.wikipedia.org/wiki/Posting_style#Interleaved_style

* Reply using the --to, --cc, and --in-reply-to
  switches of git-send-email(1):

  git send-email \
    --in-reply-to=osstest-104272-mainreport@xen.org \
    --to=osstest-admin@xenproject.org \
    --cc=xen-devel@lists.xensource.com \
    /path/to/YOUR_REPLY

  https://kernel.org/pub/software/scm/git/docs/git-send-email.html

* If your mail client supports setting the In-Reply-To header
  via mailto: links, try the mailto: link
Be sure your reply has a Subject: header at the top and a blank line before the message body.
This is a public inbox, see mirroring instructions
for how to clone and mirror all data and code used for this inbox;
as well as URLs for NNTP newsgroup(s).