From mboxrd@z Thu Jan 1 00:00:00 1970 From: osstest service owner Subject: [linux-4.1 test] 104272: regressions - FAIL Date: Thu, 19 Jan 2017 13:11:01 +0000 Message-ID: Mime-Version: 1.0 Content-Type: multipart/mixed; boundary="===============7626562610273189863==" Return-path: List-Unsubscribe: , List-Post: List-Help: List-Subscribe: , Errors-To: xen-devel-bounces@lists.xen.org Sender: "Xen-devel" To: xen-devel@lists.xensource.com, osstest-admin@xenproject.org List-Id: xen-devel@lists.xenproject.org --===============7626562610273189863== Content-Type: text/plain flight 104272 linux-4.1 real [real] http://logs.test-lab.xenproject.org/osstest/logs/104272/ Regressions :-( Tests which did not succeed and are blocking, including tests which could not be run: test-amd64-amd64-xl-qcow2 16 guest-localmigrate/x10 fail REGR. vs. 103995 test-amd64-i386-xl-qemuu-debianhvm-amd64 15 guest-localmigrate/x10 fail REGR. vs. 103995 test-amd64-i386-xl-qemut-winxpsp3-vcpus1 15 guest-localmigrate/x10 fail REGR. vs. 103995 test-amd64-amd64-libvirt-vhd 10 guest-start fail REGR. vs. 103995 test-amd64-i386-xl-qemut-winxpsp3 15 guest-localmigrate/x10 fail REGR. vs. 103995 Regressions which are regarded as allowable (not blocking): test-armhf-armhf-xl-xsm 15 guest-start/debian.repeat fail like 103991 test-armhf-armhf-xl-rtds 11 guest-start fail like 103991 test-armhf-armhf-xl-multivcpu 15 guest-start/debian.repeat fail like 103995 test-armhf-armhf-xl 15 guest-start/debian.repeat fail like 103995 test-armhf-armhf-libvirt 13 saverestore-support-check fail like 103995 test-armhf-armhf-libvirt-xsm 11 guest-start fail like 103995 test-armhf-armhf-xl-cubietruck 15 guest-start/debian.repeat fail like 103995 test-armhf-armhf-xl-credit2 15 guest-start/debian.repeat fail like 103995 test-armhf-armhf-libvirt 15 guest-start/debian.repeat fail like 103995 test-amd64-amd64-xl-qemuu-win7-amd64 16 guest-stop fail like 103995 test-amd64-amd64-xl-qemut-win7-amd64 16 guest-stop fail like 103995 test-amd64-i386-xl-qemuu-win7-amd64 16 guest-stop fail like 103995 test-amd64-i386-xl-qemut-win7-amd64 16 guest-stop fail like 103995 test-armhf-armhf-xl-vhd 9 debian-di-install fail like 103995 test-armhf-armhf-libvirt-qcow2 9 debian-di-install fail like 103995 Tests which did not succeed, but are not blocking: test-amd64-i386-libvirt 12 migrate-support-check fail never pass test-amd64-amd64-libvirt-xsm 12 migrate-support-check fail never pass test-amd64-amd64-xl-pvh-amd 11 guest-start fail never pass test-amd64-amd64-xl-pvh-intel 14 guest-saverestore fail never pass test-amd64-amd64-libvirt 12 migrate-support-check fail never pass test-amd64-i386-libvirt-xsm 12 migrate-support-check fail never pass test-amd64-amd64-libvirt-qemuu-debianhvm-amd64-xsm 10 migrate-support-check fail never pass test-amd64-i386-libvirt-qemuu-debianhvm-amd64-xsm 10 migrate-support-check fail never pass test-armhf-armhf-xl-arndale 12 migrate-support-check fail never pass test-armhf-armhf-xl-arndale 13 saverestore-support-check fail never pass test-amd64-amd64-qemuu-nested-amd 16 debian-hvm-install/l1/l2 fail never pass test-armhf-armhf-xl-multivcpu 12 migrate-support-check fail never pass test-armhf-armhf-xl-multivcpu 13 saverestore-support-check fail never pass test-armhf-armhf-xl-xsm 12 migrate-support-check fail never pass test-armhf-armhf-xl-xsm 13 saverestore-support-check fail never pass test-armhf-armhf-xl-cubietruck 12 migrate-support-check fail never pass test-armhf-armhf-xl-cubietruck 13 saverestore-support-check fail never pass test-armhf-armhf-xl 12 migrate-support-check fail never pass test-armhf-armhf-xl-credit2 12 migrate-support-check fail never pass test-armhf-armhf-xl 13 saverestore-support-check fail never pass test-armhf-armhf-xl-credit2 13 saverestore-support-check fail never pass test-armhf-armhf-libvirt 12 migrate-support-check fail never pass test-armhf-armhf-libvirt-raw 9 debian-di-install fail never pass version targeted for testing: linux f40b3cc69de8c97bbcdb74e3cffda06ffcad2cd7 baseline version: linux 35327468a79dd9e343eaf7e66cc372f8277b2a84 Last test of basis 103995 2016-12-29 02:01:38 Z 21 days Testing same since 104272 2017-01-18 20:47:52 Z 0 days 1 attempts ------------------------------------------------------------ People who touched revisions under test: Adrian Hunter Al Viro Alan Stern Aleksa Sarai Alex Deucher Alex Porosanu Alexander Duyck Andrew Morton Andy Grover Arnd Bergmann Bart Van Assche Ben Hutchings Benjamin Marzinski Bjorn Helgaas Boris Ostrovsky Bryant G Ly Chandan Rajendra Chris Mason Chris Wilson Con Kolivas Con Kolivas Dan Carpenter Dan O'Donovan Daniel Vetter Daniele Palmas Dave Chinner David S. Miller Deepa Dinamani Dmitry Torokhov Doug Ledford Douglas Anderson Eric Dumazet Eric Sandeen Eric Sandeen Felipe Balbi Filipe Manana Geoff Levand Gerald Schaefer Giuseppe Lippolis Greg Kroah-Hartman Herbert Xu Horia Geantă Hugh Dickins Hui Wang Ian Abbott Ilya Dryomov Jaegeuk Kim Jan Kara Jarkko Sakkinen Jason Gunthorpe Jens Axboe Jesse Gross Jim Mattson Jingkui Wang Joe Thornber Johan Hovold Juergen Gross Julien Grall Jussi Laako Kalle Valo Kalle Valo Kashyap Desai Kiran Kumar Kasturi Konstantin Khlebnikov Krzysztof Kozlowski Larry Finger Linus Torvalds Linus Walleij Luis R. Rodriguez Mark Brown Martin K. Petersen Martin Schwidefsky Mathias Nyman Maxim Patlasov Michael Ellerman Michel Dänzer Mike Snitzer Nathaniel Quillin NeilBrown Nicolai Stange Olaf Hering Oliver Neukum Omar Sandoval Ondrej Kozina Paolo Bonzini Patrick Boutilier Patrik Jakobsson Paul Mackerras Paulo Zanoni Pavel Shilovsky Peter Zijlstra (Intel) Pierre de Villemereuil Rabin Vincent Rafael J. Wysocki Robbie Ko Russell Currey Sachin Prabhu Sasha Levin Sean Paul Shaohua Li Stefano Stabellini Steven Rostedt (Red Hat) Steven Rostedt Sumit Saxena Takashi Iwai Theodore Ts'o Thomas Gleixner Trond Myklebust Ulf Hansson Vinod Koul Vittorio Gambaletta (VittGam) Vittorio Gambaletta Wei Fang YOSHIFUJI Hideaki Yves-Alexis Perez Zhang Rui jobs: build-amd64-xsm pass build-armhf-xsm pass build-i386-xsm pass build-amd64 pass build-armhf pass build-i386 pass build-amd64-libvirt pass build-armhf-libvirt pass build-i386-libvirt pass build-amd64-pvops pass build-armhf-pvops pass build-i386-pvops pass build-amd64-rumprun pass build-i386-rumprun pass test-amd64-amd64-xl pass test-armhf-armhf-xl fail test-amd64-i386-xl pass test-amd64-amd64-xl-qemut-debianhvm-amd64-xsm pass test-amd64-i386-xl-qemut-debianhvm-amd64-xsm pass test-amd64-amd64-libvirt-qemuu-debianhvm-amd64-xsm pass test-amd64-i386-libvirt-qemuu-debianhvm-amd64-xsm pass test-amd64-amd64-xl-qemuu-debianhvm-amd64-xsm pass test-amd64-i386-xl-qemuu-debianhvm-amd64-xsm pass test-amd64-amd64-xl-qemut-stubdom-debianhvm-amd64-xsm pass test-amd64-i386-xl-qemut-stubdom-debianhvm-amd64-xsm pass test-amd64-amd64-libvirt-xsm pass test-armhf-armhf-libvirt-xsm fail test-amd64-i386-libvirt-xsm pass test-amd64-amd64-xl-xsm pass test-armhf-armhf-xl-xsm fail test-amd64-i386-xl-xsm pass test-amd64-amd64-qemuu-nested-amd fail test-amd64-amd64-xl-pvh-amd fail test-amd64-i386-qemut-rhel6hvm-amd pass test-amd64-i386-qemuu-rhel6hvm-amd pass test-amd64-amd64-xl-qemut-debianhvm-amd64 pass test-amd64-i386-xl-qemut-debianhvm-amd64 pass test-amd64-amd64-xl-qemuu-debianhvm-amd64 pass test-amd64-i386-xl-qemuu-debianhvm-amd64 fail test-amd64-i386-freebsd10-amd64 pass test-amd64-amd64-xl-qemuu-ovmf-amd64 pass test-amd64-i386-xl-qemuu-ovmf-amd64 pass test-amd64-amd64-rumprun-amd64 pass test-amd64-amd64-xl-qemut-win7-amd64 fail test-amd64-i386-xl-qemut-win7-amd64 fail test-amd64-amd64-xl-qemuu-win7-amd64 fail test-amd64-i386-xl-qemuu-win7-amd64 fail test-armhf-armhf-xl-arndale pass test-amd64-amd64-xl-credit2 pass test-armhf-armhf-xl-credit2 fail test-armhf-armhf-xl-cubietruck fail test-amd64-i386-freebsd10-i386 pass test-amd64-i386-rumprun-i386 pass test-amd64-amd64-qemuu-nested-intel pass test-amd64-amd64-xl-pvh-intel fail test-amd64-i386-qemut-rhel6hvm-intel pass test-amd64-i386-qemuu-rhel6hvm-intel pass test-amd64-amd64-libvirt pass test-armhf-armhf-libvirt fail test-amd64-i386-libvirt pass test-amd64-amd64-xl-multivcpu pass test-armhf-armhf-xl-multivcpu fail test-amd64-amd64-pair pass test-amd64-i386-pair pass test-amd64-amd64-libvirt-pair pass test-amd64-i386-libvirt-pair pass test-amd64-amd64-amd64-pvgrub pass test-amd64-amd64-i386-pvgrub pass test-amd64-amd64-pygrub pass test-armhf-armhf-libvirt-qcow2 fail test-amd64-amd64-xl-qcow2 fail test-armhf-armhf-libvirt-raw fail test-amd64-i386-xl-raw pass test-amd64-amd64-xl-rtds pass test-armhf-armhf-xl-rtds fail test-amd64-i386-xl-qemut-winxpsp3-vcpus1 fail test-amd64-i386-xl-qemuu-winxpsp3-vcpus1 pass test-amd64-amd64-libvirt-vhd fail test-armhf-armhf-xl-vhd fail test-amd64-amd64-xl-qemut-winxpsp3 pass test-amd64-i386-xl-qemut-winxpsp3 fail test-amd64-amd64-xl-qemuu-winxpsp3 pass test-amd64-i386-xl-qemuu-winxpsp3 pass ------------------------------------------------------------ sg-report-flight on osstest.test-lab.xenproject.org logs: /home/logs/logs images: /home/logs/images Logs, config files, etc. are available at http://logs.test-lab.xenproject.org/osstest/logs Explanation of these reports, and of osstest in general, is at http://xenbits.xen.org/gitweb/?p=osstest.git;a=blob;f=README.email;hb=master http://xenbits.xen.org/gitweb/?p=osstest.git;a=blob;f=README;hb=master Test harness code can be found at http://xenbits.xen.org/gitweb?p=osstest.git;a=summary Not pushing. (No revision log; it would be 2462 lines long.) --===============7626562610273189863== Content-Type: text/plain; charset="utf-8" MIME-Version: 1.0 Content-Transfer-Encoding: base64 Content-Disposition: inline X19fX19fX19fX19fX19fX19fX19fX19fX19fX19fX19fX19fX19fX19fX19fX18KWGVuLWRldmVs IG1haWxpbmcgbGlzdApYZW4tZGV2ZWxAbGlzdHMueGVuLm9yZwpodHRwczovL2xpc3RzLnhlbi5v cmcveGVuLWRldmVsCg== --===============7626562610273189863==--