From: osstest service owner <osstest-admin@xenproject.org>
To: xen-devel@lists.xensource.com, osstest-admin@xenproject.org
Subject: [xen-4.6-testing test] 104444: regressions - FAIL
Date: Sat, 21 Jan 2017 14:51:07 +0000 [thread overview]
Message-ID: <osstest-104444-mainreport@xen.org> (raw)
[-- Attachment #1: Type: text/plain, Size: 19485 bytes --]
flight 104444 xen-4.6-testing real [real]
http://logs.test-lab.xenproject.org/osstest/logs/104444/
Regressions :-(
Tests which did not succeed and are blocking,
including tests which could not be run:
build-amd64-xsm 5 xen-build fail REGR. vs. 104308
build-amd64 5 xen-build fail REGR. vs. 104308
build-armhf-xsm 5 xen-build fail REGR. vs. 104308
build-armhf 5 xen-build fail REGR. vs. 104308
build-i386-xsm 5 xen-build fail REGR. vs. 104308
build-i386 5 xen-build fail REGR. vs. 104308
Tests which did not succeed, but are not blocking:
test-amd64-amd64-xl-qemuu-debianhvm-amd64 1 build-check(1) blocked n/a
test-amd64-i386-freebsd10-i386 1 build-check(1) blocked n/a
test-amd64-amd64-qemuu-nested-intel 1 build-check(1) blocked n/a
test-amd64-i386-libvirt-qemuu-debianhvm-amd64-xsm 1 build-check(1) blocked n/a
test-xtf-amd64-amd64-1 1 build-check(1) blocked n/a
test-armhf-armhf-libvirt 1 build-check(1) blocked n/a
test-amd64-i386-xl-qemuu-debianhvm-amd64-xsm 1 build-check(1) blocked n/a
test-amd64-i386-xl-qemut-debianhvm-amd64-xsm 1 build-check(1) blocked n/a
test-amd64-amd64-migrupgrade 1 build-check(1) blocked n/a
test-amd64-amd64-xl-qemut-stubdom-debianhvm-amd64-xsm 1 build-check(1) blocked n/a
test-amd64-i386-xl-qemuu-winxpsp3-vcpus1 1 build-check(1) blocked n/a
test-armhf-armhf-libvirt-raw 1 build-check(1) blocked n/a
test-amd64-i386-libvirt-xsm 1 build-check(1) blocked n/a
test-amd64-amd64-xl-multivcpu 1 build-check(1) blocked n/a
test-amd64-i386-xl-qemuu-winxpsp3 1 build-check(1) blocked n/a
test-amd64-amd64-libvirt 1 build-check(1) blocked n/a
test-amd64-i386-xl-qemut-winxpsp3 1 build-check(1) blocked n/a
test-amd64-amd64-xl-pvh-amd 1 build-check(1) blocked n/a
test-amd64-i386-xl-qemut-debianhvm-amd64 1 build-check(1) blocked n/a
test-amd64-i386-qemut-rhel6hvm-intel 1 build-check(1) blocked n/a
test-amd64-i386-freebsd10-amd64 1 build-check(1) blocked n/a
test-amd64-amd64-pair 1 build-check(1) blocked n/a
test-armhf-armhf-xl-credit2 1 build-check(1) blocked n/a
build-i386-rumprun 1 build-check(1) blocked n/a
test-amd64-amd64-xl-qemuu-win7-amd64 1 build-check(1) blocked n/a
test-amd64-amd64-libvirt-qemuu-debianhvm-amd64-xsm 1 build-check(1) blocked n/a
test-amd64-amd64-pygrub 1 build-check(1) blocked n/a
test-amd64-amd64-xl-qemuu-winxpsp3 1 build-check(1) blocked n/a
test-amd64-amd64-xl-qcow2 1 build-check(1) blocked n/a
test-amd64-amd64-amd64-pvgrub 1 build-check(1) blocked n/a
test-xtf-amd64-amd64-2 1 build-check(1) blocked n/a
test-armhf-armhf-xl-arndale 1 build-check(1) blocked n/a
test-amd64-amd64-xl-qemut-win7-amd64 1 build-check(1) blocked n/a
test-amd64-i386-xl-qemuu-debianhvm-amd64 1 build-check(1) blocked n/a
build-amd64-rumprun 1 build-check(1) blocked n/a
test-armhf-armhf-libvirt-xsm 1 build-check(1) blocked n/a
build-i386-libvirt 1 build-check(1) blocked n/a
test-amd64-i386-xl 1 build-check(1) blocked n/a
test-amd64-i386-libvirt-pair 1 build-check(1) blocked n/a
test-xtf-amd64-amd64-4 1 build-check(1) blocked n/a
test-amd64-amd64-xl-qemuu-ovmf-amd64 1 build-check(1) blocked n/a
test-amd64-amd64-libvirt-vhd 1 build-check(1) blocked n/a
test-amd64-amd64-xl-credit2 1 build-check(1) blocked n/a
test-armhf-armhf-xl-multivcpu 1 build-check(1) blocked n/a
test-amd64-i386-xl-xsm 1 build-check(1) blocked n/a
build-amd64-libvirt 1 build-check(1) blocked n/a
test-amd64-amd64-xl-qemuu-debianhvm-amd64-xsm 1 build-check(1) blocked n/a
test-amd64-amd64-rumprun-amd64 1 build-check(1) blocked n/a
test-xtf-amd64-amd64-3 1 build-check(1) blocked n/a
test-amd64-i386-xl-qemuu-ovmf-amd64 1 build-check(1) blocked n/a
test-amd64-amd64-xl-pvh-intel 1 build-check(1) blocked n/a
test-amd64-i386-xl-raw 1 build-check(1) blocked n/a
test-amd64-amd64-i386-pvgrub 1 build-check(1) blocked n/a
test-amd64-i386-qemuu-rhel6hvm-amd 1 build-check(1) blocked n/a
test-amd64-amd64-xl-qemut-winxpsp3 1 build-check(1) blocked n/a
test-xtf-amd64-amd64-5 1 build-check(1) blocked n/a
build-armhf-libvirt 1 build-check(1) blocked n/a
test-armhf-armhf-libvirt-qcow2 1 build-check(1) blocked n/a
test-amd64-amd64-libvirt-pair 1 build-check(1) blocked n/a
test-amd64-i386-libvirt 1 build-check(1) blocked n/a
test-armhf-armhf-xl 1 build-check(1) blocked n/a
test-amd64-amd64-libvirt-xsm 1 build-check(1) blocked n/a
test-amd64-amd64-xl-xsm 1 build-check(1) blocked n/a
test-amd64-i386-xl-qemut-winxpsp3-vcpus1 1 build-check(1) blocked n/a
test-amd64-i386-qemuu-rhel6hvm-intel 1 build-check(1) blocked n/a
test-armhf-armhf-xl-vhd 1 build-check(1) blocked n/a
test-amd64-i386-migrupgrade 1 build-check(1) blocked n/a
test-amd64-i386-xl-qemuu-win7-amd64 1 build-check(1) blocked n/a
test-amd64-amd64-xl 1 build-check(1) blocked n/a
test-amd64-i386-pair 1 build-check(1) blocked n/a
test-amd64-i386-rumprun-i386 1 build-check(1) blocked n/a
test-amd64-amd64-qemuu-nested-amd 1 build-check(1) blocked n/a
test-amd64-i386-xl-qemut-stubdom-debianhvm-amd64-xsm 1 build-check(1) blocked n/a
test-armhf-armhf-xl-cubietruck 1 build-check(1) blocked n/a
test-amd64-i386-xl-qemut-win7-amd64 1 build-check(1) blocked n/a
test-amd64-i386-qemut-rhel6hvm-amd 1 build-check(1) blocked n/a
test-armhf-armhf-xl-rtds 1 build-check(1) blocked n/a
test-amd64-amd64-xl-qemut-debianhvm-amd64-xsm 1 build-check(1) blocked n/a
test-amd64-amd64-xl-qemut-debianhvm-amd64 1 build-check(1) blocked n/a
test-armhf-armhf-xl-xsm 1 build-check(1) blocked n/a
test-amd64-amd64-xl-rtds 1 build-check(1) blocked n/a
version targeted for testing:
xen 3658f7a0bdd8fcda217559927e25263a07398c27
baseline version:
xen 40837a38ef39b1706cec2d09d5d248494ccd2909
Last test of basis 104308 2017-01-19 16:01:48 Z 1 days
Testing same since 104364 2017-01-20 21:03:16 Z 0 days 4 attempts
------------------------------------------------------------
People who touched revisions under test:
Roger Pau Monne <roger.pau@citrix.com>
Roger Pau Monné <roger.pau@citrix.com>
Wei Liu <wei.liu2@citrix.com>
jobs:
build-amd64-xsm fail
build-armhf-xsm fail
build-i386-xsm fail
build-amd64-xtf pass
build-amd64 fail
build-armhf fail
build-i386 fail
build-amd64-libvirt blocked
build-armhf-libvirt blocked
build-i386-libvirt blocked
build-amd64-prev pass
build-i386-prev pass
build-amd64-pvops pass
build-armhf-pvops pass
build-i386-pvops pass
build-amd64-rumprun blocked
build-i386-rumprun blocked
test-xtf-amd64-amd64-1 blocked
test-xtf-amd64-amd64-2 blocked
test-xtf-amd64-amd64-3 blocked
test-xtf-amd64-amd64-4 blocked
test-xtf-amd64-amd64-5 blocked
test-amd64-amd64-xl blocked
test-armhf-armhf-xl blocked
test-amd64-i386-xl blocked
test-amd64-amd64-xl-qemut-debianhvm-amd64-xsm blocked
test-amd64-i386-xl-qemut-debianhvm-amd64-xsm blocked
test-amd64-amd64-libvirt-qemuu-debianhvm-amd64-xsm blocked
test-amd64-i386-libvirt-qemuu-debianhvm-amd64-xsm blocked
test-amd64-amd64-xl-qemuu-debianhvm-amd64-xsm blocked
test-amd64-i386-xl-qemuu-debianhvm-amd64-xsm blocked
test-amd64-amd64-xl-qemut-stubdom-debianhvm-amd64-xsm blocked
test-amd64-i386-xl-qemut-stubdom-debianhvm-amd64-xsm blocked
test-amd64-amd64-libvirt-xsm blocked
test-armhf-armhf-libvirt-xsm blocked
test-amd64-i386-libvirt-xsm blocked
test-amd64-amd64-xl-xsm blocked
test-armhf-armhf-xl-xsm blocked
test-amd64-i386-xl-xsm blocked
test-amd64-amd64-qemuu-nested-amd blocked
test-amd64-amd64-xl-pvh-amd blocked
test-amd64-i386-qemut-rhel6hvm-amd blocked
test-amd64-i386-qemuu-rhel6hvm-amd blocked
test-amd64-amd64-xl-qemut-debianhvm-amd64 blocked
test-amd64-i386-xl-qemut-debianhvm-amd64 blocked
test-amd64-amd64-xl-qemuu-debianhvm-amd64 blocked
test-amd64-i386-xl-qemuu-debianhvm-amd64 blocked
test-amd64-i386-freebsd10-amd64 blocked
test-amd64-amd64-xl-qemuu-ovmf-amd64 blocked
test-amd64-i386-xl-qemuu-ovmf-amd64 blocked
test-amd64-amd64-rumprun-amd64 blocked
test-amd64-amd64-xl-qemut-win7-amd64 blocked
test-amd64-i386-xl-qemut-win7-amd64 blocked
test-amd64-amd64-xl-qemuu-win7-amd64 blocked
test-amd64-i386-xl-qemuu-win7-amd64 blocked
test-armhf-armhf-xl-arndale blocked
test-amd64-amd64-xl-credit2 blocked
test-armhf-armhf-xl-credit2 blocked
test-armhf-armhf-xl-cubietruck blocked
test-amd64-i386-freebsd10-i386 blocked
test-amd64-i386-rumprun-i386 blocked
test-amd64-amd64-qemuu-nested-intel blocked
test-amd64-amd64-xl-pvh-intel blocked
test-amd64-i386-qemut-rhel6hvm-intel blocked
test-amd64-i386-qemuu-rhel6hvm-intel blocked
test-amd64-amd64-libvirt blocked
test-armhf-armhf-libvirt blocked
test-amd64-i386-libvirt blocked
test-amd64-amd64-migrupgrade blocked
test-amd64-i386-migrupgrade blocked
test-amd64-amd64-xl-multivcpu blocked
test-armhf-armhf-xl-multivcpu blocked
test-amd64-amd64-pair blocked
test-amd64-i386-pair blocked
test-amd64-amd64-libvirt-pair blocked
test-amd64-i386-libvirt-pair blocked
test-amd64-amd64-amd64-pvgrub blocked
test-amd64-amd64-i386-pvgrub blocked
test-amd64-amd64-pygrub blocked
test-armhf-armhf-libvirt-qcow2 blocked
test-amd64-amd64-xl-qcow2 blocked
test-armhf-armhf-libvirt-raw blocked
test-amd64-i386-xl-raw blocked
test-amd64-amd64-xl-rtds blocked
test-armhf-armhf-xl-rtds blocked
test-amd64-i386-xl-qemut-winxpsp3-vcpus1 blocked
test-amd64-i386-xl-qemuu-winxpsp3-vcpus1 blocked
test-amd64-amd64-libvirt-vhd blocked
test-armhf-armhf-xl-vhd blocked
test-amd64-amd64-xl-qemut-winxpsp3 blocked
test-amd64-i386-xl-qemut-winxpsp3 blocked
test-amd64-amd64-xl-qemuu-winxpsp3 blocked
test-amd64-i386-xl-qemuu-winxpsp3 blocked
------------------------------------------------------------
sg-report-flight on osstest.test-lab.xenproject.org
logs: /home/logs/logs
images: /home/logs/images
Logs, config files, etc. are available at
http://logs.test-lab.xenproject.org/osstest/logs
Explanation of these reports, and of osstest in general, is at
http://xenbits.xen.org/gitweb/?p=osstest.git;a=blob;f=README.email;hb=master
http://xenbits.xen.org/gitweb/?p=osstest.git;a=blob;f=README;hb=master
Test harness code can be found at
http://xenbits.xen.org/gitweb?p=osstest.git;a=summary
Not pushing.
------------------------------------------------------------
commit 3658f7a0bdd8fcda217559927e25263a07398c27
Author: Wei Liu <wei.liu2@citrix.com>
Date: Thu Dec 29 16:36:31 2016 +0000
libxl: fix libxl_set_memory_target
Commit 26dbc93a ("libxl: Remove pointless hypercall from
libxl_set_memory_target") removed the call to xc_domain_getinfolist, but
it failed to notice that "info" was actually needed later.
Put that back. While at it, make the code conform to coding style
requirement.
Reported-by: Juergen Gross <jgross@suse.com>
Signed-off-by: Wei Liu <wei.liu2@citrix.com>
(cherry picked from commit ed5f19aea66fe5a72060d6a795ffcd23b7643ee3)
(cherry picked from commit e1cefedd80f9972854769bfc6e32e23b56cd0712)
(cherry picked from commit 013ee593ca0456e1adfdf80ef7e44b151cdb1545)
commit ccb36fb43a8da85cc8465122ec34bf78c8e4f356
Author: Roger Pau Monne <roger.pau@citrix.com>
Date: Wed Dec 21 16:47:26 2016 +0000
init/FreeBSD: fix incorrect usage of $rc_pids in xendriverdomain
It should be rc_pid.
Signed-off-by: Roger Pau Monné <roger.pau@citrix.com>
Reported-by: Nathan Friess <nathan.friess@gmail.com>
Acked-by: Wei Liu <wei.liu2@citrix.com>
(cherry picked from commit fb4c92ffa661516e41d24974d3d0a2a3608caf68)
(cherry picked from commit c5efe958ca4b86779dc7564bf2682f3df71202e7)
(cherry picked from commit 287553f8d108f3660ec7eefb9a5b139d4a6faf30)
commit 2109ae695302afa0e0466086d383569814bd7725
Author: Roger Pau Monne <roger.pau@citrix.com>
Date: Mon Dec 19 15:02:04 2016 +0000
init/FreeBSD: add rc control variables
Those are used in order to decide which scripts are executed at init.
Ref: https://www.freebsd.org/doc/en/articles/rc-scripting/article.html#rcng-confdummy
Signed-off-by: Roger Pau Monné <roger.pau@citrix.com>
Acked-by: Wei Liu <wei.liu2@citrix.com>
[ wei: fix up conflict ]
Signed-off-by: Wei Liu <wei.liu2@citrix.com>
(cherry picked from commit 4d362ce02aaf1699957fb7c0edc6ae5839ccb30e)
(cherry picked from commit 63c68c7ec5b926d218d4d81b96b4352d30a59c7b)
(cherry picked from commit 675aa124b414d6411f7a661ef638e73e45645b61)
commit 2f8bdf1673ffeb3a8a4ede0435a319888b774467
Author: Roger Pau Monne <roger.pau@citrix.com>
Date: Mon Dec 19 15:02:03 2016 +0000
init/FreeBSD: fix xencommons so it can only be launched by Dom0
At the moment the execution of xencommons is gated on the presence of the
privcmd device, but that's not correct, since privcmd is available to all Xen
domains (privileged or unprivileged). Instead of using privcmd use the
xenstored device, which will only be available to the domain that's in charge
of running xenstored, and thus xencommons.
Signed-off-by: Roger Pau Monné <roger.pau@citrix.com>
Acked-by: Wei Liu <wei.liu2@citrix.com>
(cherry picked from commit c875b9778da0c56a0c118626771465b87df31fe8)
(cherry picked from commit 3667bc0394743085548c85632b8dc5c3d77483d7)
(cherry picked from commit aa804864f151352ba83292e8918637d0bb319491)
commit 1d6ced7251ff9fc4b74ed7b33bbdb04741edfca7
Author: Roger Pau Monne <roger.pau@citrix.com>
Date: Mon Dec 19 15:02:02 2016 +0000
init/FreeBSD: remove xendriverdomain_precmd
...because it's empty. While there also rename xendriverdomain_startcmd to
xendriverdomain_start in order to match the nomenclature of the file.
Signed-off-by: Roger Pau Monné <roger.pau@citrix.com>
Acked-by: Wei Liu <wei.liu2@citrix.com>
[ wei: fix up minor error ]
Signed-off-by: Wei Liu <wei.liu2@citrix.com>
(cherry picked from commit 29b968e46b215bea8881abdfd06a046417b83006)
(cherry picked from commit 86e54bea2bbaa01cbb4b04ec73dee459b89734f2)
(cherry picked from commit 57a037ec287cd6069c6e38df247d6316e00cb9db)
commit de45d2471e9581b465f2a6f271d63ed460857cd3
Author: Roger Pau Monne <roger.pau@citrix.com>
Date: Mon Dec 19 15:02:01 2016 +0000
init/FreeBSD: set correct PATH for xl devd
FreeBSD init scripts don't have /usr/local/{bin/sbin} in it's PATH, which
prevents `xl devd` from working properly since hotplug scripts require the set
of xenstore cli tools to be in PATH.
While there also fix the usage of --pidfile, which according to the xl help
doesn't use "=", and add braces around XLDEVD_PIDFILE.
Signed-off-by: Roger Pau Monné <roger.pau@citrix.com>
Acked-by: Wei Liu <wei.liu2@citrix.com>
(cherry picked from commit 1d52073334d7615934fe804bc656b7aab0e92ebd)
(cherry picked from commit e7ad85ef7ecd64cb80705d438bc1b041e3605310)
(cherry picked from commit 36095b27368479056b56f5f0e53c084129fc9c66)
(qemu changes not included)
[-- Attachment #2: Type: text/plain, Size: 127 bytes --]
_______________________________________________
Xen-devel mailing list
Xen-devel@lists.xen.org
https://lists.xen.org/xen-devel
reply other threads:[~2017-01-21 14:51 UTC|newest]
Thread overview: [no followups] expand[flat|nested] mbox.gz Atom feed
Reply instructions:
You may reply publicly to this message via plain-text email
using any one of the following methods:
* Save the following mbox file, import it into your mail client,
and reply-to-all from there: mbox
Avoid top-posting and favor interleaved quoting:
https://en.wikipedia.org/wiki/Posting_style#Interleaved_style
* Reply using the --to, --cc, and --in-reply-to
switches of git-send-email(1):
git send-email \
--in-reply-to=osstest-104444-mainreport@xen.org \
--to=osstest-admin@xenproject.org \
--cc=xen-devel@lists.xensource.com \
/path/to/YOUR_REPLY
https://kernel.org/pub/software/scm/git/docs/git-send-email.html
* If your mail client supports setting the In-Reply-To header
via mailto: links, try the mailto: link
Be sure your reply has a Subject: header at the top and a blank line
before the message body.
This is a public inbox, see mirroring instructions
for how to clone and mirror all data and code used for this inbox;
as well as URLs for NNTP newsgroup(s).