From: osstest service owner <osstest-admin@xenproject.org>
To: xen-devel@lists.xensource.com, osstest-admin@xenproject.org
Subject: [linux-3.18 test] 105632: tolerable FAIL - PUSHED
Date: Wed, 08 Feb 2017 15:02:25 +0000 [thread overview]
Message-ID: <osstest-105632-mainreport@xen.org> (raw)
flight 105632 linux-3.18 real [real]
http://logs.test-lab.xenproject.org/osstest/logs/105632/
Failures :-/ but no regressions.
Regressions which are regarded as allowable (not blocking):
test-armhf-armhf-libvirt-raw 12 saverestore-support-check fail like 104271
test-armhf-armhf-libvirt 13 saverestore-support-check fail like 104291
test-armhf-armhf-libvirt-xsm 13 saverestore-support-check fail like 104291
test-amd64-amd64-xl-qemut-win7-amd64 16 guest-stop fail like 104291
test-amd64-i386-xl-qemut-win7-amd64 16 guest-stop fail like 104291
test-amd64-i386-xl-qemuu-win7-amd64 16 guest-stop fail like 104291
Tests which did not succeed, but are not blocking:
test-arm64-arm64-libvirt-xsm 1 build-check(1) blocked n/a
test-arm64-arm64-xl 1 build-check(1) blocked n/a
build-arm64-libvirt 1 build-check(1) blocked n/a
test-arm64-arm64-libvirt-qcow2 1 build-check(1) blocked n/a
test-arm64-arm64-libvirt 1 build-check(1) blocked n/a
test-arm64-arm64-xl-credit2 1 build-check(1) blocked n/a
test-arm64-arm64-xl-rtds 1 build-check(1) blocked n/a
test-arm64-arm64-xl-multivcpu 1 build-check(1) blocked n/a
test-arm64-arm64-xl-xsm 1 build-check(1) blocked n/a
build-arm64 5 xen-build fail never pass
build-arm64-xsm 5 xen-build fail never pass
test-amd64-amd64-xl-pvh-intel 14 guest-saverestore fail never pass
test-amd64-amd64-libvirt 12 migrate-support-check fail never pass
test-amd64-i386-libvirt 12 migrate-support-check fail never pass
build-arm64-pvops 5 kernel-build fail never pass
test-amd64-amd64-xl-pvh-amd 11 guest-start fail never pass
test-amd64-i386-libvirt-xsm 12 migrate-support-check fail never pass
test-amd64-amd64-libvirt-qemuu-debianhvm-amd64-xsm 10 migrate-support-check fail never pass
test-amd64-amd64-libvirt-xsm 12 migrate-support-check fail never pass
test-amd64-i386-libvirt-qemuu-debianhvm-amd64-xsm 10 migrate-support-check fail never pass
test-amd64-amd64-libvirt-vhd 11 migrate-support-check fail never pass
test-armhf-armhf-xl-multivcpu 12 migrate-support-check fail never pass
test-armhf-armhf-xl-arndale 12 migrate-support-check fail never pass
test-armhf-armhf-xl-multivcpu 13 saverestore-support-check fail never pass
test-armhf-armhf-xl-arndale 13 saverestore-support-check fail never pass
test-armhf-armhf-libvirt 12 migrate-support-check fail never pass
test-armhf-armhf-libvirt-xsm 12 migrate-support-check fail never pass
test-amd64-amd64-qemuu-nested-amd 16 debian-hvm-install/l1/l2 fail never pass
test-armhf-armhf-xl-cubietruck 12 migrate-support-check fail never pass
test-armhf-armhf-xl-cubietruck 13 saverestore-support-check fail never pass
test-armhf-armhf-xl 12 migrate-support-check fail never pass
test-armhf-armhf-xl-xsm 12 migrate-support-check fail never pass
test-armhf-armhf-xl 13 saverestore-support-check fail never pass
test-armhf-armhf-xl-xsm 13 saverestore-support-check fail never pass
test-armhf-armhf-libvirt-raw 11 migrate-support-check fail never pass
test-armhf-armhf-xl-credit2 12 migrate-support-check fail never pass
test-armhf-armhf-xl-credit2 13 saverestore-support-check fail never pass
test-armhf-armhf-xl-rtds 12 migrate-support-check fail never pass
test-armhf-armhf-xl-rtds 13 saverestore-support-check fail never pass
test-armhf-armhf-xl-vhd 11 migrate-support-check fail never pass
test-armhf-armhf-xl-vhd 12 saverestore-support-check fail never pass
version targeted for testing:
linux 53752ea210016b548cfc3898e6a5ea338fcb6c2c
baseline version:
linux 8433e5c9c8304b750c519ce3e0940dab675f6573
Last test of basis 104291 2017-01-19 09:23:37 Z 20 days
Testing same since 105632 2017-02-08 09:05:36 Z 0 days 1 attempts
------------------------------------------------------------
People who touched revisions under test:
Andrew Morton <akpm@linux-foundation.org>
Andrey Konovalov <adech.fo@gmail.com>
Andrey Ryabinin <a.ryabinin@samsung.com>
Andy Shevchenko <andriy.shevchenko@linux.intel.com>
Anil Gurumurthy <anil.gurumurthy@qlogic.com>
Arnd Bergmann <arnd@arndb.de>
Bartlomiej Zolnierkiewicz <b.zolnierkie@samsung.com>
Brian Norris <computersforpeace@gmail.com>
Colin Ian King <colin.king@canonical.com>
Dan Carpenter <dan.carpenter@oracle.com>
Daniel Vetter <daniel.vetter@ffwll.ch>
David Malcolm <dmalcolm@redhat.com>
David Miller <davem@davemloft.net>
David S. Miller <davem@davemloft.net>
David Vrabel <david.vrabel@citrix.com>
Eric Dumazet <edumazet@google.com>
Felipe Balbi <balbi@ti.com>
Geert Uytterhoeven <geert+renesas@glider.be>
Greg Kroah-Hartman <gregkh@linuxfoundation.org>
Hans Verkuil <hans.verkuil@cisco.com>
Hans Westgaard Ry <hans.westgaard.ry@oracle.com>
Ingo Molnar <mingo@kernel.org>
James Bottomley <JBottomley@Odin.com>
James C Boyd <jcboyd.dev@gmail.com>
Jeff Kirsher <jeffrey.t.kirsher@intel.com>
Jes Sorensen <Jes.Sorensen@redhat.com>
Jim Young <jamesx.m.young@intel.com>
Jiri Kosina <jkosina@suse.cz>
Jiri Slaby <jslaby@suse.cz>
Joe Perches <joe@perches.com>
Jonathan Cameron <jic23@kernel.org>
Juergen Gross <jgross@suse.com>
Kalle Valo <kvalo@codeaurora.org>
Laurent Pinchart <laurent.pinchart@ideasonboard.com>
Linus Torvalds <torvalds@linux-foundation.org>
Luis de Bethencourt <luisbg@osg.samsung.com>
Magnus Damm <damm+renesas@opensource.se>
Marcel Holtmann <marcel@holtmann.org>
Mark Brown <broonie@kernel.org>
Martin K. Petersen <martin.petersen@oracle.com>
Mauro Carvalho Chehab <mchehab@osg.samsung.com>
Pablo Neira Ayuso <pablo@netfilter.org>
Simon Horman <horms+renesas@verge.net.au>
Stanislaw Gruszka <sgruszka@redhat.com>
Steven Rostedt <rostedt@goodmis.org>
Takashi Iwai <tiwai@suse.de>
Tejun Heo <tj@kernel.org>
Tillmann Heidsieck <theidsieck@leenox.de>
Tim Gardner <tim.gardner@canonical.com>
Tomer Barletz <barletz@gmail.com>
Yoshihiro Shimoda <yoshihiro.shimoda.uh@renesas.com>
jobs:
build-amd64-xsm pass
build-arm64-xsm fail
build-armhf-xsm pass
build-i386-xsm pass
build-amd64 pass
build-arm64 fail
build-armhf pass
build-i386 pass
build-amd64-libvirt pass
build-arm64-libvirt blocked
build-armhf-libvirt pass
build-i386-libvirt pass
build-amd64-pvops pass
build-arm64-pvops fail
build-armhf-pvops pass
build-i386-pvops pass
build-amd64-rumprun pass
build-i386-rumprun pass
test-amd64-amd64-xl pass
test-arm64-arm64-xl blocked
test-armhf-armhf-xl pass
test-amd64-i386-xl pass
test-amd64-amd64-xl-qemut-debianhvm-amd64-xsm pass
test-amd64-i386-xl-qemut-debianhvm-amd64-xsm pass
test-amd64-amd64-libvirt-qemuu-debianhvm-amd64-xsm pass
test-amd64-i386-libvirt-qemuu-debianhvm-amd64-xsm pass
test-amd64-amd64-xl-qemuu-debianhvm-amd64-xsm pass
test-amd64-i386-xl-qemuu-debianhvm-amd64-xsm pass
test-amd64-amd64-xl-qemut-stubdom-debianhvm-amd64-xsm pass
test-amd64-i386-xl-qemut-stubdom-debianhvm-amd64-xsm pass
test-amd64-amd64-libvirt-xsm pass
test-arm64-arm64-libvirt-xsm blocked
test-armhf-armhf-libvirt-xsm pass
test-amd64-i386-libvirt-xsm pass
test-amd64-amd64-xl-xsm pass
test-arm64-arm64-xl-xsm blocked
test-armhf-armhf-xl-xsm pass
test-amd64-i386-xl-xsm pass
test-amd64-amd64-qemuu-nested-amd fail
test-amd64-amd64-xl-pvh-amd fail
test-amd64-i386-qemut-rhel6hvm-amd pass
test-amd64-i386-qemuu-rhel6hvm-amd pass
test-amd64-amd64-xl-qemut-debianhvm-amd64 pass
test-amd64-i386-xl-qemut-debianhvm-amd64 pass
test-amd64-amd64-xl-qemuu-debianhvm-amd64 pass
test-amd64-i386-xl-qemuu-debianhvm-amd64 pass
test-amd64-i386-freebsd10-amd64 pass
test-amd64-amd64-xl-qemuu-ovmf-amd64 pass
test-amd64-i386-xl-qemuu-ovmf-amd64 pass
test-amd64-amd64-rumprun-amd64 pass
test-amd64-amd64-xl-qemut-win7-amd64 fail
test-amd64-i386-xl-qemut-win7-amd64 fail
test-amd64-amd64-xl-qemuu-win7-amd64 pass
test-amd64-i386-xl-qemuu-win7-amd64 fail
test-armhf-armhf-xl-arndale pass
test-amd64-amd64-xl-credit2 pass
test-arm64-arm64-xl-credit2 blocked
test-armhf-armhf-xl-credit2 pass
test-armhf-armhf-xl-cubietruck pass
test-amd64-i386-freebsd10-i386 pass
test-amd64-i386-rumprun-i386 pass
test-amd64-amd64-qemuu-nested-intel pass
test-amd64-amd64-xl-pvh-intel fail
test-amd64-i386-qemut-rhel6hvm-intel pass
test-amd64-i386-qemuu-rhel6hvm-intel pass
test-amd64-amd64-libvirt pass
test-arm64-arm64-libvirt blocked
test-armhf-armhf-libvirt pass
test-amd64-i386-libvirt pass
test-amd64-amd64-xl-multivcpu pass
test-arm64-arm64-xl-multivcpu blocked
test-armhf-armhf-xl-multivcpu pass
test-amd64-amd64-pair pass
test-amd64-i386-pair pass
test-amd64-amd64-libvirt-pair pass
test-amd64-i386-libvirt-pair pass
test-amd64-amd64-amd64-pvgrub pass
test-amd64-amd64-i386-pvgrub pass
test-amd64-amd64-pygrub pass
test-arm64-arm64-libvirt-qcow2 blocked
test-amd64-amd64-xl-qcow2 pass
test-armhf-armhf-libvirt-raw pass
test-amd64-i386-xl-raw pass
test-amd64-amd64-xl-rtds pass
test-arm64-arm64-xl-rtds blocked
test-armhf-armhf-xl-rtds pass
test-amd64-i386-xl-qemut-winxpsp3-vcpus1 pass
test-amd64-i386-xl-qemuu-winxpsp3-vcpus1 pass
test-amd64-amd64-libvirt-vhd pass
test-armhf-armhf-xl-vhd pass
test-amd64-amd64-xl-qemut-winxpsp3 pass
test-amd64-i386-xl-qemut-winxpsp3 pass
test-amd64-amd64-xl-qemuu-winxpsp3 pass
test-amd64-i386-xl-qemuu-winxpsp3 pass
------------------------------------------------------------
sg-report-flight on osstest.test-lab.xenproject.org
logs: /home/logs/logs
images: /home/logs/images
Logs, config files, etc. are available at
http://logs.test-lab.xenproject.org/osstest/logs
Explanation of these reports, and of osstest in general, is at
http://xenbits.xen.org/gitweb/?p=osstest.git;a=blob;f=README.email;hb=master
http://xenbits.xen.org/gitweb/?p=osstest.git;a=blob;f=README;hb=master
Test harness code can be found at
http://xenbits.xen.org/gitweb?p=osstest.git;a=summary
Pushing revision :
+ branch=linux-3.18
+ revision=53752ea210016b548cfc3898e6a5ea338fcb6c2c
+ . ./cri-lock-repos
++ . ./cri-common
+++ . ./cri-getconfig
+++ umask 002
+++ getrepos
++++ getconfig Repos
++++ perl -e '
use Osstest;
readglobalconfig();
print $c{"Repos"} or die $!;
'
+++ local repos=/home/osstest/repos
+++ '[' -z /home/osstest/repos ']'
+++ '[' '!' -d /home/osstest/repos ']'
+++ echo /home/osstest/repos
++ repos=/home/osstest/repos
++ repos_lock=/home/osstest/repos/lock
++ '[' x '!=' x/home/osstest/repos/lock ']'
++ OSSTEST_REPOS_LOCK_LOCKED=/home/osstest/repos/lock
++ exec with-lock-ex -w /home/osstest/repos/lock ./ap-push linux-3.18 53752ea210016b548cfc3898e6a5ea338fcb6c2c
+ branch=linux-3.18
+ revision=53752ea210016b548cfc3898e6a5ea338fcb6c2c
+ . ./cri-lock-repos
++ . ./cri-common
+++ . ./cri-getconfig
+++ umask 002
+++ getrepos
++++ getconfig Repos
++++ perl -e '
use Osstest;
readglobalconfig();
print $c{"Repos"} or die $!;
'
+++ local repos=/home/osstest/repos
+++ '[' -z /home/osstest/repos ']'
+++ '[' '!' -d /home/osstest/repos ']'
+++ echo /home/osstest/repos
++ repos=/home/osstest/repos
++ repos_lock=/home/osstest/repos/lock
++ '[' x/home/osstest/repos/lock '!=' x/home/osstest/repos/lock ']'
+ . ./cri-common
++ . ./cri-getconfig
++ umask 002
+ select_xenbranch
+ case "$branch" in
+ tree=linux
+ xenbranch=xen-unstable
+ '[' xlinux = xlinux ']'
+ linuxbranch=linux-3.18
+ '[' x = x ']'
+ qemuubranch=qemu-upstream-unstable
+ select_prevxenbranch
++ ./cri-getprevxenbranch xen-unstable
+ prevxenbranch=xen-4.8-testing
+ '[' x53752ea210016b548cfc3898e6a5ea338fcb6c2c = x ']'
+ : tested/2.6.39.x
+ . ./ap-common
++ : osstest@xenbits.xen.org
+++ getconfig OsstestUpstream
+++ perl -e '
use Osstest;
readglobalconfig();
print $c{"OsstestUpstream"} or die $!;
'
++ :
++ : git://xenbits.xen.org/xen.git
++ : osstest@xenbits.xen.org:/home/xen/git/xen.git
++ : git://xenbits.xen.org/qemu-xen-traditional.git
++ : git://git.kernel.org
++ : git://git.kernel.org/pub/scm/linux/kernel/git
++ : git
++ : git://xenbits.xen.org/xtf.git
++ : osstest@xenbits.xen.org:/home/xen/git/xtf.git
++ : git://xenbits.xen.org/xtf.git
++ : git://xenbits.xen.org/libvirt.git
++ : osstest@xenbits.xen.org:/home/xen/git/libvirt.git
++ : git://xenbits.xen.org/libvirt.git
++ : git://xenbits.xen.org/osstest/rumprun.git
++ : git
++ : git://xenbits.xen.org/osstest/rumprun.git
++ : osstest@xenbits.xen.org:/home/xen/git/osstest/rumprun.git
++ : git://git.seabios.org/seabios.git
++ : osstest@xenbits.xen.org:/home/xen/git/osstest/seabios.git
++ : git://xenbits.xen.org/osstest/seabios.git
++ : https://github.com/tianocore/edk2.git
++ : osstest@xenbits.xen.org:/home/xen/git/osstest/ovmf.git
++ : git://xenbits.xen.org/osstest/ovmf.git
++ : git://xenbits.xen.org/osstest/linux-firmware.git
++ : osstest@xenbits.xen.org:/home/osstest/ext/linux-firmware.git
++ : git://git.kernel.org/pub/scm/linux/kernel/git/firmware/linux-firmware.git
++ : osstest@xenbits.xen.org:/home/xen/git/linux-pvops.git
++ : git://xenbits.xen.org/linux-pvops.git
++ : tested/linux-3.14
++ : tested/linux-arm-xen
++ '[' xgit://git.kernel.org/pub/scm/linux/kernel/git/stable/linux-stable.git = x ']'
++ '[' xgit://git.kernel.org/pub/scm/linux/kernel/git/stable/linux-stable.git = x ']'
++ : git://git.kernel.org/pub/scm/linux/kernel/git/konrad/xen.git
++ : tested/2.6.39.x
++ : daily-cron.linux-3.18
++ : daily-cron.linux-3.18
++ : daily-cron.linux-3.18
++ : daily-cron.linux-3.18
++ : daily-cron.linux-3.18
++ : daily-cron.linux-3.18
++ : daily-cron.linux-3.18
++ : http://hg.uk.xensource.com/carbon/trunk/linux-2.6.27
++ : git://xenbits.xen.org/qemu-xen.git
++ : osstest@xenbits.xen.org:/home/xen/git/qemu-xen.git
++ : daily-cron.linux-3.18
++ : git://xenbits.xen.org/qemu-xen.git
++ : git://git.qemu.org/qemu.git
+ TREE_LINUX=osstest@xenbits.xen.org:/home/xen/git/linux-pvops.git
+ TREE_QEMU_UPSTREAM=osstest@xenbits.xen.org:/home/xen/git/qemu-xen.git
+ TREE_XEN=osstest@xenbits.xen.org:/home/xen/git/xen.git
+ TREE_LIBVIRT=osstest@xenbits.xen.org:/home/xen/git/libvirt.git
+ TREE_RUMPRUN=osstest@xenbits.xen.org:/home/xen/git/osstest/rumprun.git
+ TREE_SEABIOS=osstest@xenbits.xen.org:/home/xen/git/osstest/seabios.git
+ TREE_OVMF=osstest@xenbits.xen.org:/home/xen/git/osstest/ovmf.git
+ TREE_XTF=osstest@xenbits.xen.org:/home/xen/git/xtf.git
+ info_linux_tree linux-3.18
+ case $1 in
+ : git://git.kernel.org/pub/scm/linux/kernel/git/stable/linux-stable.git
+ : linux-3.18.y
+ : linux-3.18.y
+ : git
+ : git
+ : git://xenbits.xen.org/linux-pvops.git
+ : osstest@xenbits.xen.org:/home/xen/git/linux-pvops.git
+ : tested/linux-3.18
+ : refs/heads/tested/linux-3.18
+ return 0
+ cd /home/osstest/repos/linux
+ git push osstest@xenbits.xen.org:/home/xen/git/linux-pvops.git 53752ea210016b548cfc3898e6a5ea338fcb6c2c:refs/heads/tested/linux-3.18
To osstest@xenbits.xen.org:/home/xen/git/linux-pvops.git
8433e5c..53752ea 53752ea210016b548cfc3898e6a5ea338fcb6c2c -> tested/linux-3.18
+ exit 0
_______________________________________________
Xen-devel mailing list
Xen-devel@lists.xen.org
https://lists.xen.org/xen-devel
reply other threads:[~2017-02-08 15:02 UTC|newest]
Thread overview: [no followups] expand[flat|nested] mbox.gz Atom feed
Reply instructions:
You may reply publicly to this message via plain-text email
using any one of the following methods:
* Save the following mbox file, import it into your mail client,
and reply-to-all from there: mbox
Avoid top-posting and favor interleaved quoting:
https://en.wikipedia.org/wiki/Posting_style#Interleaved_style
* Reply using the --to, --cc, and --in-reply-to
switches of git-send-email(1):
git send-email \
--in-reply-to=osstest-105632-mainreport@xen.org \
--to=osstest-admin@xenproject.org \
--cc=xen-devel@lists.xensource.com \
/path/to/YOUR_REPLY
https://kernel.org/pub/software/scm/git/docs/git-send-email.html
* If your mail client supports setting the In-Reply-To header
via mailto: links, try the mailto: link
Be sure your reply has a Subject: header at the top and a blank line
before the message body.
This is a public inbox, see mirroring instructions
for how to clone and mirror all data and code used for this inbox;
as well as URLs for NNTP newsgroup(s).