* [xen-4.4-testing test] 105815: regressions - FAIL
@ 2017-02-15 23:44 osstest service owner
0 siblings, 0 replies; only message in thread
From: osstest service owner @ 2017-02-15 23:44 UTC (permalink / raw)
To: xen-devel, osstest-admin
flight 105815 xen-4.4-testing real [real]
http://logs.test-lab.xenproject.org/osstest/logs/105815/
Regressions :-(
Tests which did not succeed and are blocking,
including tests which could not be run:
test-amd64-amd64-xl-qemuu-winxpsp3 6 xen-boot fail REGR. vs. 103812
test-armhf-armhf-libvirt-raw 5 xen-install fail REGR. vs. 103812
test-amd64-i386-xend-qemut-winxpsp3 9 windows-install fail REGR. vs. 103812
Regressions which are regarded as allowable (not blocking):
test-xtf-amd64-amd64-2 16 xtf/test-pv32pae-selftest fail like 103812
test-xtf-amd64-amd64-4 16 xtf/test-pv32pae-selftest fail like 103812
test-xtf-amd64-amd64-3 20 xtf/test-hvm32-invlpg~shadow fail like 103812
test-xtf-amd64-amd64-3 32 xtf/test-hvm32pae-invlpg~shadow fail like 103812
test-xtf-amd64-amd64-3 43 xtf/test-hvm64-invlpg~shadow fail like 103812
test-xtf-amd64-amd64-2 53 leak-check/check fail like 103812
test-xtf-amd64-amd64-4 53 leak-check/check fail like 103812
test-xtf-amd64-amd64-1 53 leak-check/check fail like 103812
test-xtf-amd64-amd64-5 53 leak-check/check fail like 103812
test-xtf-amd64-amd64-3 53 leak-check/check fail like 103812
test-amd64-i386-xl-qemuu-win7-amd64 16 guest-stop fail like 103812
test-amd64-amd64-xl-qemuu-win7-amd64 16 guest-stop fail like 103812
Tests which did not succeed, but are not blocking:
test-amd64-amd64-rumprun-amd64 1 build-check(1) blocked n/a
test-amd64-i386-rumprun-i386 1 build-check(1) blocked n/a
test-xtf-amd64-amd64-2 10 xtf-fep fail never pass
test-xtf-amd64-amd64-4 10 xtf-fep fail never pass
test-xtf-amd64-amd64-2 18 xtf/test-hvm32-cpuid-faulting fail never pass
test-xtf-amd64-amd64-4 18 xtf/test-hvm32-cpuid-faulting fail never pass
test-xtf-amd64-amd64-2 30 xtf/test-hvm32pae-cpuid-faulting fail never pass
test-xtf-amd64-amd64-4 30 xtf/test-hvm32pae-cpuid-faulting fail never pass
test-xtf-amd64-amd64-1 10 xtf-fep fail never pass
test-xtf-amd64-amd64-2 36 xtf/test-hvm32pse-cpuid-faulting fail never pass
test-xtf-amd64-amd64-5 10 xtf-fep fail never pass
test-xtf-amd64-amd64-2 40 xtf/test-hvm64-cpuid-faulting fail never pass
test-xtf-amd64-amd64-4 36 xtf/test-hvm32pse-cpuid-faulting fail never pass
test-xtf-amd64-amd64-1 16 xtf/test-pv32pae-selftest fail never pass
test-xtf-amd64-amd64-1 18 xtf/test-hvm32-cpuid-faulting fail never pass
test-xtf-amd64-amd64-4 40 xtf/test-hvm64-cpuid-faulting fail never pass
test-xtf-amd64-amd64-1 30 xtf/test-hvm32pae-cpuid-faulting fail never pass
test-xtf-amd64-amd64-1 36 xtf/test-hvm32pse-cpuid-faulting fail never pass
test-xtf-amd64-amd64-1 40 xtf/test-hvm64-cpuid-faulting fail never pass
build-amd64-rumprun 7 xen-build fail never pass
build-i386-rumprun 7 xen-build fail never pass
test-xtf-amd64-amd64-3 10 xtf-fep fail never pass
test-amd64-i386-libvirt 12 migrate-support-check fail never pass
test-armhf-armhf-xl-vhd 9 debian-di-install fail never pass
test-xtf-amd64-amd64-2 52 xtf/test-hvm64-xsa-195 fail never pass
test-xtf-amd64-amd64-4 52 xtf/test-hvm64-xsa-195 fail never pass
test-xtf-amd64-amd64-1 52 xtf/test-hvm64-xsa-195 fail never pass
test-xtf-amd64-amd64-5 52 xtf/test-hvm64-xsa-195 fail never pass
test-amd64-amd64-libvirt 12 migrate-support-check fail never pass
test-amd64-amd64-qemuu-nested-intel 16 debian-hvm-install/l1/l2 fail never pass
test-xtf-amd64-amd64-3 52 xtf/test-hvm64-xsa-195 fail never pass
test-amd64-amd64-qemuu-nested-amd 16 debian-hvm-install/l1/l2 fail never pass
test-armhf-armhf-xl-arndale 12 migrate-support-check fail never pass
test-armhf-armhf-xl-arndale 13 saverestore-support-check fail never pass
test-amd64-amd64-libvirt-vhd 11 migrate-support-check fail never pass
test-armhf-armhf-xl-multivcpu 12 migrate-support-check fail never pass
test-armhf-armhf-xl-multivcpu 13 saverestore-support-check fail never pass
test-armhf-armhf-libvirt 11 guest-start fail never pass
test-armhf-armhf-xl 12 migrate-support-check fail never pass
test-armhf-armhf-xl 13 saverestore-support-check fail never pass
test-armhf-armhf-xl-credit2 12 migrate-support-check fail never pass
test-armhf-armhf-xl-credit2 13 saverestore-support-check fail never pass
test-armhf-armhf-xl-cubietruck 12 migrate-support-check fail never pass
test-armhf-armhf-xl-cubietruck 13 saverestore-support-check fail never pass
version targeted for testing:
xen b648113f8a77b09c7c52cfd6f1594987e0f33d22
baseline version:
xen 394ddc2de62cbcaf9d28cc7373fde175e6ba3a5d
Last test of basis 103812 2016-12-22 20:15:57 Z 55 days
Testing same since 105815 2017-02-15 12:44:21 Z 0 days 1 attempts
------------------------------------------------------------
People who touched revisions under test:
Jan Beulich <jbeulich@suse.com>
Julien Grall <julien.grall@arm.com>
Oleksandr Tyshchenko <olekstysh@gmail.com>
jobs:
build-amd64-xend pass
build-i386-xend pass
build-amd64-xtf pass
build-amd64 pass
build-armhf pass
build-i386 pass
build-amd64-libvirt pass
build-armhf-libvirt pass
build-i386-libvirt pass
build-amd64-pvops pass
build-armhf-pvops pass
build-i386-pvops pass
build-amd64-rumprun fail
build-i386-rumprun fail
test-xtf-amd64-amd64-1 fail
test-xtf-amd64-amd64-2 fail
test-xtf-amd64-amd64-3 fail
test-xtf-amd64-amd64-4 fail
test-xtf-amd64-amd64-5 fail
test-amd64-amd64-xl pass
test-armhf-armhf-xl pass
test-amd64-i386-xl pass
test-amd64-amd64-qemuu-nested-amd fail
test-amd64-i386-qemut-rhel6hvm-amd pass
test-amd64-i386-qemuu-rhel6hvm-amd pass
test-amd64-amd64-xl-qemut-debianhvm-amd64 pass
test-amd64-i386-xl-qemut-debianhvm-amd64 pass
test-amd64-amd64-xl-qemuu-debianhvm-amd64 pass
test-amd64-i386-xl-qemuu-debianhvm-amd64 pass
test-amd64-i386-freebsd10-amd64 pass
test-amd64-amd64-xl-qemuu-ovmf-amd64 pass
test-amd64-i386-xl-qemuu-ovmf-amd64 pass
test-amd64-amd64-rumprun-amd64 blocked
test-amd64-amd64-xl-qemut-win7-amd64 pass
test-amd64-i386-xl-qemut-win7-amd64 pass
test-amd64-amd64-xl-qemuu-win7-amd64 fail
test-amd64-i386-xl-qemuu-win7-amd64 fail
test-armhf-armhf-xl-arndale pass
test-amd64-amd64-xl-credit2 pass
test-armhf-armhf-xl-credit2 pass
test-armhf-armhf-xl-cubietruck pass
test-amd64-i386-freebsd10-i386 pass
test-amd64-i386-rumprun-i386 blocked
test-amd64-amd64-qemuu-nested-intel fail
test-amd64-i386-qemut-rhel6hvm-intel pass
test-amd64-i386-qemuu-rhel6hvm-intel pass
test-amd64-amd64-libvirt pass
test-armhf-armhf-libvirt fail
test-amd64-i386-libvirt pass
test-amd64-amd64-xl-multivcpu pass
test-armhf-armhf-xl-multivcpu pass
test-amd64-amd64-pair pass
test-amd64-i386-pair pass
test-amd64-amd64-libvirt-pair pass
test-amd64-i386-libvirt-pair pass
test-amd64-amd64-pv pass
test-amd64-i386-pv pass
test-amd64-amd64-amd64-pvgrub pass
test-amd64-amd64-i386-pvgrub pass
test-amd64-amd64-pygrub pass
test-amd64-amd64-xl-qcow2 pass
test-armhf-armhf-libvirt-raw fail
test-amd64-i386-xl-raw pass
test-amd64-i386-xl-qemut-winxpsp3-vcpus1 pass
test-amd64-i386-xl-qemuu-winxpsp3-vcpus1 pass
test-amd64-amd64-libvirt-vhd pass
test-armhf-armhf-xl-vhd fail
test-amd64-i386-xend-qemut-winxpsp3 fail
test-amd64-amd64-xl-qemut-winxpsp3 pass
test-amd64-amd64-xl-qemuu-winxpsp3 fail
------------------------------------------------------------
sg-report-flight on osstest.test-lab.xenproject.org
logs: /home/logs/logs
images: /home/logs/images
Logs, config files, etc. are available at
http://logs.test-lab.xenproject.org/osstest/logs
Explanation of these reports, and of osstest in general, is at
http://xenbits.xen.org/gitweb/?p=osstest.git;a=blob;f=README.email;hb=master
http://xenbits.xen.org/gitweb/?p=osstest.git;a=blob;f=README;hb=master
Test harness code can be found at
http://xenbits.xen.org/gitweb?p=osstest.git;a=summary
Not pushing.
------------------------------------------------------------
commit b648113f8a77b09c7c52cfd6f1594987e0f33d22
Author: Oleksandr Tyshchenko <olekstysh@gmail.com>
Date: Wed Feb 15 12:21:10 2017 +0000
IOMMU: always call teardown callback
There is a possible scenario when (d)->need_iommu remains unset
during guest domain execution. For example, when no devices
were assigned to it. Taking into account that teardown callback
is not called when (d)->need_iommu is unset we might have unreleased
resourses after destroying domain.
So, always call teardown callback to roll back actions
that were performed in init callback.
This is XSA-207.
Signed-off-by: Oleksandr Tyshchenko <olekstysh@gmail.com>
Reviewed-by: Jan Beulich <jbeulich@suse.com>
Tested-by: Jan Beulich <jbeulich@suse.com>
Tested-by: Julien Grall <julien.grall@arm.com>
========================================
_______________________________________________
Xen-devel mailing list
Xen-devel@lists.xen.org
https://lists.xen.org/xen-devel
^ permalink raw reply [flat|nested] only message in thread
only message in thread, other threads:[~2017-02-15 23:44 UTC | newest]
Thread overview: (only message) (download: mbox.gz follow: Atom feed
-- links below jump to the message on this page --
2017-02-15 23:44 [xen-4.4-testing test] 105815: regressions - FAIL osstest service owner
This is a public inbox, see mirroring instructions
for how to clone and mirror all data and code used for this inbox;
as well as URLs for NNTP newsgroup(s).